NOAA-Style Climate Reports


Report for 2011 November
                  MONTHLY CLIMATOLOGICAL SUMMARY FOR 11/2011
                                        HEAT  COOL        
     MEAN                               DEG   DEG       WIND SPEED       DOM MEAN  MEAN
DAY  TEMP  HIGH   TIME     LOW   TIME   DAYS  DAYS RAIN AVG  HI  TIME    DIR BAROM HUM
---------------------------------------------------------------------------------------
1    51.2  67.4   4:24pm  37.1   8:00am   14    0  0.00   1   9   2:31pm  NW  1025   66
2    51.4  67.0   4:25pm  38.8   6:59am   14    0  0.00   1  11   2:32pm   E  1026   68
3    55.0  73.1   3:45pm  40.1   5:52am   11    1  0.56   2  16   2:05pm SSW  1017   75
4    55.5  69.2   4:26pm  45.5   5:42am   10    1  0.00   3  19  12:15am NNW  1012   66
5    50.7  60.0   3:42pm  43.4   6:19am   14    0  0.00   2  22  11:04am   E  1024   60
6    54.1  66.6   3:33pm  45.8   6:33am   11    0  0.00   2  14   9:38am   E  1028   66
7    56.2  70.7   2:51pm  44.6   6:55am   10    1  0.00   0   7   1:27pm  NW  1027   76
8    57.0  71.8   3:10pm  45.7   5:43am    9    1  0.00   0   9   1:54pm  NW  1023   77
9    57.9  69.0   1:53pm  46.1   7:25am    8    1  0.00   0   8  12:34pm SSW  1018   82
10   55.0  60.4  12:25am  44.2  11:21pm   10    0  0.11   3  20  12:38pm  NW  1014   67
11   45.8  57.0   3:40pm  34.2   7:20am   19    0  0.00   2  14  12:02pm  NW  1021   42
12   48.5  64.9   2:01pm  33.3   6:53am   17    0  0.00   1  12  12:49pm SSW  1025   59
13   54.3  70.4   4:02pm  42.1   5:30am   11    1  0.00   1  14   1:24pm SSW  1022   72
14   63.7  76.3   3:21pm  52.7   2:07am    4    3  0.00   1  16  11:51am SSW  1018   70
15   68.4  76.5   2:16pm  59.4   7:23am    1    4  0.03   2  15  12:06pm SSW  1014   77
16   68.6  74.6   1:07pm  64.0  11:59pm    0    4  0.22   2  18   4:22pm SSW  1009   91
17   53.8  64.0  12:00am  39.1  11:55pm   11    0  0.01   4  24   2:06pm NNW  1017   64
18   42.9  54.2   3:01pm  31.4   5:37am   22    0  0.00   1  11  12:20pm   E  1029   55
19   49.7  60.9   3:52pm  40.9   4:18am   15    0  0.00   2   9   6:57am ENE  1028   56
20   58.5  68.6   2:55pm  50.0   6:02am    7    0  0.02   1   7   2:33pm ENE  1026   82
21   63.8  75.3   3:40pm  57.3   5:12am    3    2  0.00   1  10   3:31pm SSW  1023   87
22   67.3  77.8   1:54pm  59.3   4:47am    2    4  0.91   2  18  12:37pm SSW  1017   81
23   59.8  64.8  12:00am  47.2  11:59pm    5    0  0.00   4  23  11:17am  NW  1015   75
24   50.2  65.9   3:34pm  37.8   6:54am   15    0  0.00   1   8  11:55am  NW  1026   69
25   48.9  66.5   3:32pm  34.3   7:07am   16    0  0.00   1   8   1:09pm NNE  1027   66
26   57.3  67.8   3:51pm  46.5  12:00am    8    0  0.00   0   9  11:13pm   E  1024   71
27   65.2  72.4  12:41pm  59.5   3:07am    2    2  0.00   2  21  12:15pm   E  1016   72
28   56.6  65.9  12:00am  43.0  11:58pm    8    0  1.14   3  19   1:51pm SSW  1009   90
29   40.8  43.0  12:00am  39.0   7:40am   24    0  0.02   3  16  12:38pm SSW  1012   87
30   43.4  53.0   3:34pm  36.5  11:51pm   22    0  0.00   3  19  12:18pm  NW  1017   74
---------------------------------------------------------------------------------------
TOT  55.0  77.8 11/22/11  31.4 11/18/11  323   25  3.02   2  24 11/17/11 SSW  1020   71

HEAT BASE: 65.0
COOL BASE: 65.0