NOAA-Style Climate Reports


Report for 2011 October
                  MONTHLY CLIMATOLOGICAL SUMMARY FOR 10/2011
                                        HEAT  COOL        
     MEAN                               DEG   DEG       WIND SPEED       DOM MEAN  MEAN
DAY  TEMP  HIGH   TIME     LOW   TIME   DAYS  DAYS RAIN AVG  HI  TIME    DIR BAROM HUM
---------------------------------------------------------------------------------------
1    59.8  68.8   4:21pm  51.5  11:58pm    6    0  0.00   4  19  11:57am  NW  1014   49
2    57.9  72.8   4:47pm  45.5   8:07am    8    1  0.00   2  15   6:32pm  NW  1017   51
3    61.6  78.4   4:52pm  45.3   6:47am    7    3  0.00   2  15   4:08pm  NW  1019   42
4    64.9  81.4   5:24pm  48.5   7:31am    5    5  0.00   1   7   1:33pm NNW  1022   49
5    67.3  82.7   4:17pm  52.9   7:56am    3    6  0.00   1   8   3:45pm   E  1022   60
6    67.4  81.3   3:52pm  54.1   6:31am    3    5  0.00   1  11  12:07pm ENE  1023   62
7    66.8  79.2   3:57pm  55.1   7:38am    2    4  0.00   1  15  11:40am ENE  1026   60
8    66.3  78.2   4:20pm  56.1   7:39am    2    4  0.00   2  18  11:06am ENE  1027   58
9    67.1  73.9   2:29pm  61.7   5:23am    1    3  0.00   3  18  10:03am   E  1024   63
10   65.1  68.6   1:29am  62.7  12:43pm    1    1  0.19   3  19   2:41am ENE  1018   84
11   61.3  64.7  12:00am  59.5   7:29am    4    0  2.34   2  14   4:38am ENE  1013   93
12   63.9  69.9   5:18pm  59.1   4:11am    2    1  0.01   1   8  12:00am SSW  1009   90
13   65.2  75.0   2:46pm  59.6  11:52pm    1    2  0.19   3  26   4:21pm SSW  1005   87
14   65.3  76.4   4:41pm  56.4   7:49am    3    3  0.01   3  18   3:12pm WNW  1009   65
15   66.6  79.3   4:10pm  56.0   7:45am    3    4  0.00   2  18   2:41pm SSW  1015   51
16   65.7  84.9   4:18pm  49.5   7:47am    5    6  0.00   1  10   4:35pm SSW  1018   57
17   69.4  85.6   2:50pm  53.8   7:52am    3    7  0.00   1  14   1:25pm SSW  1013   60
18   65.4  80.6   1:49pm  54.9   7:30am    3    3  1.24   1  13  12:56pm SSW  1007   83
19   57.0  65.7  12:00am  49.2  11:59pm    8    0  0.35   3  22   1:58pm WNW   999   86
20   50.6  56.8   2:55pm  46.8  11:58pm   14    0  0.00   3  22   4:17am WNW  1011   68
21   51.7  63.9   4:40pm  40.7   7:41am   13    0  0.00   2  16  12:32pm   W  1018   66
22   53.1  67.6   3:58pm  40.7   7:40am   12    0  0.00   1  11  10:55am NNW  1019   69
23   55.4  70.4   4:34pm  42.1   7:05am   10    1  0.00   1   7   2:30pm  NW  1019   73
24   62.0  75.0   4:46pm  51.2   7:13am    5    2  0.00   1  10  12:04pm  NW  1019   67
25   61.7  76.4   4:25pm  48.8   7:55am    6    3  0.00   1   9  12:31pm WNW  1022   66
26   61.8  77.0   3:58pm  46.7   8:01am    6    3  0.00   1  16   3:19pm SSW  1017   66
27   64.8  78.2   3:06pm  53.5   5:33am    4    4  0.00   1  19  11:52am SSW  1012   67
28   59.0  69.7   2:13pm  47.9  11:46pm    6    0  0.12   2  11  10:57am   E  1013   82
29   51.0  61.7   4:06pm  44.7   6:10am   14    0  0.06   3  15  11:45am NNW  1016   67
30   48.2  61.9   3:43pm  35.1   8:10am   17    0  0.00   1  10   1:15pm NNW  1024   63
31   49.4  64.3   4:13pm  37.8   6:25am   16    0  0.00   1   7   4:19pm NNW  1023   70
---------------------------------------------------------------------------------------
TOT  61.1  85.6 10/17/11  35.1 10/30/11  194   72  4.51   2  26 10/13/11  NW  1017   67

HEAT BASE: 65.0
COOL BASE: 65.0