NOAA-Style Climate Reports


Report for 2011 September
                  MONTHLY CLIMATOLOGICAL SUMMARY FOR 9/2011
                                        HEAT  COOL        
     MEAN                               DEG   DEG       WIND SPEED       DOM MEAN  MEAN
DAY  TEMP  HIGH   TIME     LOW   TIME   DAYS  DAYS RAIN AVG  HI  TIME    DIR BAROM HUM
---------------------------------------------------------------------------------------
1    82.4  94.9   4:33pm  70.5   7:02am    0   17  0.00   1   7   1:39pm WNW  1018   61
2    84.3  98.9   3:23pm  70.5   7:20am    0   19  0.00   1  11   3:17pm ESE  1015   55
3    84.2  96.2   4:23pm  72.5   7:43am    0   19  0.00   1  10   8:58pm NNW  1012   59
4    79.6  87.2   3:41pm  70.9  11:57pm    0   15  0.04   2  14   8:33pm ESE  1011   67
5    74.4  84.8   3:50pm  70.7   2:45am    0    9  0.26   1  11   2:15pm ESE  1005   90
6    69.0  77.3   2:38am  61.4  11:12pm    0    4  0.01   4  23  10:57am ESE  1005   81
7    65.5  74.3   4:10pm  59.8   4:21am    2    2  0.00   2   9   2:17am ESE  1012   81
8    69.0  79.1   2:24pm  59.6   7:07am    1    5  0.00   1   9   8:00pm  SW  1011   73
9    69.5  82.8   3:46pm  57.3   7:09am    2    6  0.00   2  17   2:28pm  SW  1012   67
10   72.6  87.5   3:27pm  58.0   7:37am    1    9  0.00   1  13   3:23pm  SW  1014   57
11   73.9  88.4   3:53pm  59.2   7:20am    1   10  0.00   1  13   1:44pm WSW  1016   54
12   76.0  89.3   1:46pm  63.6   7:29am    0   11  0.00   1  14   4:53pm WSW  1016   55
13   76.4  91.0   3:25pm  63.0   7:55am    0   12  0.00   0   7   1:03pm WSW  1015   58
14   78.3  93.7   4:09pm  64.6   7:06am    0   13  0.00   1  11   5:52pm NNW  1013   54
15   77.0  89.4   1:36pm  67.6   6:56am    0   12  0.00   2  15   2:14pm  NW  1011   60
16   65.7  69.6   2:07am  60.2  11:35pm    1    1  0.00   3  18  11:16am   E  1020   63
17   64.5  75.6   5:06pm  57.1   7:15am    3    3  0.00   2  13   1:38am   E  1023   65
18   66.1  76.1   3:33pm  60.0   3:18am    2    3  0.00   1  11   9:02am   E  1023   72
19   67.7  74.6   4:25pm  63.0   7:39am    0    3  0.00   2  10  11:05am   E  1020   69
20   69.4  77.5   4:34pm  62.7   5:46am    0    5  0.01   1  10   3:04pm ENE  1018   79
21   75.2  86.1   5:10pm  69.0   3:39am    0   10  0.17   1   8   3:02pm SSW  1016   82
22   73.6  79.5   3:23pm  68.7   9:26am    0    9  0.17   1   8   8:38am ESE  1017   87
23   74.7  84.5   4:03pm  68.2   7:57am    0   10  0.30   1  12  12:39pm  NW  1014   78
24   74.3  86.0   3:52pm  65.7   7:07am    0    9  0.00   1  11   1:30pm  NW  1013   66
25   73.4  86.9   1:33pm  62.0   5:47am    0    9  0.00   1  13   6:57pm   E  1013   71
26   76.5  87.4   4:29pm  70.0   7:25am    0   11  0.00   2  14   2:56pm SSW  1011   76
27   75.2  87.2   3:21pm  67.4   7:25am    0   10  0.01   1  16  11:55am  SW  1011   74
28   73.0  81.2   4:49pm  64.2   7:47am    0    8  0.00   1  13   2:41pm  NW  1010   77
29   73.7  86.5   3:28pm  61.3   7:39am    0    9  0.01   1  14   2:13pm  NW  1010   67
30   70.2  80.7   3:07pm  61.6  11:56pm    0    5  0.00   3  19   3:36pm  NW  1009   57
---------------------------------------------------------------------------------------
TOT  73.5  98.9   9/2/11  57.1  9/17/11   15  270  0.98   1  23   9/6/11 ESE  1014   68

HEAT BASE: 65.0
COOL BASE: 65.0