NOAA-Style Climate Reports


Report for 2011 August
                  MONTHLY CLIMATOLOGICAL SUMMARY FOR 8/2011
                                        HEAT  COOL        
     MEAN                               DEG   DEG       WIND SPEED       DOM MEAN  MEAN
DAY  TEMP  HIGH   TIME     LOW   TIME   DAYS  DAYS RAIN AVG  HI  TIME    DIR BAROM HUM
---------------------------------------------------------------------------------------
1    83.7  95.4   4:38pm  74.3   6:59am    0   19  0.00   1   9   4:34pm  NW  1014   72
2    87.5  99.5   2:58pm  75.3   7:11am    0   22  0.00   1  13   2:47pm WSW  1011   61
3    88.7 100.6   3:26pm  75.3   7:02am    0   24  0.00   2  16   1:27pm  SW  1008   58
4    86.4  96.7   2:55pm  76.7   7:08am    0   21  0.00   4  21   3:04am WSW  1009   65
5    83.6  98.3   4:12pm  75.8   6:41am    0   19  0.00   1  18   6:24pm WSW  1012   73
6    81.4  95.2   3:56pm  75.0   2:16am    0   16  0.00   1  12   3:10pm ESE  1013   77
7    80.4  90.7   5:33pm  75.5   9:55pm    0   15  0.02   2  20   8:07pm ESE  1010   82
8    84.0  98.8   5:02pm  74.0   5:47am    0   19  0.00   2  14   2:24pm ESE  1008   70
9    83.0  94.2   4:01pm  75.1   7:19am    0   18  0.00   3  21   5:23pm ESE  1006   67
10   85.4 100.2   5:09pm  72.6   7:11am    0   20  0.00   2  13   4:19pm WSW  1007   55
11   86.9  97.6   2:53pm  78.1   7:07am    0   22  0.00   2  15   2:53pm WSW  1008   51
12   82.8  94.9   3:49pm  70.4  11:58pm    0   18  0.21   2  16  10:28pm  NW  1012   66
13   78.4  92.2   2:33pm  69.4   4:36am    0   13  0.02   1   9   2:34pm ESE  1013   80
14   82.1  94.9   3:30pm  72.7   5:25am    0   17  0.01   2  20   4:42pm WSW  1009   66
15   79.7  90.5   2:57pm  68.5   7:06am    0   15  0.00   4  15   5:29pm WSW  1009   56
16   79.7  93.3   3:47pm  67.5   7:30am    0   15  0.00   1   9   1:51pm   W  1013   53
17   81.7  94.7   3:08pm  70.3   7:30am    0   17  0.00   1  10   1:00pm  NW  1017   57
18   80.7  95.4   2:58pm  72.2   7:01pm    0   16  0.75   1  11  12:40pm   E  1015   63
19   82.0  95.8   5:32pm  70.4   6:59am    0   17  0.00   1  12   2:29pm ESE  1011   67
20   80.5  97.2   3:32pm  73.4   7:31am    0   15  0.78   1  22   4:41pm ESE  1013   73
21   81.1  93.9   5:17pm  71.2   7:11am    0   16  0.00   1  17   9:07pm ESE  1014   74
22   84.6  98.2   3:33pm  73.1   4:55am    0   20  0.00   2  18   4:53pm   W  1012   59
23   80.1  91.3   5:15pm  70.3   6:58am    0   15  0.00   1  14  11:05am  NW  1014   50
24   79.4  93.3   4:57pm  66.8   7:16am    0   14  0.00   1   7   5:24pm  NW  1015   61
25   82.4  95.6   3:56pm  69.4   7:29am    0   17  0.00   0   7  10:26am   E  1013   62
26   84.2  96.1   3:27pm  72.5   7:13am    0   19  0.00   1   8   1:28pm  NW  1009   63
27   85.0  97.0   4:02pm  75.3   7:20am    0   20  0.00   2  16   5:37pm WSW  1003   57
28   81.7  97.6   4:58pm  65.0   7:23am    0   17  0.00   1  12   4:25pm WSW  1003   45
29   81.3  93.3   5:47pm  69.3   8:11am    0   16  0.00   2  11   3:04pm  NW  1008   49
30   79.0  90.6   4:16pm  70.9   7:32am    0   14  0.00   2  13   7:28am  NW  1014   67
31   81.0  92.0   3:51pm  72.6   6:54am    0   16  0.00   1  10  10:41am  NW  1018   66
---------------------------------------------------------------------------------------
TOT  82.5 100.6   8/3/11  65.0  8/28/11    0  543  1.79   2  21   8/4/11 WSW  1011   63

HEAT BASE: 65.0
COOL BASE: 65.0