NOAA-Style Climate Reports


Report for 2011 July
                  MONTHLY CLIMATOLOGICAL SUMMARY FOR 7/2011
                                        HEAT  COOL        
     MEAN                               DEG   DEG       WIND SPEED       DOM MEAN  MEAN
DAY  TEMP  HIGH   TIME     LOW   TIME   DAYS  DAYS RAIN AVG  HI  TIME    DIR BAROM HUM
---------------------------------------------------------------------------------------
1    83.9  95.0   4:37pm  73.1   6:16am    0   19  0.00   1   8   2:01pm SSE  1014   61
2    84.1  96.7   5:19pm  72.8   6:37am    0   19  0.00   1   9   4:47pm NNE  1015   62
3    81.5  94.9   3:00pm  73.1   7:12am    0   17  0.00   2  13   3:20pm   N  1014   68
4    77.6  95.1   2:12pm  71.7   6:42am    0   13  0.02   1  19   2:21pm   N  1013   80
5    78.6  92.9   3:55pm  69.3   6:06am    0   14  0.04   2  11   6:44pm   N  1013   76
6    81.3  92.6   3:43pm  71.3   6:36am    0   16  0.00   1  12   5:38pm  SE  1014   71
7    82.4  95.2   4:36pm  71.9   5:33am    0   17  0.00   1  11   6:49pm   N  1012   69
8    83.3  96.0   4:36pm  73.6   6:42am    0   18  0.00   1  12   7:02pm   N  1009   69
9    82.4  95.4   3:41pm  75.0   6:37am    0   17  0.00   2  16   8:14pm   N  1010   76
10   80.9  91.8   5:42pm  73.1   5:01am    0   16  0.00   1   8   2:40pm  SW  1014   81
11   85.0  96.2   4:35pm  75.5   6:48am    0   20  0.00   1  11   5:28pm   N  1014   73
12   86.4  98.2   4:08pm  76.6   6:53am    0   21  0.00   1  11   4:58pm   N  1012   72
13   85.4  97.7   1:51pm  78.7   6:23am    0   20  0.00   1  18   2:38pm   N  1009   72
14   78.7  84.7   8:27pm  75.8   6:36am    0   13  0.00   1  10   9:38pm  SW  1011   83
15   74.6  77.8   3:13pm  68.7  11:55pm    0   10  0.00   2  14  12:36pm  SW  1014   83
16   75.6  86.7   5:47pm  67.6   4:44am    0   11  0.00   3  13   5:25pm  SW  1017   70
17   77.9  89.0   3:36pm  68.9   7:02am    0   13  0.00   1  10   1:27pm  SW  1020   68
18   79.5  91.9   4:29pm  69.7   5:36am    0   14  0.00   1  13   6:25pm   N  1017   70
19   84.3  97.2   3:59pm  72.3   6:40am    0   19  0.00   1  10   2:28pm ESE  1012   66
20   83.6  97.6   2:55pm  76.2   9:15pm    0   19  0.00   2  21   5:39pm   N  1010   72
21   83.0  95.2   4:42pm  73.5   5:35am    0   18  0.00   2  16   9:13pm   N  1011   77
22   86.1  98.0   4:49pm  75.1   6:39am    0   21  0.00   2  13   5:14pm NNE  1014   66
23   86.6  97.7   4:37pm  75.6   6:32am    0   22  0.00   2  15   3:37pm   N  1016   64
24   85.4  95.5   4:55pm  75.7   7:00am    0   20  0.00   2  16   2:01pm   N  1016   65
25   83.5  92.7   4:19pm  76.6   6:41am    0   18  0.00   2  15   1:20pm   N  1011   71
26   84.2  97.6   5:09pm  73.8   5:07am    0   19  0.00   1  11  12:38am ESE  1008   67
27   85.7 100.3   3:12pm  73.5   6:42am    0   21  0.01   1  11   9:32pm ESE  1012   64
28   84.0  96.7   4:27pm  75.1   3:40am    0   19  0.00   2  13   1:35pm ESE  1016   70
29   85.8  97.6   4:49pm  75.5   4:47am    0   21  0.00   4  15   3:48pm ESE  1016   65
30   85.0  99.4   1:34pm  78.4  11:59pm    0   20  0.02   2  22   5:04pm  SW  1015   67
31   83.8  99.3   2:31pm  76.2   5:39am    0   19  0.02   1  21   5:18pm   W  1014   75
---------------------------------------------------------------------------------------
TOT  82.6 100.3  7/27/11  67.6  7/16/11    0  544  0.11   2  22  7/30/11   N  1013   71

HEAT BASE: 65.0
COOL BASE: 65.0