NOAA-Style Climate Reports


Report for 2011 June
                  MONTHLY CLIMATOLOGICAL SUMMARY FOR 6/2011
                                        HEAT  COOL        
     MEAN                               DEG   DEG       WIND SPEED       DOM MEAN  MEAN
DAY  TEMP  HIGH   TIME     LOW   TIME   DAYS  DAYS RAIN AVG  HI  TIME    DIR BAROM HUM
---------------------------------------------------------------------------------------
1    85.9  99.2   3:37pm  72.9   6:53am    0   21  0.00   1  10  12:45pm ESE  1019   62
2    85.9  97.4   3:33pm  74.8   6:27am    0   21  0.00   1  12   3:36pm ESE  1016   61
3    84.6  96.7   5:32pm  75.5   6:57am    0   20  0.00   1  12   2:49pm  SE  1016   63
4    83.4  95.2   4:27pm  71.4   6:36am    0   18  0.00   1  11   4:11pm ESE  1018   58
5    84.7  96.9   3:01pm  72.4   6:30am    0   20  0.00   1  14   6:06pm  SE  1014   56
6    82.6  93.8   4:29pm  71.8   6:59am    0   18  0.00   1  11   2:30pm  SW  1013   59
7    82.5  93.9   5:46pm  70.3   6:37am    0   17  0.00   1  10   1:08pm   N  1015   56
8    81.9  95.7   5:37pm  70.7   6:49am    0   17  0.00   1  16   6:54pm   N  1015   56
9    80.9  98.0   3:37pm  71.8   6:57am    0   16  0.00   1  19   4:41pm   N  1014   63
10   80.4  94.4   2:24pm  69.1   6:37am    0   15  0.03   1  13   4:19pm  SE  1013   67
11   78.8  95.2   3:03pm  69.4   6:06am    0   14  0.33   1  43   7:39pm ESE  1012   69
12   79.0  94.5   3:29pm  67.6   7:18am    0   14  0.01   1  14   7:47pm  SE  1012   71
13   81.3  92.7   5:21pm  69.1   6:19am    0   16  0.00   2  18   1:53pm ESE  1011   62
14   80.1  92.0   3:58pm  67.8   6:59am    0   15  0.00   2  19   5:22pm  SE  1012   53
15   77.4  94.3   4:03pm  65.2   8:01pm    0   12  0.55   1  36   7:41pm SSW  1012   58
16   75.8  89.3   4:29pm  64.8   4:23am    0   11  0.51   2  14   1:09pm   N  1012   73
17   76.6  87.7   5:26pm  69.1   6:33am    0   12  0.05   1  23   6:56pm   N  1013   76
18   75.9  91.7   4:42pm  67.6   6:32am    0   11  0.03   2  27   6:36pm   N  1014   80
19   81.0  94.0   4:30pm  68.6   3:53am    0   16  0.00   2  14  12:50pm   N  1012   73
20   85.7  96.3   4:01pm  75.9   5:41am    0   21  0.00   2  11   9:36am   N  1011   64
21   85.1  98.0   3:57pm  74.4   5:54am    0   20  0.00   1  16   5:42pm   N  1012   61
22   78.7  93.3   4:11pm  71.2  11:49pm    0   14  0.09   2  23   5:48pm   N  1014   71
23   76.1  83.9   3:45pm  71.0  12:11am    0   11  0.04   2  13   8:43am   N  1012   85
24   78.1  92.0   4:55pm  69.3   9:44pm    0   13  0.02   3  18   6:52pm   N  1010   78
25   78.4  90.8   4:35pm  68.2   4:35am    0   13  0.02   2  14   3:36pm ESE  1012   71
26   80.6  93.8   3:39pm  70.5  11:59pm    0   16  0.01   1  21   8:24pm  SE  1013   70
27   79.7  92.6   3:52pm  69.3   2:37am    0   15  0.00   2  12   1:30pm   N  1014   75
28   82.8  93.2   3:20pm  75.5   6:58am    0   18  0.00   2  24   4:11pm   N  1013   68
29   81.9  92.3   5:12pm  71.8   6:24am    0   17  0.00   1  11   2:17am  SE  1013   66
30   82.7  92.0   3:27pm  72.4   6:55am    0   18  0.00   1   9  10:17am SSW  1013   66
---------------------------------------------------------------------------------------
TOT  80.9  99.2   6/1/11  64.8  6/16/11    0  478  1.69   1  28  6/11/11 ESE  1013   66

HEAT BASE: 65.0
COOL BASE: 65.0