NOAA-Style Climate Reports


Report for 2011 May
                  MONTHLY CLIMATOLOGICAL SUMMARY FOR 5/2011
                                        HEAT  COOL        
     MEAN                               DEG   DEG       WIND SPEED       DOM MEAN  MEAN
DAY  TEMP  HIGH   TIME     LOW   TIME   DAYS  DAYS RAIN AVG  HI  TIME    DIR BAROM HUM
---------------------------------------------------------------------------------------
1    70.6  83.3   3:43pm  58.3   6:09am    1    7  0.00   1  10  11:03am WNW  1020   61
2    71.7  82.6   4:19pm  61.7   6:49am    0    7  0.00   1  12   6:09pm   N  1021   70
3    71.0  84.8   3:03pm  55.6  11:58pm    1    7  0.16   4  24   6:51pm   N  1017   73
4    58.6  69.4   3:46pm  48.6   6:54am    7    1  0.06   4  18   1:21pm ESE  1021   59
5    56.8  70.5   4:35pm  41.1   6:42am    9    1  0.00   1  12   9:34am  SE  1023   58
6    62.4  75.4   5:23pm  48.2   5:24am    5    3  0.00   2  17   1:41pm ESE  1016   61
7    66.2  80.6   5:32pm  49.7   6:49am    4    5  0.00   2  14   4:04pm   N  1014   58
8    72.1  85.0   4:51pm  57.1   6:23am    2    9  0.00   2  17   3:58pm ESE  1012   61
9    75.3  87.1   3:06pm  63.2   6:43am    0   10  0.00   1   8   6:14pm ESE  1012   67
10   78.7  92.2   4:07pm  64.5   6:39am    0   14  0.00   1  13   3:14pm   N  1011   64
11   79.9  92.2   4:58pm  67.4   7:09am    0   15  0.00   1  10   1:08pm   N  1012   61
12   77.8  90.8   4:46pm  65.9   7:56am    0   13  0.00   1   8  10:12am  SE  1013   69
13   76.3  89.4   4:02pm  65.8   6:45am    0   11  0.00   2  23   5:44pm   N  1009   65
14   70.7  80.7   4:59pm  63.6   6:06am    0    6  0.02   2  15   9:29pm   N  1004   71
15   64.5  73.6   1:51pm  58.0   6:51am    2    2  0.00   4  24   5:41pm ESE  1004   68
16   59.3  66.0   4:24pm  53.6   6:40am    6    0  0.00   2  14  12:27am ESE  1004   77
17   58.3  69.3   1:13pm  49.7   6:40am    7    0  0.00   3  18   6:55pm ESE  1004   69
18   60.1  73.0   5:45pm  47.8   6:21am    6    1  0.00   2  13   5:46pm ESE  1009   63
19   66.9  81.4   3:58pm  53.7   6:41am    4    6  0.00   1  11   9:32am ESE  1015   59
20   73.5  89.1   3:20pm  58.0   5:51am    2   10  0.00   1  11   1:48pm  SE  1016   59
21   77.9  92.4   3:51pm  62.7   6:28am    0   13  0.00   1  14   1:52pm ESE  1014   59
22   81.1  95.6   4:41pm  66.1   6:42am    0   16  0.00   1  13   6:13pm   N  1014   56
23   80.6  93.6   4:20pm  65.8   6:01am    0   16  0.00   1  15   3:15pm   N  1013   54
24   81.9  92.4   2:20pm  70.4   6:37am    0   17  0.00   2  19   4:50pm   N  1012   53
25   81.4  94.0   3:50pm  67.1   6:40am    0   16  0.00   2  19  11:33am   N  1012   55
26   77.8  91.5   3:46pm  64.8  11:54pm    0   13  0.08   3  40   7:18pm   N  1011   60
27   71.3  83.0   5:53pm  63.8   3:36am    0    6  0.67   1   8   5:33am   W  1011   83
28   75.1  86.2   3:33pm  66.9   4:13am    0   10  0.00   1   7   3:36pm   W  1012   76
29   80.3  93.8   3:48pm  67.9   6:39am    0   15  0.00   1   8   2:36pm   W  1017   67
30   81.5  92.9   3:51pm  70.6   6:30am    0   16  0.00   1   9   1:54pm   N  1020   64
31   82.6  94.2   5:25pm  69.4   6:31am    0   18  0.00   1  10   9:20am ESE  1021   65
---------------------------------------------------------------------------------------
TOT  72.3  95.6  5/22/11  41.1   5/5/11   57  284  0.99   2  37  5/26/11 ESE  1013   64

HEAT BASE: 65.0
COOL BASE: 65.0