NOAA-Style Climate Reports


Report for 2011 April
                  MONTHLY CLIMATOLOGICAL SUMMARY FOR 4/2011
                                        HEAT  COOL        
     MEAN                               DEG   DEG       WIND SPEED       DOM MEAN  MEAN
DAY  TEMP  HIGH   TIME     LOW   TIME   DAYS  DAYS RAIN AVG  HI  TIME    DIR BAROM HUM
---------------------------------------------------------------------------------------
1    50.4  59.9   4:13pm  42.0   7:17am   15    0  0.00   3  20   3:47pm  NW  1008   63
2    57.4  70.6   5:37pm  43.7   6:28am    9    1  0.01   4  28  12:22pm  NW  1013   52
3    62.9  79.7   4:51pm  43.6   7:20am    7    5  0.00   1  16   6:19pm SSW  1017   45
4    70.0  85.1   3:58pm  52.1   7:44am    3    8  0.00   4  24   4:00pm SSW  1010   54
5    55.5  74.7  12:00am  46.2   7:31am   10    0  0.85   5  32   3:47am  NW  1009   54
6    56.1  72.5   4:48pm  39.8   6:20am   10    1  0.00   2  14   4:49pm SSW  1020   45
7    62.8  76.9   4:07pm  46.2   7:21am    6    3  0.00   1  15   2:47pm  SW  1018   53
8    70.3  80.2   4:02pm  60.3   6:48am    1    6  0.00   3  16   3:49pm  SW  1016   69
9    76.1  87.1   5:35pm  65.2   6:40am    0   11  0.00   2  18   4:31pm  SW  1016   71
10   75.8  89.1   4:41pm  63.2   7:30am    0   11  0.00   2  13   2:37pm  SW  1016   63
11   73.3  83.9   5:19pm  62.9   5:23am    0    8  0.00   3  18   2:01pm   N  1012   66
12   64.1  75.5  12:07am  55.7  11:56pm    3    2  0.09   3  25   1:28am ESE  1009   65
13   63.7  78.7   5:41pm  50.2   7:18am    5    4  0.00   2  11   1:51am ESE  1014   50
14   64.2  79.3   4:29pm  49.3   7:09am    5    4  0.00   1  10   3:38pm  SE  1015   53
15   66.3  74.9   4:33pm  56.3   7:13am    2    4  0.19   2  19   9:26pm WNW  1014   70
16   63.3  69.7   3:10pm  54.1  11:58pm    2    1  0.17   4  25   2:51pm   N  1008   65
17   59.9  75.8   5:20pm  45.4   7:09am    7    2  0.00   2  12  12:46am ESE  1015   50
18   64.8  80.1   4:38pm  48.0   7:27am    5    5  0.00   1  15   2:48pm   N  1016   57
19   72.5  87.6   4:48pm  60.1   7:21am    1    9  0.00   3  18   5:28pm   N  1016   50
20   72.3  81.1   2:34pm  60.6   7:17am    0    8  0.00   2  15   1:49pm   N  1017   61
21   73.0  84.3   3:46pm  63.7   7:06am    0    8  0.00   2  24   4:19am   N  1019   64
22   60.3  69.9  12:00am  53.9  11:55pm    5    0  0.99   2  13   6:44am SSW  1020   89
23   61.5  75.9   5:50pm  52.8   3:04am    6    2  0.02   1  10   3:20pm SSW  1021   87
24   71.9  86.4   3:51pm  57.7   7:13am    2    9  0.01   2  13  12:09pm   N  1019   71
25   75.0  87.5   3:19pm  65.3   6:38am    0   10  0.00   2  14   4:20pm   N  1015   70
26   74.6  84.4   5:08pm  65.5   6:21am    0   10  0.00   3  16   1:25pm   N  1011   70
27   76.0  86.0   4:52pm  67.0   6:43am    0   11  0.00   3  25  11:33pm   N  1008   71
28   69.0  78.8  12:00am  59.2  11:58pm    0    4  0.27   4  25  12:00am ESE  1010   65
29   65.4  77.8   3:39pm  51.7   6:57am    4    4  0.00   2  18   1:52pm ESE  1015   53
30   67.3  82.1   4:57pm  50.2   6:58am    4    6  0.00   1  11   1:18pm ESE  1017   57
---------------------------------------------------------------------------------------
TOT  66.5  89.1  4/10/11  39.8   4/6/11  111  157  2.60   2  28   4/2/11   N  1014   62

HEAT BASE: 65.0
COOL BASE: 65.0