NOAA-Style Climate Reports


Report for 2011 March
                  MONTHLY CLIMATOLOGICAL SUMMARY FOR 3/2011
                                        HEAT  COOL        
     MEAN                               DEG   DEG       WIND SPEED       DOM MEAN  MEAN
DAY  TEMP  HIGH   TIME     LOW   TIME   DAYS  DAYS RAIN AVG  HI  TIME    DIR BAROM HUM
---------------------------------------------------------------------------------------
1    56.1  64.6   4:16pm  47.6   7:50am    9    0  0.01   2  15   2:38am NNW  1020   64
2    54.3  69.7   3:27pm  38.4   6:50am   11    0  0.00   1  10   1:02pm SSW  1024   61
3    57.0  67.1   2:26pm  49.1   2:31am    8    0  0.00   3  17   8:49am   E  1026   48
4    45.6  52.4  12:00am  40.1  10:51am   19    0  0.12   3  13   4:47am ENE  1030   73
5    53.6  59.2   3:37pm  47.8  12:02am   11    0  0.47   1   9   1:01pm ESE  1021   89
6    52.9  59.2   3:31am  39.9  11:58pm   12    0  0.53   4  21   3:25pm NNW  1011   81
7    46.7  57.6   3:55pm  35.3   6:46am   18    0  0.00   2  10  12:00am NNW  1019   61
8    51.7  59.8   2:15pm  41.6   7:14am   13    0  0.00   3  16  11:53am ENE  1025   55
9    54.7  59.1  11:09am  53.1   6:33am   10    0  1.06   2  19   8:49am ENE  1018   84
10   50.8  57.2   5:54am  43.2  11:54pm   14    0  0.19   5  28   1:21pm  NW  1014   77
11   46.8  55.7   4:37pm  40.2   7:15am   18    0  0.00   4  21   9:59am NNW  1020   53
12   56.0  73.1   3:18pm  37.7   6:16am   11    2  0.00   2  18   3:03pm  SW  1021   48
13   62.8  76.3   3:14pm  47.4   7:55am    5    3  0.00   2  15   3:49pm  NW  1021   53
14   63.1  75.0   4:35pm  51.9   6:11am    5    3  0.00   1  14  11:09pm ESE  1020   64
15   50.6  61.9  12:00am  47.0  11:36pm   14    0  1.02   2  16   6:55am ENE  1021   85
16   53.8  66.0   4:35pm  46.1   4:12am   11    0  0.00   2  15  10:05am NNW  1022   74
17   58.1  76.3   5:19pm  40.8   7:42am    9    3  0.00   1  11   5:22pm NNW  1024   62
18   68.4  83.1   4:39pm  51.2   7:38am    3    7  0.00   2  17   1:16pm  SW  1021   52
19   71.8  83.6   5:47pm  58.9   7:41am    1    8  0.00   1  14   9:54pm NNW  1020   58
20   60.6  66.8  12:12am  58.4   7:48am    4    0  0.00   2  15   8:55am ENE  1027   69
21   66.2  78.7   5:20pm  57.5   6:26am    3    4  0.00   2  17   4:14pm SSW  1024   63
22   70.7  83.8   5:08pm  56.0   7:32am    2    7  0.00   2  17  12:26pm  SW  1016   50
23   70.4  78.6   5:15pm  60.9   7:35am    1    6  0.00   4  23  12:38pm  SW  1008   56
24   60.1  72.8  12:39am  48.3  11:56pm    5    0  0.07   5  29  12:54am NNW  1008   54
25   53.7  67.7   5:41pm  39.7   7:29am   12    0  0.00   2  10   9:45am NNW  1014   57
26   55.2  59.2   1:16am  47.2  11:57pm   10    0  0.62   1  17  11:00pm   E  1010   78
27   47.3  49.2   4:14pm  45.2  11:59pm   18    0  0.62   1  11   6:44am ENE  1011   92
28   45.2  49.0   4:11pm  42.2   7:14am   20    0  1.39   2  14  12:59am ENE  1016   89
29   50.9  58.6   3:22pm  43.2   1:30am   14    0  0.00   1  10  11:04am   E  1020   78
30   53.7  55.9   2:44pm  51.4   7:34am   11    0  0.55   1  14   5:50am ENE  1011   92
31   53.8  62.8   2:48pm  46.4  11:30pm   11    0  0.02   2  22   7:07pm NNW  1005   81
---------------------------------------------------------------------------------------
TOT  56.2  83.8  3/22/11  35.3   3/7/11  315   43  6.67   2  27  3/24/11 ENE  1018   68

HEAT BASE: 65.0
COOL BASE: 65.0