NOAA-Style Climate Reports


Report for 2011 February
                  MONTHLY CLIMATOLOGICAL SUMMARY FOR 2/2011
                                        HEAT  COOL        
     MEAN                               DEG   DEG       WIND SPEED       DOM MEAN  MEAN
DAY  TEMP  HIGH   TIME     LOW   TIME   DAYS  DAYS RAIN AVG  HI  TIME    DIR BAROM HUM
---------------------------------------------------------------------------------------
1    43.4  47.9   8:36pm  41.4   5:37am   22    0  1.24   2  13  10:42pm ENE  1019   91
2    43.7  46.9   7:02am  36.9  11:55pm   21    0  0.00   3  18   9:35am NNW  1018   76
3    38.5  44.0   3:11pm  33.4   6:28am   26    0  0.02   2  12   2:40am ENE  1027   63
4    37.3  39.0   1:15am  35.4   9:01am   28    0  1.62   2  11   1:26pm ENE  1023   90
5    42.4  52.3   3:50pm  35.9  11:58pm   23    0  0.46   2  18  12:48pm  SW  1012   81
6    41.9  55.9   3:24pm  30.8   6:32am   23    0  0.00   1  12  10:15am WSW  1016   68
7    40.5  49.5   2:42pm  31.9   5:55am   25    0  0.06   1  19  10:49pm SSW  1012   81
8    40.4  48.7   3:33pm  34.1   7:45am   25    0  0.00   3  21  12:03am NNW  1020   59
9    38.0  47.3   2:31pm  28.0   5:21am   27    0  0.01   1  13   9:40am NNW  1022   52
10   38.8  47.6   2:53pm  33.4   1:39am   26    0  0.19   2  11   9:42am NNW  1019   78
11   39.0  50.9   3:42pm  29.8   4:16am   26    0  0.00   1  12   1:28pm NNW  1021   62
12   43.3  57.1   3:16pm  31.7   7:27am   22    0  0.00   2  18   1:30pm  NW  1025   37
13   49.1  64.3   4:19pm  31.9   7:28am   16    0  0.00   2  15   1:44pm  SW  1024   46
14   54.7  68.2   3:18pm  40.0   7:28am   11    0  0.00   3  22   2:59pm SSW  1019   42
15   52.3  63.0   4:03pm  40.1   7:23am   13    0  0.00   2  14  10:52am NNW  1025   41
16   52.0  65.5   3:08pm  40.7   6:25am   13    0  0.00   1   7  12:34pm ENE  1026   59
17   58.7  71.3   3:47pm  47.3   5:52am    7    1  0.00   2  17   1:52pm SSW  1023   72
18   60.1  72.0   3:35pm  47.2   5:07am    6    1  0.00   2  17   1:43pm  SW  1021   74
19   62.8  74.7   3:12pm  50.7   7:17am    4    2  0.00   1   7  12:01pm  NW  1021   62
20   56.6  62.0   3:35pm  52.1  11:59pm    8    0  0.00   2  11   9:03am ENE  1021   29
21   59.4  71.6   4:41pm  44.2   6:40am    7    1  0.00   3  21  12:58pm  SW  1012   59
22   64.7  72.8   2:21pm  53.2  11:59pm    2    2  0.00   4  24   4:58pm NNW  1013   53
23   52.1  62.7   4:30pm  42.5   7:02am   13    0  0.00   2  10   5:31am ENE  1022   62
24   55.1  65.8   3:50pm  46.4   3:36am   10    0  0.00   1  11  11:51pm   E  1019   72
25   61.5  70.4   1:31pm  49.0  11:54pm    4    1  0.27   5  22   4:16am SSW  1011   68
26   52.0  65.8   4:09pm  41.6   7:26am   13    0  0.00   2  12   8:05am NNW  1019   62
27   61.0  77.8   3:37pm  41.6   6:16am    8    4  0.00   2  17   2:14pm SSW  1016   69
28   65.4  75.3   2:11pm  57.2  11:56pm    2    2  1.02   3  24   4:53pm SSW  1012   79
---------------------------------------------------------------------------------------
TOT  50.2  77.8  2/27/11  28.0   2/9/11  430   15  4.89   2  23  2/22/11 NNW  1019   64

HEAT BASE: 65.0
COOL BASE: 65.0