NOAA-Style Climate Reports


Report for 2011 January
                  MONTHLY CLIMATOLOGICAL SUMMARY FOR 1/2011
                                        HEAT  COOL        
     MEAN                               DEG   DEG       WIND SPEED       DOM MEAN  MEAN
DAY  TEMP  HIGH   TIME     LOW   TIME   DAYS  DAYS RAIN AVG  HI  TIME    DIR BAROM HUM
---------------------------------------------------------------------------------------
1    56.6  64.5  12:50pm  51.6   1:19am    8    0  0.72   0   0  12:00am   N  1019   93
2    52.0  59.5   1:22am  34.7  11:57pm   13    0  0.05   0   0  12:00am   N  1019   69
3    37.8  52.5   3:45pm  26.7   7:24am   27    0  0.00   0   0  12:00am   N  1024   56
4    42.4  58.6   3:55pm  29.5   8:07am   23    0  0.00   0   0  12:00am   N  1020   58
5    43.1  49.9   2:40pm  34.4   5:04am   22    0  0.24   0   0  12:00am   N  1013   76
6    43.4  52.8   2:12pm  38.2  11:57pm   22    0  0.00   1  16   3:14pm WNW  1006   72
7    44.7  57.1   3:01pm  34.7   7:38am   20    0  0.00   3  29   7:28pm SSW  1000   60
8    39.7  47.8   3:14pm  28.2  11:57pm   25    0  0.01   4  23   1:34pm  NW  1006   50
9    30.4  37.5   2:54pm  22.2   7:21am   35    0  0.00   1  11   9:59pm NNW  1023   46
10   29.2  30.5   4:34pm  27.4   5:59am   36    0  0.00   2  13   4:52am  NE  1023   89
11   32.8  36.0   5:07pm  30.3  12:00am   32    0  0.21   2  23   8:21pm WNW  1023   87
12   29.3  33.3   1:40pm  25.0  11:57pm   36    0  0.03   5  24   1:50am  NW  1027   61
13   29.4  40.1   3:45pm  21.5   7:08am   36    0  0.07   2  13   2:13am  NW  1031   60
14   31.8  45.2   3:12pm  20.1   7:25am   33    0  0.02   0   9   6:48pm   S  1029   65
15   38.8  51.2   3:13pm  27.2   7:54am   26    0  0.00   2  19  11:49am  SW  1024   59
16   44.0  58.7   4:22pm  33.8   7:46am   21    0  0.00   1   8   3:46pm SSW  1019   59
17   39.8  46.3   1:15pm  34.0   3:45am   25    0  0.17   1   9  11:25am  NE  1016   83
18   42.1  45.4   4:08pm  39.3   2:53am   23    0  0.01   1   7  12:35am   S  1012   92
19   47.0  55.4   2:59pm  38.0  11:58pm   18    0  0.00   2  18  11:04am  NW  1014   80
20   42.7  54.8   3:44pm  31.9   7:14am   22    0  0.00   2  13   6:34pm NNW  1016   79
21   39.2  47.9   3:16pm  31.7   7:51am   26    0  0.00   2  15   5:17am NNW  1012   50
22   35.9  45.1   3:58pm  30.6   8:09am   29    0  0.00   2  15   3:28pm NNW  1013   39
23   38.3  48.4   3:43pm  30.2   7:12am   27    0  0.00   1   7   3:55am NNW  1020   48
24   44.0  53.8   3:26pm  37.5   7:40am   21    0  0.00   1   9  10:56am ENE  1024   49
25   40.1  42.4   6:30pm  36.9   8:38am   25    0  0.68   2  12   4:26pm ENE  1017   80
26   41.5  47.2   3:19pm  34.1  11:53pm   23    0  0.26   3  28   2:06pm NNW  1010   82
27   40.5  55.3   3:53pm  30.0   7:01am   25    0  0.00   2  15   3:11pm  NW  1016   63
28   47.0  59.8   2:59pm  37.8   7:15am   18    0  0.00   2  20   2:16pm  SW  1013   60
29   50.6  70.0   3:51pm  33.4   7:38am   15    1  0.00   2  18   4:35pm  SW  1017   60
30   56.8  71.6   3:53pm  43.6   5:37am    9    1  0.00   1  13   2:50pm  SW  1018   56
31   49.3  56.2  12:00am  43.5  11:10pm   16    0  0.20   1  10   2:57pm ENE  1021   81
---------------------------------------------------------------------------------------
TOT  40.8  71.6  1/30/11  20.1  1/14/11  737    2  1.66   2  28  1/26/11 NNW  1018   66

HEAT BASE: 65.0
COOL BASE: 65.0