NOAA-Style Climate Reports


Report for 2010 December
                  MONTHLY CLIMATOLOGICAL SUMMARY FOR 12/2010
                                        HEAT  COOL        
     MEAN                               DEG   DEG       WIND SPEED       DOM MEAN  MEAN
DAY  TEMP  HIGH   TIME     LOW   TIME   DAYS  DAYS RAIN AVG  HI  TIME    DIR BAROM HUM
---------------------------------------------------------------------------------------
1    40.7  50.4  12:01am  35.0  11:40pm   24    0  0.01   0   0  12:00am   N  1019   64
2    40.3  52.8   2:39pm  30.1   6:26am   25    0  0.00   0   0  12:00am   N  1023   52
3    43.7  57.3   1:16pm  31.0   7:12am   21    0  0.00   0   0  12:00am   N  1020   58
4    45.9  57.2   2:39pm  37.9   7:34am   19    0  0.02   0   0  12:00am   N  1015   79
5    40.3  49.6  12:00am  32.9  10:33pm   25    0  0.00   0   0  12:00am   N  1018   58
6    33.1  41.3   2:54pm  28.2  11:50pm   32    0  0.00   0   0  12:00am   N  1019   53
7    30.8  39.9   2:26pm  24.2   7:41am   34    0  0.00   0   0  12:00am   N  1017   53
8    29.4  35.5   4:36pm  21.3   7:29am   36    0  0.00   0   0  12:00am   N  1021   55
9    33.1  47.6   4:34pm  22.1   7:12am   32    0  0.00   0   0  12:00am   N  1025   60
10   37.7  52.3   3:32pm  27.0   6:35am   27    0  0.00   0   0  12:00am   N  1024   56
11   41.6  51.0   1:37pm  31.6   7:53am   23    0  0.00   0   0  12:00am   N  1019   52
12   36.9  44.5  11:29am  26.4  11:42pm   28    0  0.61   0   0  12:00am   N  1004   79
13   25.7  31.2   3:19pm  19.9  11:58pm   39    0  0.00   0   0  12:00am   N  1010   57
14   24.6  35.8   4:03pm  15.7   6:45am   40    0  0.00   0   0  12:00am   N  1018   50
15   31.0  38.8   2:04pm  23.6   5:15am   34    0  0.00   0   0  12:00am   N  1018   50
16   42.4  57.5   9:42pm  31.8  12:00am   23    0  0.21   0   0  12:00am   N  1011   95
17   47.6  58.1   3:03pm  38.3   8:07am   17    0  0.00   0   0  12:00am   N  1015   74
18   39.2  40.8   5:52am  37.8   3:40am   26    0  0.19   0   0  12:00am   N  1016   93
19   41.2  51.0   3:39pm  32.7  11:53pm   24    0  0.00   0   0  12:00am   N  1016   68
20   39.7  54.5   3:25pm  27.2   6:46am   25    0  0.00   0   0  12:00am   N  1020   61
21   42.5  45.4   4:32pm  36.8   3:22am   22    0  0.03   0   0  12:00am   N  1018   83
22   51.8  65.2  12:50pm  39.9  11:56pm   13    0  0.00   0   0  12:00am   N  1015   79
23   40.1  51.1   3:23pm  30.9   7:30am   25    0  0.00   0   0  12:00am   N  1022   57
24   38.2  52.3   3:42pm  27.6   7:11am   27    0  0.00   0   0  12:00am   N  1021   61
25   35.4  42.9  12:14pm  30.9   7:39am   30    0  0.27   0   0  12:00am   N  1014   84
26   30.2  33.8   2:38am  26.7  10:18pm   35    0  0.11   0   0  12:00am   N  1011   86
27   31.7  39.9   3:28pm  26.6   8:04am   33    0  0.01   0   0  12:00am   N  1020   59
28   34.8  51.7   3:28pm  21.8   7:58am   30    0  0.00   0   0  12:00am   N  1023   54
29   41.2  53.8   3:45pm  31.9   8:15am   24    0  0.00   0   0  12:00am   N  1020   55
30   42.7  51.9   3:19pm  33.8   4:34am   22    0  0.00   0   0  12:00am   N  1021   56
31   51.4  63.2   2:48pm  44.3   6:21am   14    0  0.00   0   0  12:00am   N  1023   63
---------------------------------------------------------------------------------------
TOT  38.2  65.2 12/22/10  15.7 12/14/10  830    0  1.46   0   0  12/1/10   N  1018   65

HEAT BASE: 65.0
COOL BASE: 65.0