NOAA-Style Climate Reports


Report for 2010 November
                  MONTHLY CLIMATOLOGICAL SUMMARY FOR 11/2010
                                        HEAT  COOL        
     MEAN                               DEG   DEG       WIND SPEED       DOM MEAN  MEAN
DAY  TEMP  HIGH   TIME     LOW   TIME   DAYS  DAYS RAIN AVG  HI  TIME    DIR BAROM HUM
---------------------------------------------------------------------------------------
1    56.7  68.3   2:54pm  45.7   6:47am    9    0  0.00   0   0  12:00am   N  1022   70
2    54.8  60.5   3:23pm  52.3   7:27am   10    0  0.00   0   0  12:00am   N  1025   67
3    49.5  52.3  12:00am  46.4   9:55am   16    0  0.53   0   2   3:30pm ENE  1018   89
4    52.8  60.7   1:53pm  46.0  11:58pm   12    0  0.15   0   0  12:00am   N  1005   80
5    45.6  53.8   3:14pm  39.8   6:06am   19    0  0.00   0   0  12:00am   N  1011   72
6    43.6  53.6   3:15pm  36.3   6:03am   21    0  0.00   0   0  12:00am   N  1023   65
7    43.3  59.9   4:25pm  30.6   7:08am   22    0  0.00   0   0  12:00am   N  1028   65
8    53.4  73.9   2:38pm  34.6   7:12am   13    2  0.00   0   0  12:00am   N  1019   55
9    60.3  78.1   2:24pm  43.3   7:41am    8    3  0.00   0   0  12:00am   N  1016   48
10   56.8  75.6   2:54pm  41.6   6:45am   11    2  0.00   0   0  12:00am   N  1019   64
11   56.4  75.4   4:11pm  41.5   7:19am   11    2  0.00   0   0  12:00am   N  1025   69
12   54.4  69.9   3:58pm  43.9   7:33am   11    1  0.00   0   0  12:00am   N  1027   69
13   51.5  70.3   3:14pm  37.5   7:18am   14    1  0.00   0   0  12:00am   N  1023   67
14   53.6  71.8   3:09pm  36.0   7:12am   12    1  0.02   0   0  12:00am   N  1018   66
15   55.5  59.2   1:26pm  50.8   5:44am    9    0  0.09   0   0  12:00am   N  1014   91
16   60.3  68.9   3:54pm  55.3   1:53am    5    0  0.20   0   0  12:00am   N  1007   88
17   53.4  62.3   3:39pm  44.6  11:56pm   12    0  0.00   0   0  12:00am   N  1017   63
18   49.6  64.8   4:09pm  37.8   6:24am   15    0  0.00   0   0  12:00am   N  1023   72
19   50.7  67.3   3:12pm  37.9   7:10am   15    0  0.00   0   0  12:00am   N  1025   74
20   51.9  68.8   2:13pm  38.5   7:27am   14    1  0.00   0   0  12:00am   N  1027   77
21   55.9  72.5   2:25pm  44.8   2:26am   10    1  0.00   0   0  12:00am   N  1027   77
22   59.6  72.7   3:11pm  49.8   1:30am    7    1  0.00   0   0  12:00am   N  1026   83
23   63.2  74.9   1:59pm  56.0  12:00am    4    2  0.05   0   0  12:00am   N  1021   89
24   60.9  69.4   3:40pm  54.2   7:50am    5    0  0.01   0   0  12:00am   N  1021   85
25   60.7  71.8   4:26pm  53.9   6:44am    5    1  0.00   0   0  12:00am   N  1017   85
26   57.2  66.4   3:26am  43.7  11:00pm    8    0  0.16   0   0  12:00am   N  1013   81
27   44.6  56.1   4:00pm  35.4   6:00am   20    0  0.00   0   0  12:00am   N  1018   52
28   43.0  51.6   3:00pm  35.6   5:00am   22    0  0.00   0   0  12:00am   N  1025   61
29   44.8  48.8   2:05pm  43.1   6:49pm   19    0  0.48   0   0  12:00am   N  1025   74
30   55.3  69.1   4:31pm  44.8  12:00am   10    1  1.61   0   0  12:00am   N  1015   98
---------------------------------------------------------------------------------------
TOT  53.3  78.1  11/9/10  30.6  11/7/10  369   20  3.30   0   2  11/3/10 ENE  1020   73

HEAT BASE: 65.0
COOL BASE: 65.0