NOAA-Style Climate Reports


Report for 2010 October
                  MONTHLY CLIMATOLOGICAL SUMMARY FOR 10/2010
                                        HEAT  COOL        
     MEAN                               DEG   DEG       WIND SPEED       DOM MEAN  MEAN
DAY  TEMP  HIGH   TIME     LOW   TIME   DAYS  DAYS RAIN AVG  HI  TIME    DIR BAROM HUM
---------------------------------------------------------------------------------------
1    67.9  81.4   5:02pm  55.1   7:45am    3    5  0.00   0   0  12:00am   N  1010   70
2    64.4  77.6   5:01pm  51.9   7:47am    4    3  0.00   0   0  12:00am   N  1014   69
3    61.6  73.5   4:05pm  53.3   7:52am    5    2  0.00   0   0  12:00am   N  1015   73
4    57.3  69.9   4:55pm  48.3   6:56am    8    1  0.00   0   0  12:00am   N  1021   65
5    56.6  71.6   5:26pm  43.5   6:51am    9    1  0.00   0   0  12:00am   N  1023   64
6    59.5  74.7   4:02pm  45.5   7:59am    7    2  0.00   0   0  12:00am   N  1021   56
7    65.5  81.6   4:31pm  47.9   7:48am    5    5  0.00   0   0  12:00am   N  1018   57
8    66.4  81.6   4:41pm  53.1   7:51am    4    5  0.00   0   0  12:00am   N  1019   66
9    67.3  84.7   5:20pm  52.3   7:58am    4    6  0.00   0   0  12:00am   N  1018   71
10   68.4  85.9   5:20pm  54.1   7:55am    3    7  0.00   0   0  12:00am   N  1016   72
11   69.7  87.0   2:57pm  55.1   7:26am    3    8  0.00   0   0  12:00am   N  1015   71
12   71.0  83.0   2:31pm  62.3   7:29am    0    6  0.00   0   0  12:00am   N  1014   67
13   68.3  81.6   3:29pm  60.1   5:19am    1    5  0.00   0   0  12:00am   N  1015   74
14   65.3  74.0   2:45pm  56.7  11:58pm    2    2  0.00   0   0  12:00am   N  1014   64
15   60.5  75.8   5:15pm  45.7   7:47am    7    3  0.00   0   0  12:00am   N  1015   49
16   58.7  75.3   4:46pm  43.3   7:55am    8    2  0.00   0   0  12:00am   N  1020   60
17   60.2  81.6   4:56pm  43.2   8:04am    9    4  0.00   0   0  12:00am   N  1020   63
18   61.8  79.0   2:43pm  44.6   7:34am    7    4  0.00   0   0  12:00am   N  1016   63
19   64.5  82.2   3:27pm  48.9   7:47am    5    5  0.00   0   0  12:00am   N  1014   68
20   66.0  78.1   3:49pm  59.2  12:53am    2    3  0.00   0   0  12:00am   N  1013   71
21   63.6  79.0   3:19pm  49.1   8:01am    5    4  0.00   0   0  12:00am   N  1014   53
22   61.4  77.6   4:03pm  46.1   8:14am    7    3  0.00   0   0  12:00am   N  1019   55
23   59.2  76.5   4:01pm  44.9   8:00am    8    3  0.00   0   0  12:00am   N  1024   65
24   63.5  80.5   4:47pm  49.9   6:58am    6    4  0.00   0   0  12:00am   N  1021   74
25   67.7  75.1   4:59pm  62.4  10:26am    0    3  0.20   0   0  12:00am   N  1014   90
26   74.5  83.6   2:59pm  66.0   1:05am    0    9  0.01   0   0  12:00am   N  1012   86
27   74.1  79.8  12:27pm  70.4   8:52pm    0    9  0.48   0   0  12:00am   N  1016   91
28   70.1  77.9   3:32pm  58.6  11:40pm    0    6  0.18   0   1   6:43am   N  1018   77
29   59.4  73.7   4:11pm  47.0   8:19am    7    2  0.00   0   1   9:29am   N  1021   54
30   54.9  70.8   5:00pm  41.3   7:47am   11    1  0.00   0  17   4:48am WSW  1022   71
31   59.6  75.6   2:45pm  46.0   4:40am    8    3  0.00   0   0  12:00am   N  1018   67
---------------------------------------------------------------------------------------
TOT  64.2  87.0 10/11/10  41.3 10/30/10  151  125  0.87   0  13 10/30/10 WSW  1017   68

HEAT BASE: 65.0
COOL BASE: 65.0