NOAA-Style Climate Reports


Report for 2010 September
                  MONTHLY CLIMATOLOGICAL SUMMARY FOR 9/2010
                                        HEAT  COOL        
     MEAN                               DEG   DEG       WIND SPEED       DOM MEAN  MEAN
DAY  TEMP  HIGH   TIME     LOW   TIME   DAYS  DAYS RAIN AVG  HI  TIME    DIR BAROM HUM
---------------------------------------------------------------------------------------
1    79.7  94.5   4:06pm  65.6   7:00am    0   15  0.00   0   0  12:00am   N  1019   66
2    80.4  92.7   5:12pm  69.1   7:35am    0   15  0.00   0   0  12:00am   N  1016   66
3    81.0  93.6   2:58pm  70.3   5:37am    0   15  0.00   0   0  12:00am   N  1013   64
4    77.3  85.7   4:32pm  67.4   7:56am    0   12  0.00   0   0  12:00am   N  1014   51
5    71.8  87.4   4:24pm  56.3   7:39am    2    8  0.00   0   0  12:00am   N  1016   57
6    74.4  92.5   5:45pm  58.6   7:15am    1   11  0.00   0   0  12:00am   N  1020   61
7    76.1  91.4   4:25pm  64.0   7:17am    0   11  0.00   0   0  12:00am   N  1022   71
8    79.5  92.9   3:16pm  67.6   7:21am    0   14  0.00   0   0  12:00am   N  1019   72
9    80.3  91.6   1:47pm  72.7   6:47am    0   15  0.00   0   0  12:00am   N  1015   66
10   78.9  91.4   5:26pm  70.9   6:51am    0   14  0.00   0   0  12:00am   N  1014   59
11   78.4  93.4   3:57pm  71.6   6:55am    0   13  0.60   0   0  12:00am   N  1014   70
12   77.6  89.3   3:50pm  69.9   5:41am    0   13  0.01   0   1   4:56am   N  1016   75
13   73.7  86.7   5:15pm  62.4   7:10am    0    9  0.00   0   0  12:00am   N  1019   58
14   74.3  93.4   4:50pm  59.8   7:27am    1   10  0.00   0   1   6:23pm WSW  1019   63
15   76.2  93.4   4:21pm  64.3   7:13am    0    8  0.00   0   1   9:47am WSW  1020   65
16   77.1  89.0   4:20pm  65.3   7:41am    0   12  0.00   0   1   8:55am WSW  1019   62
17   81.0  93.4   4:40pm  71.1   7:09am    0   16  0.00   0   2  11:38am WNW  1017   63
18   79.9  92.5   5:18pm  69.8   7:54am    0   15  0.00   0   1   8:29am NNE  1019   64
19   80.2  94.0   4:55pm  67.9   7:23am    0   15  0.00   0   1  12:30am  NE  1020   63
20   79.6  95.9   4:48pm  65.8   6:29am    0   15  0.00   0   7  10:44pm WNW  1017   62
21   80.6  97.5   4:38pm  66.0   7:08am    0   16  0.00   0   1   7:30am   E  1019   61
22   80.7  93.8   3:33pm  70.4   7:38am    0   16  0.00   0   1   3:41am WSW  1022   66
23   80.0  93.4   4:49pm  68.4   7:36am    0   15  0.00   0   1  12:24am   N  1023   65
24   78.0  90.7   5:37pm  65.3   7:29am    0   13  0.00   0   6   3:57am   N  1022   67
25   79.8  94.0   4:47pm  67.3   7:54am    0   15  0.00   0   1   8:28am   W  1016   67
26   69.9  76.3  12:00am  64.5   8:52pm    0    5  1.29   0  10   2:29pm ENE  1012   94
27   67.5  79.6   3:39pm  59.2  11:31pm    1    3  1.15   0  25   2:35am ENE  1008   94
28   66.3  78.8   5:08pm  56.6   7:15am    3    4  0.01   0  12   5:40am NNW  1008   74
29   64.4  71.6  11:32am  59.2   5:57am    2    1  0.33   0   0  12:00am   N  1008   89
30   66.8  76.8   1:04pm  61.8  12:37am    1    3  0.83   0   1   2:20am NNE  1004   88
---------------------------------------------------------------------------------------
TOT  76.4  97.5  9/21/10  56.3   9/5/10   11  348  4.22   0  16  9/27/10 WSW  1016   68

HEAT BASE: 65.0
COOL BASE: 65.0