NOAA-Style Climate Reports


Report for 2010 August
                  MONTHLY CLIMATOLOGICAL SUMMARY FOR 8/2010
                                        HEAT  COOL        
     MEAN                               DEG   DEG       WIND SPEED       DOM MEAN  MEAN
DAY  TEMP  HIGH   TIME     LOW   TIME   DAYS  DAYS RAIN AVG  HI  TIME    DIR BAROM HUM
---------------------------------------------------------------------------------------
1    81.7  95.6   2:52pm  74.2   6:52am    0   17  0.02   0   0  12:00am   N  1013   83
2    78.6  86.1   7:10pm  73.5   6:45am    0   14  0.00   0   0  12:00am   N  1018   86
3    81.0  91.0   5:28pm  75.8  12:14pm    0   16  0.36   0   0  12:00am   N  1019   86
4    84.7  95.9   4:10pm  75.1   7:05am    0   18  0.00   0   0  12:00am   N  1017   78
5    85.6  95.9   3:52pm  76.1  11:09pm    0   21  0.08   0   0  12:00am   N  1014   74
6    79.4  93.4   2:33pm  74.4   6:54am    0   14  0.20   0   1   4:22pm   N  1012   89
7    81.0  90.1   6:04pm  74.2   2:49am    0   16  0.00   0   0  12:00am   N  1013   82
8    83.5  95.6   4:59pm  74.4   7:16am    0   19  0.01   0   0  12:00am   N  1015   75
9    81.6  95.1   4:10pm  74.6   6:52am    0   17  0.31   0   0  12:00am   N  1017   79
10   83.3  95.4   4:27pm  72.7   7:02am    0   18  0.00   0   0  12:00am   N  1017   77
11   84.7  95.1   4:29pm  74.9   7:07am    0   20  0.00   0   0  12:00am   N  1015   71
12   85.8  97.0   6:00pm  76.1   8:00am    0   20  0.00   0   0  12:00am   N  1012   71
13   82.4  98.2   2:50pm  75.4   4:42pm    0   17  0.10   0   0  12:00am   N  1011   83
14   78.8  86.3   5:20pm  75.8   4:42am    0   14  0.13   0   0  12:00am   N  1015   92
15   81.0  91.6   5:11pm  76.0   4:56am    0   16  0.04   0   0  12:00am   N  1015   86
16   79.7  88.6   1:46pm  76.3  11:42pm    0   15  0.34   0   0  12:00am   N  1016   90
17   79.6  88.8   3:09pm  76.3  12:00am    0   15  0.29   0   0  12:00am   N  1017   91
18   83.8  94.7   4:50pm  75.6   6:11am    0   19  0.00   0   0  12:00am   N  1017   79
19   82.5  91.8   3:01pm  75.8   6:51am    0   18  0.04   0   0  12:00am   N  1014   81
20   80.7  88.4   4:19pm  76.3   4:38am    0   16  2.27   0   2  11:19pm   E  1014   89
21   77.7  84.3   6:33pm  74.7   1:05pm    0   13  1.05   0   1   1:22pm ENE  1015   96
22   83.1  94.0   5:25pm  75.1   6:37am    0   18  0.03   0   0  12:00am   N  1013   81
23   81.9  91.4   4:43pm  74.9   7:28am    0   17  0.42   0   0  12:00am   N  1012   76
24   80.6  89.3   6:12pm  73.0   6:58am    0   16  0.00   0   0  12:00am   N  1011   72
25   79.0  88.6   6:04pm  70.8   7:22am    0   14  0.00   0   0  12:00am   N  1014   79
26   80.1  90.3   3:56pm  73.2   6:12am    0   15  0.00   0   0  12:00am   N  1017   81
27   80.5  91.0   4:34pm  70.4   7:11am    0   15  0.18   0   0  12:00am   N  1018   76
28   79.3  88.2   3:54pm  72.7   7:14am    0   14  0.00   0   0  12:00am   N  1020   77
29   79.0  87.2   3:06pm  71.3   6:53am    0   14  0.00   0   0  12:00am   N  1023   75
30   77.4  86.3   5:53pm  67.8   7:20am    0   12  0.00   0   0  12:00am   N  1025   71
31   79.3  93.6   4:48pm  66.4   6:58am    0   14  0.00   0   0  12:00am   N  1023   66
---------------------------------------------------------------------------------------
TOT  81.2  98.2  8/13/10  66.4  8/31/10    0  499  5.87   0   1   8/6/10   N  1016   80

HEAT BASE: 65.0
COOL BASE: 65.0