NOAA-Style Climate Reports


Report for 2010 July
                  MONTHLY CLIMATOLOGICAL SUMMARY FOR 7/2010
                                        HEAT  COOL        
     MEAN                               DEG   DEG       WIND SPEED       DOM MEAN  MEAN
DAY  TEMP  HIGH   TIME     LOW   TIME   DAYS  DAYS RAIN AVG  HI  TIME    DIR BAROM HUM
---------------------------------------------------------------------------------------
1    79.1  88.6   5:11pm  72.3   5:33am    0   14  0.00   0   0  12:00am   N  1020   82
2    77.1  82.8   6:35pm  73.5   9:36am    0   12  0.00   0   0  12:00am   N  1022   81
3    76.4  84.7   6:37pm  67.3   5:55am    0   11  0.00   0   0  12:00am   N  1022   66
4    76.8  88.2   5:26pm  62.9   6:43am    0   12  0.00   0   0  12:00am   N  1020   67
5    78.3  90.3   5:17pm  64.7   6:49am    0   13  0.00   0   0  12:00am   N  1019   66
6    80.6  92.1   7:33pm  67.3   7:01am    0   16  0.00   0   0  12:00am   N  1020   64
7    84.3  96.8   4:39pm  71.8   6:18am    0   19  0.00   0   0  12:00am   N  1019   61
8    86.1  99.9   4:40pm  71.8   6:44am    0   21  0.00   0   0  12:00am   N  1016   60
9    85.6 100.4   3:44pm  75.3   6:34am    0   21  0.00   0   0  12:00am   N  1014   62
10   83.5  95.1   5:20pm  73.9   6:11am    0   19  0.00   0   0  12:00am   N  1013   69
11   85.1  98.0   6:31pm  75.6   5:33am    0   20  0.02   0   0  12:00am   N  1013   63
12   77.6  87.6  12:54pm  73.5   5:54am    0   13  0.43   0   0  12:00am   N  1012   91
13   79.5  92.9   5:18pm  72.7   6:34am    0   15  0.18   0   0  12:00am   N  1014   85
14   82.0  95.1   6:11pm  72.1   4:37am    0   17  0.00   0   0  12:00am   N  1017   77
15   83.0  92.3   1:28pm  74.9   6:51am    0   18  0.00   0   0  12:00am   N  1018   75
16   82.1  91.8   4:26pm  75.1   5:29am    0   17  0.00   0   0  12:00am   N  1018   78
17   81.1  91.0   5:30pm  73.5   6:59am    0   16  0.00   0   0  12:00am   N  1020   75
18   78.1  89.7   2:42pm  73.9   4:58pm    0   13  0.05   0   0  12:00am   N  1020   86
19   81.7  92.7   5:15pm  71.5   5:03am    0   17  0.00   0   0  12:00am   N  1019   75
20   85.4  94.0   5:20pm  75.3   6:55am    0   20  0.00   0   0  12:00am   N  1020   66
21   85.2  95.6   3:00pm  77.0   6:20am    0   20  0.00   0   0  12:00am   N  1021   70
22   87.2 100.4   4:06pm  76.1   5:34am    0   22  0.00   0   0  12:00am   N  1019   66
23   88.7 101.2   4:45pm  77.9   6:51am    0   24  0.39   0   0  12:00am   N  1019   64
24   86.3  98.7   5:33pm  77.0   6:40am    0   21  0.00   0   0  12:00am   N  1019   75
25   87.7  98.7   3:51pm  76.3   6:58am    0   23  0.00   0   0  12:00am   N  1018   65
26   84.3 100.7   3:00pm  74.7   6:32pm    0   19  0.24   0   0  12:00am   N  1018   74
27   84.8  97.8   5:13pm  74.9   3:26am    0   20  0.00   0   0  12:00am   N  1018   71
28   85.7  97.8   3:34pm  74.7   6:57am    0   21  0.00   0   0  12:00am   N  1019   69
29   87.4  97.5   4:35pm  77.7   6:43am    0   22  0.00   0   0  12:00am   N  1016   65
30   88.6  99.9   5:30pm  77.4   7:13am    0   24  0.00   0   0  12:00am   N  1013   62
31   84.0  96.1   3:07pm  75.6  11:43pm    0   19  0.06   0   0  12:00am   N  1012   77
---------------------------------------------------------------------------------------
TOT  83.0 101.2  7/23/10  62.9   7/4/10    0  559  1.37   0   0   7/1/10   N  1018   71

HEAT BASE: 65.0
COOL BASE: 65.0