NOAA-Style Climate Reports


Report for 2010 June
                  MONTHLY CLIMATOLOGICAL SUMMARY FOR 6/2010
                                        HEAT  COOL        
     MEAN                               DEG   DEG       WIND SPEED       DOM MEAN  MEAN
DAY  TEMP  HIGH   TIME     LOW   TIME   DAYS  DAYS RAIN AVG  HI  TIME    DIR BAROM HUM
---------------------------------------------------------------------------------------
1    75.9  87.4   4:51pm  68.3   6:32am    0   11  0.02   0  10   3:33pm WSW  1016   84
2    75.2  88.0   2:17pm  69.9   5:50am    0   10  0.64   1  21   3:09pm WSW  1013   87
3    76.9  88.0   5:40pm  67.9   4:55am    0   12  0.01   1  13   6:39pm WSW  1012   81
4    77.5  87.4   4:00pm  70.8   6:00am    0   13  0.01   1  12   6:56pm WSW  1014   82
5    79.8  91.4   3:52pm  69.6   6:20am    0   15  0.00   2  17  12:49pm WSW  1014   78
6    79.6  87.2   4:10pm  72.3   5:50am    0   15  0.07   2  19   2:05pm WSW  1012   78
7    76.4  86.1   6:10pm  65.5   6:42am    0   11  0.07   2  12   5:39pm NNW  1015   67
8    75.9  86.5   5:04pm  63.9   6:33am    0   11  0.00   1  10   2:45pm   N  1019   69
9    78.2  89.7   2:42pm  69.4   4:05am    0   13  0.01   1  18   3:45pm WSW  1019   76
10   79.0  91.2   3:47pm  71.8   5:17am    0   14  0.01   1  18   4:47pm WSW  1017   79
11   82.9  94.7   5:20pm  73.3   5:32am    0   18  0.00   1   8  12:10pm  NW  1019   72
12   83.6  95.6   2:54pm  74.2   6:41am    0   17  0.00   0  20   4:25pm   N  1021   73
13   86.1  96.6   4:38pm  75.6   6:37am    0   21  0.00   2  18   4:46pm NNW  1018   69
14   87.6  98.2   3:14pm  75.1   6:09am    0   22  0.00   1  14   3:23pm NNW  1015   63
15   85.6 100.4   5:50pm  70.4   8:41pm    0   21  1.95   1  27   8:11pm   N  1017   69
16   79.4  92.7   4:26pm  69.9   5:40am    0   14  0.13   1  19   8:01pm   N  1019   80
17   80.3  92.7   3:15pm  70.4   6:31am    0   15  0.03   1  14   3:35pm NNW  1017   77
18   82.0  92.5   5:55pm  70.6   6:10am    0   17  0.00   1  11  10:10am   E  1018   66
19   83.3  94.9   5:50pm  72.8   6:34am    0   18  0.00   0   8   2:44pm   E  1018   71
20   85.3  95.1   4:56pm  75.3   5:51am    0   20  0.00   0  10   2:22pm   N  1017   67
21   84.4  95.1   3:18pm  74.2   6:43am    0   19  0.00   0   0  12:00am   N  1019   68
22   84.8  94.9   2:43pm  74.9   6:39am    0   20  0.00   0   0  12:00am   N  1021   69
23   86.0  97.1   4:35pm  74.4   6:49am    0   21  0.00   0   0  12:00am   N  1021   67
24   86.9  96.1   4:25pm  77.0   6:53am    0   22  0.00   0   0  12:00am   N  1018   62
25   84.2  98.0   3:27pm  72.5  11:38pm    0   19  0.14   0   0  12:00am   N  1017   70
26   81.1  94.9   4:27pm  71.1   5:58am    0   16  0.00   0   0  12:00am   N  1016   77
27   84.7  94.3   5:03pm  75.3   5:52am    0   20  0.01   0   0  12:00am   N  1013   68
28   84.3  93.9   5:00pm  76.0   6:54am    0   19  0.00   0   0  12:00am   N  1013   70
29   82.8  94.5   2:43pm  74.0  11:56pm    0   17  0.06   0   0  12:00am   N  1015   71
30   76.4  86.3   3:52pm  72.1   5:05am    0   11  0.77   0   0  12:00am   N  1018   92
---------------------------------------------------------------------------------------
TOT  81.5 100.4  6/15/10  63.9   6/8/10    0  492  3.93   1  25  6/15/10 WSW  1017   73

HEAT BASE: 65.0
COOL BASE: 65.0