NOAA-Style Climate Reports


Report for 2010 May
                  MONTHLY CLIMATOLOGICAL SUMMARY FOR 5/2010
                                        HEAT  COOL        
     MEAN                               DEG   DEG       WIND SPEED       DOM MEAN  MEAN
DAY  TEMP  HIGH   TIME     LOW   TIME   DAYS  DAYS RAIN AVG  HI  TIME    DIR BAROM HUM
---------------------------------------------------------------------------------------
1    73.0  83.4   6:00pm  66.9   6:00am    0    8  0.01   0  11  12:00pm SSW  1015   84
2    77.7  87.8   6:00pm  69.3   7:00am    0   13  0.00   3  27   3:00pm SSW  1014   78
3    73.1  78.5  12:00am  69.6   8:55am    0    8  2.65   3  20   5:00am SSW  1015   92
4    75.7  87.4   5:17pm  67.1   7:17am    0   10  0.08   0  12  11:43am SSW  1015   75
5    75.0  88.8   4:30pm  61.5   6:51am    0   10  0.00   0  11   4:38pm SSW  1015   71
6    76.9  88.8   5:26pm  63.5   6:42am    0   12  0.00   1  16   3:59pm  SW  1015   66
7    77.7  88.6   5:05pm  64.5   7:01am    0   13  0.00   1  18   3:46pm SSW  1015   67
8    73.9  79.2  12:10pm  62.3  11:56pm    0    9  0.00   4  24   5:18pm  SW  1015   58
9    63.1  74.6   6:20pm  52.0   7:04am    4    2  0.00   2  16  12:00am   N  1022   46
10   59.2  68.8   3:35pm  52.5   6:53am    6    0  0.08   2  16  12:56pm   E  1025   66
11   64.8  76.5   3:33pm  55.4   3:41am    4    4  0.00   1  14  12:53pm   E  1024   82
12   73.2  86.5   5:18pm  61.3   2:36am    1    9  0.00   1  18  11:16am WSW  1023   76
13   77.2  89.0   3:59pm  65.8   7:01am    0   12  0.00   0  11  12:51pm WSW  1023   74
14   78.2  89.0   4:54pm  68.4   6:44am    0   13  0.00   0  11   4:15pm WSW  1025   74
15   77.9  89.3   5:01pm  67.9   7:04am    0   13  0.00   1  12   5:16pm WSW  1022   73
16   75.7  85.5   2:37pm  66.3   6:47am    0   11  0.00   1  22   7:01pm WSW  1018   74
17   74.3  83.8   5:20pm  67.4   6:24am    0    9  0.02   0  13   6:45pm  NW  1015   79
18   73.9  84.5   4:25pm  62.9   6:49am    0    9  0.00   2  20   3:27pm NNW  1013   66
19   71.0  81.8   4:23pm  59.3   6:57am    1    7  0.00   2  16   3:13pm NNW  1013   60
20   70.3  83.4   4:09pm  56.5   7:13am    2    7  0.00   1  12  10:11am   E  1017   67
21   68.9  75.6   2:54pm  63.5   8:45am    0    4  0.52   0   8   7:49am   E  1020   87
22   71.6  83.2   6:07pm  64.8   2:58am    0    7  0.06   0   8   4:46pm   W  1019   89
23   78.1  91.6   6:27pm  66.0   6:50am    0   13  0.00   0  13  12:10pm   N  1018   73
24   75.0  82.2   5:51pm  66.9   6:32am    0   10  0.00   2  16   2:17pm   E  1018   72
25   73.4  83.4   4:42pm  65.8   6:05am    0    8  0.00   2  13   9:38am   E  1019   72
26   74.4  87.2   4:40pm  64.8   6:25am    0    9  0.00   1  14  12:41pm   N  1015   71
27   79.5  92.3   5:03pm  67.1   5:41am    0   14  0.00   1  13   3:39pm   N  1011   63
28   79.2  94.3   3:47pm  66.4   6:34am    0   14  0.00   1  11   2:19pm   E  1010   65
29   74.1  85.7   4:06pm  67.3   6:28am    0    9  0.03   2  16   7:10pm   E  1014   80
30   74.1  80.7  11:50am  68.8   3:24am    0    9  0.00   1  10   3:32pm   E  1016   85
31   73.3  81.1   2:05pm  70.3   5:35am    0    8  0.25   1  12   2:12pm   E  1018   91
---------------------------------------------------------------------------------------
TOT  73.7  94.3  5/28/10  52.0   5/9/10   19  286  3.70   1  27   5/2/10   E  1017   73

HEAT BASE: 65.0
COOL BASE: 65.0