NOAA-Style Climate Reports


Report for 2010 April
                  MONTHLY CLIMATOLOGICAL SUMMARY FOR 4/2010
                                        HEAT  COOL        
     MEAN                               DEG   DEG       WIND SPEED       DOM MEAN  MEAN
DAY  TEMP  HIGH   TIME     LOW   TIME   DAYS  DAYS RAIN AVG  HI  TIME    DIR BAROM HUM
---------------------------------------------------------------------------------------
1    67.5  87.4   4:39pm  47.4   7:43am    5    8  0.00   1  13  11:09am SSW  1019   52
2    69.7  88.4   3:55pm  51.1   7:24am    4    8  0.00   1  16   2:02pm SSW  1018   55
3    69.3  82.0   3:19pm  57.8   7:20am    2    6  0.00   1  20   2:45pm  SW  1018   54
4    71.4  86.5   6:39pm  58.1   8:34am    2    8  0.00   2  16   3:07pm SSW  1021   60
5    74.5  91.2   5:33pm  59.2   9:01am    1   10  0.00   2  19   3:24pm SSW  1022   60
6    74.9  89.7   4:39pm  57.0   7:43am    1   11  0.00   2  19  12:41pm SSW  1019   54
7    72.7  83.4   2:33pm  59.3   7:35am    1    8  0.00   3  22   1:12pm SSW  1016   60
8    64.9  69.9  12:00am  58.0  11:58pm    1    1  0.30   2  20   3:53pm SSW  1010   85
9    58.7  70.6   4:29pm  47.3   7:17am    7    1  0.00   5  22  10:59am   N  1016   51
10   60.3  77.9   4:46pm  42.8   7:37am    8    3  0.00   1  11   3:33pm ESE  1026   50
11   62.0  79.6   5:41pm  44.9   7:05am    7    4  0.00   1   8  11:48am   N  1026   59
12   66.6  85.5   4:19pm  48.8   7:20am    5    7  0.00   0  10   1:56pm   N  1024   56
13   67.6  85.5   3:45pm  49.5   7:26am    4    7  0.00   0   8   1:28pm  SE  1026   57
14   68.2  86.5   4:05pm  52.3   7:34am    4    7  0.00   0  10  10:19pm   E  1029   66
15   68.5  85.5   4:26pm  54.8   6:55am    3    6  0.00   1  10  12:43am   N  1029   65
16   71.3  86.3   2:04pm  57.0   7:22am    2    9  0.00   1  12   1:45pm  SW  1022   61
17   70.8  83.0   2:03pm  58.6   7:38am    1    7  0.00   3  28   2:19pm NNW  1014   55
18   65.6  78.5   6:01pm  52.9   7:18am    3    4  0.00   1  11   9:18am   N  1015   45
19   62.2  74.4   4:32pm  50.4   7:09am    5    3  0.00   1  11   1:36pm  NE  1017   50
20   59.0  62.1  12:20pm  56.5   6:14am    6    0  0.09   0   8   5:29pm SSW  1015   82
21   62.3  74.2   3:55pm  52.5   7:58am    5    2  0.02   3  19   1:37pm   N  1012   69
22   64.9  80.5   4:57pm  47.6   7:04am    6    6  0.02   1  18   3:22pm   N  1013   58
23   70.9  87.4   3:47pm  54.4   7:30am    3    9  0.04   1  18   1:36pm SSW  1014   59
24   64.9  71.5  12:00am  62.4   7:41am    1    1  1.69   1  16  10:35pm SSW  1013   90
25   71.8  81.1   5:15pm  64.3  12:00am    0    7  0.02   3  24  12:41pm SSW  1003   74
26   63.9  70.8   1:30pm  58.3   7:30am    2    1  0.00   3  25   3:47pm  NW  1001   71
27   58.7  67.6   3:58pm  51.7  11:54pm    6    0  0.06   4  30   7:21pm NNW  1005   69
28   57.9  71.8   5:10pm  45.1   7:06am    8    1  0.00   3  20   2:46pm NNW  1014   60
29   61.3  77.0   5:00pm  46.0   6:39am    7    4  0.00   1  13   6:00pm NNW  1017   61
30   68.1  84.3   4:00pm  51.5   8:00am    4    7  0.00   1  13   6:00pm SSW  1016   64
---------------------------------------------------------------------------------------
TOT  66.3  91.2   4/5/10  42.8  4/10/10  116  155  2.24   2  28  4/17/10 SSW  1017   62

HEAT BASE: 65.0
COOL BASE: 65.0