NOAA-Style Climate Reports


Report for 2010 March
                  MONTHLY CLIMATOLOGICAL SUMMARY FOR 3/2010
                                        HEAT  COOL        
     MEAN                               DEG   DEG       WIND SPEED       DOM MEAN  MEAN
DAY  TEMP  HIGH   TIME     LOW   TIME   DAYS  DAYS RAIN AVG  HI  TIME    DIR BAROM HUM
---------------------------------------------------------------------------------------
1    44.2  61.3   4:17pm  31.5   8:00am   21    0  0.00   1  10  12:00am   N  1016   62
2    38.7  47.4  12:00am  34.1  10:46am   26    0  0.44   2  19   8:17am   N  1007   87
3    39.0  47.7   1:46pm  32.9   6:58am   25    0  0.01   5  28   2:24pm   N  1010   68
4    40.8  53.3   3:14pm  31.0   4:57am   24    0  0.00   5  22   3:38pm   N  1016   56
5    43.8  58.3   4:19pm  30.6   7:36am   21    0  0.00   2  16   1:57pm   N  1020   44
6    44.7  61.5   4:27pm  29.3   6:18am   20    0  0.00   0  11   4:34pm   N  1024   43
7    46.7  62.6   3:44pm  30.7   6:56am   18    0  0.00   1  11   5:26pm NNW  1023   48
8    57.0  73.7   4:22pm  40.2   7:38am   10    2  0.00   1  18   3:05pm NNW  1018   40
9    58.0  72.7   1:29pm  41.5   7:26am    9    2  0.00   3  17   1:08pm SSW  1016   54
10   51.8  58.6  12:00am  47.7  11:37am   13    0  0.91   1  14  11:19am SSW  1015   88
11   54.1  59.5   4:30pm  50.2   6:32am   11    0  0.31   0   7  11:21am   N  1011  100
12   57.4  62.0  12:02pm  51.9  11:56pm    8    0  0.32   1  18   8:31pm   E  1004   98
13   50.8  56.7  12:32pm  44.2  11:56pm   14    0  0.02   2  24   4:14pm WSW  1001   78
14   47.7  54.1  12:55pm  41.9   3:17am   17    0  0.00   3  20   2:02pm  NW  1006   80
15   51.6  62.9   3:05pm  44.2   7:02am   13    0  0.00   6  25   3:17pm   N  1011   66
16   54.1  68.3   4:02pm  41.3   7:04am   11    0  0.00   1  11  12:00am   N  1016   63
17
18   55.1  68.1   5:28pm  46.2   2:00am   10    0  0.01   2  13  12:45pm   N  1013   66
19   59.7  74.7   5:59pm  42.3   5:34am    7    3  0.00   1  16   4:21pm   N  1016   55
20   59.4  73.7   3:09pm  43.5   8:00am    8    2  0.00   1  18   1:28pm SSW  1018   59
21   56.5  62.1   3:35pm  49.4  11:57pm    9    0  0.16   1  19   9:20pm  SE  1012   85
22   43.4  49.4  12:00am  40.2   8:11am   22    0  0.04   3  25   1:21pm  SW  1011   78
23   50.3  66.4   4:34pm  36.2   6:51am   15    0  0.00   3  24   4:56pm  NW  1015   73
24   61.6  77.0   4:29pm  44.9   8:05am    7    3  0.00   2  13   3:14pm SSW  1018   55
25   57.9  67.3  12:36pm  48.0   6:34am    7    0  0.05   1  14   1:10pm SSW  1014   74
26   55.4  62.4   5:14pm  49.6  11:53pm   10    0  0.03   4  26   3:10pm NNW  1010   74
27
28   59.7  72.3   6:16pm  51.6   7:45am    6    1  0.02   4  26   4:48pm ESE  1013   78
29   55.5  63.4   3:11pm  47.6   7:39am   10    0  0.02   7  25   5:55pm   N  1008   69
30   57.0  73.2   5:28pm  43.1   7:38am    9    1  0.00   3  18   2:44pm   N  1013   58
31   63.8  80.3   5:16pm  46.2   7:55am    6    4  0.00   2  16   6:31pm  NW  1017   48
---------------------------------------------------------------------------------------
TOT  52.2  80.3  3/31/10  29.3   3/6/10  388   20  2.43   2  28   3/3/10   N  1014   67

HEAT BASE: 65.0
COOL BASE: 65.0