NOAA-Style Climate Reports


Report for 2010 February
                  MONTHLY CLIMATOLOGICAL SUMMARY FOR 2/2010
                                        HEAT  COOL        
     MEAN                               DEG   DEG       WIND SPEED       DOM MEAN  MEAN
DAY  TEMP  HIGH   TIME     LOW   TIME   DAYS  DAYS RAIN AVG  HI  TIME    DIR BAROM HUM
---------------------------------------------------------------------------------------
1    40.2  54.4   1:50pm  27.0   7:10am   25    0  0.01   0   8   2:32pm   E  1025   72
2    42.7  47.9   5:42pm  37.9   7:53am   22    0  0.36   1  13   8:23pm   N  1018   87
3    47.0  62.0   4:24pm  37.0   8:10am   18    0  0.00   2  14   9:30am   N  1021   67
4    39.6  42.8  12:00am  37.8  11:48pm   25    0  0.11   1  14   5:27pm ENE  1025   86
5    37.5  38.6   4:36pm  36.5  10:36am   28    0  2.61   2  21  12:17pm ENE  1010  100
6    40.7  44.6  10:52am  36.0   9:15pm   24    0  0.01   4  25  10:58am  NW  1006   84
7    40.4  50.8   2:14pm  30.9   7:48am   25    0  0.00   2  13  12:00am   N  1016   72
8    41.2  55.0   2:43pm  29.3   7:07am   24    0  0.00   1  13   3:48pm SSW  1018   74
9
10   31.0  36.6   3:17pm  24.5   5:29am   34    0  0.00   7  32   1:32pm  NW  1014   58
11   36.7  47.3   3:23pm  28.1   7:21am   28    0  0.00   2  20  12:00am NNW  1016   57
12   35.3  39.6  12:12pm  31.2   9:43pm   30    0  0.02   0  10   2:10pm   E  1012   77
13   32.4  41.5   3:37pm  24.4   6:46am   33    0  0.39   3  24   5:36pm NNW  1012   79
14   39.3  52.0   4:43pm  27.3   7:33am   26    0  0.00   1  16   4:11pm SSW  1015   66
15   40.4  44.8   3:31pm  30.1  11:58pm   25    0  0.12   3  22  10:25am  NW  1011   65
16   29.9  36.8   1:44pm  24.8   7:26am   35    0  0.00   4  26   1:58pm NNW  1015   58
17   34.5  43.8   3:45pm  27.6   4:54am   30    0  0.00   4  27   3:23pm NNW  1015   57
18   41.4  53.6   3:32pm  31.8   3:31am   24    0  0.00   4  21   5:22am NNW  1017   52
19   46.4  60.4   4:29pm  34.1   6:11am   19    0  0.00   1  12   9:07am NNW  1020   50
20   47.5  66.8   4:16pm  31.2   6:59am   18    0  0.00   0   7   1:46pm   N  1021   54
21   50.0  69.1   2:36pm  32.8   7:26am   15    0  0.00   0  12   2:42pm NNW  1018   55
22   52.2  58.3   3:12pm  46.0   7:12am   13    0  0.48   1  32   5:02am  NW  1008   85
23   48.6  57.8  12:15pm  39.8  11:58pm   16    0  0.00   2  21   1:18pm  NW  1008   80
24   41.4  51.0   3:45pm  34.7  11:58pm   24    0  0.02   3  25   5:40pm NNW  1010   66
25   33.2  41.3   3:57pm  25.4   7:34am   32    0  0.00   6  28   3:24pm   N  1015   48
26   37.0  48.0   3:55pm  27.6   5:18am   28    0  0.00   3  28   3:13pm  NW  1014   46
27   42.5  54.2   3:48pm  32.1   7:33am   23    0  0.00   3  22   4:10pm NNW  1010   39
28
---------------------------------------------------------------------------------------
TOT   0.0  37.0   3/1/10  37.0   3/1/10  641    0  0.00   0  10   3/1/10 ---     0    0

HEAT BASE: 65.0
COOL BASE: 65.0