NOAA-Style Climate Reports


Report for 2010 January
                  MONTHLY CLIMATOLOGICAL SUMMARY FOR 1/2010
                                        HEAT  COOL        
     MEAN                               DEG   DEG       WIND SPEED       DOM MEAN  MEAN
DAY  TEMP  HIGH   TIME     LOW   TIME   DAYS  DAYS RAIN AVG  HI  TIME    DIR BAROM HUM
---------------------------------------------------------------------------------------
1    43.4  50.1   2:42pm  32.1  11:56pm   22    0  0.00   4  24   2:17pm NNW  1018   72
2    30.2  37.2   3:41pm  24.8  11:57pm   35    0  0.00   4  22  10:08am   N  1022   52
3
4    27.9  39.6   3:09pm  19.7   7:41am   37    0  0.00   4  24   7:29pm   N  1018   51
5    27.8  36.8   3:41pm  20.5   8:00am   37    0  0.00   6  24   1:51pm NNW  1020   52
6
7    35.6  46.8  12:39pm  27.8   7:51am   29    0  0.01   2  17   6:24pm NNW  1019   51
8    26.2  33.5  12:14am  20.6   8:38am   39    0  0.00   5  24   3:09am   N  1020   62
9    26.0  37.8   2:41pm  16.2   8:08am   39    0  0.00   2  16   2:59pm   N  1024   55
10   27.7  38.2   4:10pm  18.8   7:44am   37    0  0.00   1  13   3:37pm   N  1028   56
11   32.9  46.4   3:56pm  20.0   7:53am   32    0  0.00   1  19  10:11am  NW  1026   46
12   36.3  45.8   1:14pm  29.8  11:57pm   29    0  0.00   2  18   1:15pm   N  1023   56
13   35.6  50.8   4:01pm  22.9   7:55am   28    0  0.00   0   8  12:23pm   N  1027   64
14   39.8  58.0   3:56pm  25.7   7:55am   25    0  0.00   0  10  12:14pm SSW  1025   62
15
16   43.4  49.2  10:25pm  37.9   1:14am   22    0  1.45   1  17   9:15pm  NE  1021   78
17   51.8  61.2  12:09pm  47.3   4:31am   13    0  0.84   4  27  12:20pm SSW  1006   92
18   53.5  66.6   3:48pm  44.3   8:08am   12    0  0.00   2  16  12:00am  NW  1015   66
19   53.2  66.0   2:38pm  42.3   8:03am   12    0  0.00   1  17  12:59pm  NW  1016   69
20   56.1  70.3   2:25pm  43.1   7:44am   10    1  0.00   1  17  12:52pm SSW  1015   72
21   49.3  56.2  12:00am  38.3  11:55pm   16    0  0.89   1  18  12:18pm  NE  1011   95
22   42.5  48.9   4:37pm  37.5   2:06am   22    0  0.04   1  11   1:40am   N  1013   95
23   43.4  44.8  10:50pm  42.3   1:58pm   22    0  0.00   1  12   8:41pm   E  1020   94
24   50.4  64.5   7:34pm  42.9   5:57am   15    0  2.02   1  17   7:25pm  NE  1008   97
25   50.7  54.8   3:21pm  43.3  11:57pm   14    0  0.02   4  26   2:27pm  SW  1005   67
26   41.7  49.5   2:45pm  34.7   7:58am   23    0  0.00   3  30  10:07am NNW  1016   54
27   41.3  56.0   4:37pm  29.8   7:27am   24    0  0.00   1  12   2:48pm   N  1024   54
28   48.3  63.1   2:47pm  34.0   7:38am   17    0  0.00   2  20   4:01pm NNW  1024   53
29   44.7  50.1   1:04pm  36.5  11:47pm   20    0  0.09   1  13   5:51pm   E  1021   62
30   33.5  36.5  12:00am  32.2   3:24pm   31    0  0.35   2  18   6:32am  NE  1013   95
31   35.9  47.3   4:26pm  31.2   8:00am   29    0  0.00   0   6   8:02am   N  1023   85
---------------------------------------------------------------------------------------
TOT  39.7  70.3  1/20/10  16.2   1/9/10  690    1  5.71   2  30  1/26/10   N  1019   66

HEAT BASE: 65.0
COOL BASE: 65.0