NOAA-Style Climate Reports


Report for 2009 December
                  MONTHLY CLIMATOLOGICAL SUMMARY FOR 12/2009
                                        HEAT  COOL        
     MEAN                               DEG   DEG       WIND SPEED       DOM MEAN  MEAN
DAY  TEMP  HIGH   TIME     LOW   TIME   DAYS  DAYS RAIN AVG  HI  TIME    DIR BAROM HUM
---------------------------------------------------------------------------------------
1    45.4  56.5   1:38pm  33.5   7:13am   20    0  0.02   0   8  12:00am   N  1019   72
2    48.9  59.5   9:35pm  42.2   4:33am   16    0  2.97   3  20   8:29pm ENE  1008   96
3    50.0  56.0  12:00am  40.5  11:52pm   15    0  0.00   3  24   6:00am NNW  1012   75
4    44.2  50.5  12:43pm  37.6   5:28am   21    0  0.00   1  10  11:03am NNW  1019   78
5    43.5  49.8   2:38pm  32.7  11:56pm   21    0  0.00   3  22   1:38pm   N  1017   73
6    37.5  48.3   4:04pm  27.6   7:15am   27    0  0.00   0  10   1:52pm NNW  1025   76
7    42.0  49.9   2:48pm  36.2   3:37am   23    0  0.00   0   7   6:43am   N  1025   78
8    41.4  43.8   9:56am  36.3   2:07am   24    0  1.13   0  13   4:54pm ENE  1020   96
9    55.7  70.1   1:26pm  42.2  12:00am   10    1  0.50   3  32   4:40am  NW  1005   70
10   41.4  49.8  12:00am  32.5  11:57pm   23    0  0.00   5  21   2:39am NNW  1018   39
11   34.6  40.9   2:47pm  29.8   7:44am   30    0  0.00   1  12   2:06am   N  1029   40
12   35.4  40.5  11:57am  31.3   3:08am   30    0  0.11   1  12   5:43pm ENE  1031   62
13   39.4  47.1  11:56pm  34.3  12:00am   26    0  0.13   1  12   1:57am   N  1021   99
14   51.4  55.7   3:45pm  46.5   2:45am   14    0  0.01   0  16   9:50am SSW  1019  100
15   58.7  65.8   1:13pm  49.6  11:58pm    6    0  0.02   2  18   2:40pm NNW  1019   90
16   47.6  57.0   2:46pm  39.3  11:56pm   17    0  0.00   1  11   1:01am   N  1027   63
17   40.9  50.8   2:01pm  31.2   6:43am   24    0  0.00   1  12  11:08am   E  1026   65
18   37.7  42.6  12:00am  34.9   3:03pm   27    0  2.04   2  24  10:02am   N  1011   82
19   42.3  50.1   1:47pm  35.9  12:15am   23    0  0.01   2  21  11:26pm  NW  1007   82
20   39.3  45.7   3:21pm  32.2  11:55pm   26    0  0.00   4  21   9:08am NNW  1019   69
21   40.4  53.5   2:35pm  29.4   8:07am   25    0  0.00   1  17   3:07pm WNW  1022   73
22   42.3  57.5   3:55pm  30.9   7:58am   23    0  0.00   0   6  11:25am   S  1023   77
23   43.9  56.6   1:27pm  33.5   8:05am   21    0  0.00   0   7   1:07pm  SE  1023   78
24   45.0  52.5   1:39pm  37.9   5:24am   20    0  0.16   2  21   9:25pm   E  1020   74
25   46.4  53.1   4:33pm  38.9  11:57pm   19    0  1.92   2  22   1:02am   N  1010   93
26   39.3  47.7   1:43pm  32.1   7:32am   26    0  0.00   1  16   1:46pm NNW  1017   61
27   43.4  56.9   2:56pm  31.2   8:19am   22    0  0.00   1  21   1:42pm  SW  1018   62
28   39.1  44.6  12:00am  35.2  11:06pm   26    0  0.00   3  25   9:41am  NW  1018   55
29   37.8  51.4   3:15pm  29.5   7:51am   27    0  0.00   2  18  12:00am   N  1025   57
30   38.9  47.7   1:25pm  30.6  12:52am   26    0  0.09   0  10  12:17pm   E  1028   61
31   39.1  43.8   9:36pm  36.2   3:52am   26    0  0.07   1   8   9:08pm   N  1020   97
---------------------------------------------------------------------------------------
TOT  43.0  70.1  12/9/09  27.6  12/6/09  682    1  9.18   1  32  12/9/09   N  1019   74

HEAT BASE: 65.0
COOL BASE: 65.0