NOAA-Style Climate Reports


Report for 2009 November
                  MONTHLY CLIMATOLOGICAL SUMMARY FOR 11/2009
                                        HEAT  COOL        
     MEAN                               DEG   DEG       WIND SPEED       DOM MEAN  MEAN
DAY  TEMP  HIGH   TIME     LOW   TIME   DAYS  DAYS RAIN AVG  HI  TIME    DIR BAROM HUM
---------------------------------------------------------------------------------------
1    56.2  66.1   1:17pm  46.8   6:03am    9    0  0.00   1  12  11:30am   N  1017   85
2    56.8  68.4   3:30pm  49.2   5:26am    8    0  0.01   0   8   2:17pm   N  1021   83
3    58.9  76.0   3:58pm  44.1   7:25am    9    2  0.00   0   8   2:22pm NNW  1022   71
4    57.0  69.8   3:52pm  48.0   7:26am    8    1  0.00   0  16  10:42am  SW  1025   68
5    56.2  68.9   3:28pm  47.4   6:20am    9    0  0.00   1  18   9:44am   N  1025   58
6    51.5  67.9   3:24pm  37.0   7:23am   14    0  0.00   0  10   9:50am ESE  1026   65
7    52.7  70.3   3:48pm  38.2   7:18am   13    1  0.00   0  13   1:25pm SSW  1026   75
8
9    57.6  66.9   2:50pm  48.6   5:00am    8    0  0.06   0   8   3:03pm  SW  1027   82
10   58.3  59.6   1:14pm  57.2   5:46am    7    0  3.22   3  22   1:51pm  NE  1019   98
11
12   57.4  67.9   3:00pm  47.3   7:41am    8    0  0.00   1  17   1:48pm   N  1012   74
13   59.7  76.7   3:27pm  46.5   7:05am    8    3  0.00   0  11  11:35am   N  1011   72
14
15   59.2  77.9   3:40pm  44.6   7:13am    9    3  0.00   0  10   2:37pm  SW  1016   76
16   56.2  74.2   2:56pm  41.3   7:24am   11    2  0.01   0  10  11:24am  SW  1017   76
17   56.5  66.6   1:05pm  48.0   3:05am    9    0  0.27   0  13  12:34pm ESE  1017   91
18   58.3  59.9   1:26am  55.7   9:34am    7    0  0.05   0   8   2:55am   E  1018   96
19   58.8  68.4   3:28pm  48.6  11:59pm    7    0  0.04   1   8  10:57am NNW  1020   84
20   53.6  71.1   3:44pm  40.6   7:38am   12    1  0.01   0   7  10:06am  NW  1020   73
21   52.3  64.8   2:59pm  42.8   7:10am   13    0  0.00   0   8   1:19pm ESE  1020   78
22   48.1  52.8  12:00am  46.5   5:07pm   17    0  1.05   1  18   1:58pm ENE  1021   92
23
24   53.8  57.9   3:00pm  51.4   6:00am   11    0  0.00   0   6  11:00pm ENE  1021   89
25   53.4  63.4   4:02pm  44.5  11:52pm   12    0  0.00   0  12  12:35pm NNW  1018   85
26   47.9  59.6   1:37pm  39.6   7:10am   16    0  0.00   3  22   2:10pm NNW  1014   64
27   46.0  57.6   3:34pm  36.8   7:04am   19    0  0.00   2  20  11:27am  NW  1016   55
28   50.9  67.4   2:27pm  38.3   8:12am   14    0  0.00   1  12  12:00am NNW  1018   52
29   57.0  69.3   3:42pm  49.1   7:56am    9    1  0.00   1  18   3:29pm SSW  1018   54
30   52.9  61.2   3:10pm  43.5  11:50pm   12    0  0.03   3  22   4:38pm SSW  1014   78
---------------------------------------------------------------------------------------
TOT  55.1  79.6  11/8/09  36.8 11/27/09  276   14  5.70   1  28 11/11/09   N  1019   77

HEAT BASE: 65.0
COOL BASE: 65.0