NOAA-Style Climate Reports


Report for 2009 October
                  MONTHLY CLIMATOLOGICAL SUMMARY FOR 10/2009
                                        HEAT  COOL        
     MEAN                               DEG   DEG       WIND SPEED       DOM MEAN  MEAN
DAY  TEMP  HIGH   TIME     LOW   TIME   DAYS  DAYS RAIN AVG  HI  TIME    DIR BAROM HUM
---------------------------------------------------------------------------------------
1    63.5  77.9   4:26pm  51.3   6:52am    5    3  0.00   0  11   2:52pm SSW  1017   77
2
3    66.9  78.3   3:56pm  58.1  11:56pm    2    4  0.00   1  16   1:00pm SSW  1014   68
4    63.7  76.7   2:32pm  55.4   7:10am    4    3  0.13   0   6  12:01pm   N  1018   71
5    58.9  61.5   3:25pm  55.7   6:12am    6    0  1.28   1  12   8:25am ENE  1017   97
6    63.7  69.1   3:16pm  59.5   3:59am    2    1  0.00   1   8   4:05pm  SW  1016   93
7    72.5  82.8   3:04pm  63.9  11:59pm    0    8  0.34   2  16   2:31pm SSW  1015   76
8    68.3  83.2   5:00pm  55.7   7:19am    2    6  0.00   0   8  10:02am ESE  1020   67
9    73.5  84.1   3:16pm  65.3   2:13am    0    9  0.00   1  17  12:19pm  SW  1016   82
10   72.6  77.9   3:46pm  66.4  11:36pm    0    8  0.00   2  18   3:13pm NNW  1016   81
11   67.3  79.0   3:36pm  58.7   8:03am    1    4  0.00   0   8  12:00am   N  1021   83
12   61.1  63.9  12:00am  59.3  10:08am    4    0  3.61   1  14   5:38pm ENE  1022   98
13   65.7  77.9   4:20pm  58.1   4:41am    3    3  0.00   0   7   2:12am ENE  1022   85
14   60.4  65.2  12:00am  52.8  11:29pm    5    0  0.87   0  13   5:38pm   E  1017   98
15   52.6  56.2  11:46pm  49.2   5:52am   12    0  0.11   0  10   1:58am  NE  1011   98
16
17   48.3  50.1   1:13pm  43.5  11:58pm   17    0  0.34   2  17   2:00am   N  1016   93
18   47.7  59.5   4:30pm  39.2   7:07am   17    0  0.01   2  18  12:52pm   N  1022   69
19   48.4  63.9   4:45pm  34.9   7:52am   16    0  0.00   0   8   3:19pm  SW  1026   72
20   53.0  73.3   5:08pm  38.0   7:31am   13    1  0.00   0   8   2:02pm SSW  1025   75
21   57.4  78.1   4:19pm  41.9   7:50am   10    3  0.01   0   7   2:01pm   N  1024   76
22   61.1  77.9   4:02pm  47.0   8:02am    7    3  0.00   0   7   1:43pm ESE  1019   83
23   69.7  78.6   3:10pm  62.3   6:46am    1    5  0.02   1  17   3:26pm SSW  1012   87
24   61.5  71.6  12:06am  48.5  11:33pm    5    1  0.08   2  19  11:48am SSW  1011   84
25   52.7  65.0   3:56pm  43.6   5:21am   12    0  0.00   0  11  12:30pm NNW  1018   77
26   57.7  67.8   3:09pm  50.4   4:01am    7    0  0.00   1  16   8:32am   E  1021   72
27   55.9  58.0  12:00am  54.2   8:44am    9    0  1.63   0  11   9:00am   E  1015   93
28   63.0  75.6   3:45pm  56.2   1:51am    4    2  0.00   1  12   6:05am NNW  1015   84
29   64.5  76.7   2:18pm  54.2   7:18am    4    3  0.00   0  11   1:38pm   E  1021   82
30   61.2  65.3  11:27am  58.6   4:42am    4    0  0.08   0  10  10:44am   E  1020   95
31   63.1  70.4  10:34am  51.6  11:35pm    3    1  0.19   1  14  10:34am NNW  1015   96
---------------------------------------------------------------------------------------
TOT  61.3  84.1  10/9/09  34.9 10/19/09  175   67  8.72   1  21 10/16/09   N  1018   83

HEAT BASE: 65.0
COOL BASE: 65.0