NOAA-Style Climate Reports


Report for 2009 September
                  MONTHLY CLIMATOLOGICAL SUMMARY FOR 9/2009
                                        HEAT  COOL        
     MEAN                               DEG   DEG       WIND SPEED       DOM MEAN  MEAN
DAY  TEMP  HIGH   TIME     LOW   TIME   DAYS  DAYS RAIN AVG  HI  TIME    DIR BAROM HUM
---------------------------------------------------------------------------------------
1    69.8  74.4   4:27pm  67.1   7:22am    0    5  0.00   1  13   8:58am   E  1021   86
2    71.5  81.8   4:40pm  62.6   7:15am    0    7  0.00   0  13   9:31am   E  1021   69
3
4    74.6  89.5   5:08pm  62.4   7:12am    0   10  0.00   0   8   2:00pm   E  1018   67
5    75.5  88.8   2:32pm  64.0   7:07am    0   11  0.00   0   7   1:16pm   E  1021   72
6    78.1  90.5   4:44pm  68.8   7:25am    0   13  0.00   0  10   2:14pm ESE  1021   68
7    76.9  89.0   6:02pm  67.8   7:05am    0   12  0.00   0   8   1:44pm NNW  1019   62
8    76.9  88.6   5:02pm  65.5   7:08am    0   12  0.00   0  12   3:42pm  SW  1017   69
9    75.4  89.5   4:31pm  67.1   6:50am    0   10  0.05   0  14   7:58pm   E  1018   77
10   69.6  75.6   3:43pm  66.0   4:08am    0    5  0.00   1  12   5:16pm   E  1021   89
11   70.8  77.9   5:58pm  66.6   7:14am    0    6  0.00   0   7   2:12am ENE  1021   82
12   75.1  85.9   2:51pm  66.0   7:31am    0   10  0.00   0  10   5:38pm  SW  1017   78
13   75.4  86.3   2:57pm  67.8   4:49am    0   10  0.00   0   8   9:03am  SE  1015   74
14   76.5  87.8   2:26pm  69.3   6:28am    0   12  0.00   1  10   4:17pm SSW  1017   76
15   74.5  83.4   3:44pm  70.1  11:18pm    0   10  0.23   0   6   8:01am SSW  1016   87
16   73.8  83.0   3:43pm  69.4   8:23am    0    9  0.57   0   8   5:08pm   E  1016   90
17   70.8  74.4  12:12pm  67.1   7:52am    0    6  0.88   0   8  12:04pm   E  1018   97
18   71.3  77.6   5:28pm  68.3   7:44am    0    6  0.49   0   8  11:36am NNW  1019   96
19   73.1  77.0   2:56pm  71.6   3:17am    0    8  0.33   0   7   5:56pm   E  1020   98
20   73.5  81.6   3:43pm  70.6   4:53am    0    9  1.50   0  16   7:01pm ESE  1021   96
21   72.9  80.1   2:19pm  69.3  11:59pm    0    8  1.35   0  14   6:02pm ESE  1021   98
22   75.0  85.7   4:02pm  68.3   2:19am    0   10  0.00   0  11   4:14pm   E  1021   84
23   75.0  84.9   4:07pm  68.3   6:16am    0   10  0.00   1  10  11:49am ENE  1021   85
24   78.3  90.3   4:24pm  70.6   4:18am    0   13  0.00   0  10   5:19pm  SW  1020   81
25   79.0  88.6   3:51pm  70.1   7:35am    0   14  0.00   1  11  11:55am SSW  1019   81
26   69.2  76.8  12:00am  63.1  11:08pm    0    5  1.81   1  16   6:27pm   E  1017   96
27   69.6  79.8   2:48pm  62.4   4:55am    1    5  0.00   2  19  12:34pm NNW  1011   80
28   71.6  84.0   3:45pm  61.5   5:05am    1    7  0.00   5  24  12:50pm SSW  1010   73
29   62.7  72.7   4:19pm  52.2   7:50am    4    2  0.00   2  21  11:35am NNW  1014   57
30   62.0  75.8   5:07pm  49.6   7:55am    6    3  0.00   1  11  12:33pm  SW  1017   70
---------------------------------------------------------------------------------------
TOT  73.0  90.5   9/6/09  49.6  9/30/09   12  246  7.21   1  24  9/28/09   E  1018   80

HEAT BASE: 65.0
COOL BASE: 65.0