NOAA-Style Climate Reports


Report for 2009 August
                  MONTHLY CLIMATOLOGICAL SUMMARY FOR 8/2009
                                        HEAT  COOL        
     MEAN                               DEG   DEG       WIND SPEED       DOM MEAN  MEAN
DAY  TEMP  HIGH   TIME     LOW   TIME   DAYS  DAYS RAIN AVG  HI  TIME    DIR BAROM HUM
---------------------------------------------------------------------------------------
1    80.4  92.9   5:37pm  72.7   7:42am    0   15  0.19   1  17  11:04pm SSW  1019   80
2    77.2  85.1   4:44pm  72.5   5:50am    0   12  0.00   1  17  12:00am  SW  1017   86
3    80.7  92.5   4:29pm  71.6   4:16am    0   16  0.00   2  13   2:39pm SSW  1018   75
4    83.3  95.4   4:17pm  71.5   7:21am    0   18  0.00   1  14  11:17am   N  1018   68
5
6    82.1  93.2   6:20pm  70.3   7:07am    0   16  0.00   1  13   2:35pm   N  1016   62
7    83.6  96.8   4:32pm  72.1   7:20am    0   19  0.00   0  11  11:43am   N  1020   60
8    84.3  97.8   3:33pm  70.9   7:03am    0   19  0.00   0  13   5:03pm  SW  1023   60
9    84.8  99.0   4:55pm  72.0   7:12am    0   20  0.00   0  12   3:41pm  SW  1023   59
10   85.8  98.0   4:15pm  73.3   6:40am    0   21  0.00   2  14   4:33pm NNW  1020   61
11   86.3  99.0   4:42pm  71.6  11:38pm    0   21  0.81   2  27   9:39pm   N  1017   64
12   74.9  84.3   6:44pm  71.5  12:03am    0   10  0.07   0  11  12:00am  NE  1016   89
13   80.1  93.8   4:24pm  68.4   6:59am    0   14  0.01   0   7   3:54am   E  1018   72
14   80.7  92.3   5:23pm  70.4   7:10am    0   16  0.00   1  13   1:40pm   E  1020   71
15
16   77.6  92.7   3:34pm  70.8   5:00am    0   13  0.03   0  22   7:32pm   E  1022   81
17   78.7  92.3   4:43pm  70.4   2:57am    0   14  0.05   1  16   7:36pm  SE  1023   79
18   80.7  93.2   5:16pm  71.3   7:30am    0   16  0.00   1  13   3:58pm SSW  1021   76
19   80.8  91.2   1:40pm  72.8   7:05am    0   16  0.00   1  19   3:01pm SSW  1019   76
20   80.5  91.8   4:41pm  73.0   7:18am    0   15  0.31   1  17   2:18pm  SW  1017   80
21   79.4  90.1   5:30pm  69.9   6:52am    0   14  0.00   1  14   9:46am   N  1016   78
22   77.2  88.4   4:54pm  68.1   7:16am    0   12  0.07   3  19  12:04am NNW  1012   73
23   75.2  85.9   5:02pm  65.2   7:25am    0   10  0.00   1  11  12:00am   N  1013   69
24   77.2  90.1   3:12pm  66.3   6:50am    0   12  0.00   1   8   9:18am   E  1017   70
25   78.8  93.6   4:42pm  66.6   5:18am    0   14  0.00   0  10   1:32pm ESE  1019   65
26   80.7  95.4   5:32pm  67.4   7:22am    0   16  0.00   1  10   4:40pm SSW  1020   66
27   78.3  88.4   1:02pm  72.0   7:12am    0   13  0.00   1  11   6:23pm  SW  1019   77
28   71.6  77.4  11:50am  67.8   1:21pm    0    7  0.35   0  17  12:05pm   E  1016   92
29   75.0  88.8   5:16pm  64.8   7:24am    0   10  0.00   1  14   3:02pm NNW  1013   81
30   73.7  84.3  12:47pm  67.8   3:53pm    0    9  1.01   1  20   2:59pm   N  1015   86
31   70.0  74.0   6:43pm  67.8  12:06am    0    5  0.22   0  11   4:24pm ENE  1018   95
---------------------------------------------------------------------------------------
TOT  79.4  99.0   8/9/09  64.8  8/29/09    0  413  3.12   1  27  8/11/09 SSW  1018   74

HEAT BASE: 65.0
COOL BASE: 65.0