NOAA-Style Climate Reports


Report for 2009 July
                  MONTHLY CLIMATOLOGICAL SUMMARY FOR 7/2009
                                        HEAT  COOL        
     MEAN                               DEG   DEG       WIND SPEED       DOM MEAN  MEAN
DAY  TEMP  HIGH   TIME     LOW   TIME   DAYS  DAYS RAIN AVG  HI  TIME    DIR BAROM HUM
---------------------------------------------------------------------------------------
1    84.3  95.9   4:01pm  72.0   5:29am    0   19  0.00   2  28   3:18pm NNW  1008   46
2    81.8  91.4   4:55pm  69.8   6:39am    0   17  0.00   2  20   3:55pm   N  1013   48
3    80.2  91.6   4:45pm  67.8   6:55am    0   15  0.00   2  14   3:49pm   N  1017   52
4    81.0  94.9   5:37pm  66.8   7:17am    0   16  0.00   1  12   4:37pm   E  1018   49
5    76.7  82.8  11:47am  72.3   5:06am    0   12  0.05   1  26  11:18pm  SW  1013   73
6    79.4  93.6   6:00pm  70.6   4:31am    0   14  0.01   3  26  12:00am  SW  1010   76
7    79.1  91.6   1:06pm  73.2   4:07am    0   14  0.03   1  12   5:22pm   E  1010   79
8    76.6  90.1   1:33pm  71.8  11:49pm    0   12  0.01   1  25   2:30pm   E  1012   83
9    77.8  90.5   4:24pm  68.3   6:19am    0   13  0.00   1  11   2:51pm ESE  1018   70
10   78.3  91.0   3:55pm  67.4   6:23am    0   13  0.00   0   8  10:50am ESE  1024   69
11   78.6  89.9   3:48pm  67.4   7:02am    0   14  0.00   1  12  11:53am SSW  1024   67
12   80.6  92.7   5:21pm  70.4   6:50am    0   16  0.09   2  19  10:17pm  SW  1020   68
13   78.8  89.9   4:50pm  71.1   4:46am    0   14  0.07   2  18  10:35am NNW  1015   78
14   82.4  95.4   3:42pm  71.3   6:46am    0   17  0.00   1  11  10:11am   E  1018   66
15   82.8  95.6   5:05pm  69.9   7:06am    0   18  0.00   1  13  12:58pm  SW  1020   61
16   83.6  93.2   4:32pm  74.9   7:06am    0   19  0.00   2  19   5:07pm   N  1016   68
17   80.9  91.6   4:17pm  74.6   6:38am    0   16  0.13   3  21   5:15pm  SW  1013   72
18   76.5  87.0   5:02pm  66.8   7:12am    0   11  0.00   3  20   7:28pm   N  1016   56
19   74.1  84.0   4:48pm  62.1   7:11am    0    9  0.00   1  18   5:23pm   N  1019   56
20   75.2  86.7   1:36pm  61.3   7:11am    0   11  0.00   1  13   5:19pm   N  1018   54
21   77.0  91.2   4:57pm  62.6   7:05am    0   12  0.00   0  12   2:09pm  SW  1018   58
22   78.7  91.4   5:54pm  68.4   6:38am    0   14  0.00   1  17   1:24pm  SW  1017   72
23   78.7  89.7   2:29pm  71.1   7:03am    0   14  0.02   2  19   5:47pm  SW  1015   76
24   81.1  93.8   5:47pm  69.9   7:00am    0   16  0.00   1  17   2:58pm NNW  1015   58
25   81.8  95.6   4:59pm  67.9   6:42am    0   17  0.00   1  17   4:30pm  SW  1016   56
26   83.6  96.3   4:56pm  72.5   6:54am    0   19  0.00   1  17  11:11am  SW  1016   55
27   81.6  93.2   5:52pm  70.3   6:41am    0   17  0.13   1  16  11:43am  SW  1016   68
28   81.0  92.7   2:06pm  72.3  11:28pm    0   16  0.01   2  21   8:33pm SSW  1016   71
29   78.8  88.2   5:09pm  72.1   3:03am    0   13  0.00   5  28   1:19pm  SW  1015   77
30   77.2  84.7   2:32pm  73.5   5:55am    0   12  0.32   2  19   3:15pm SSW  1017   86
31   78.2  87.4   3:54pm  72.3   6:26am    0   13  0.33   2  24  12:12pm SSW  1018   85
---------------------------------------------------------------------------------------
TOT  79.6  96.3  7/26/09  61.3  7/20/09    1  452  1.20   2  28   7/1/09  SW  1016   66

HEAT BASE: 65.0
COOL BASE: 65.0