NOAA-Style Climate Reports


Report for 2009 June
                  MONTHLY CLIMATOLOGICAL SUMMARY FOR 6/2009
                                        HEAT  COOL        
     MEAN                               DEG   DEG       WIND SPEED       DOM MEAN  MEAN
DAY  TEMP  HIGH   TIME     LOW   TIME   DAYS  DAYS RAIN AVG  HI  TIME    DIR BAROM HUM
---------------------------------------------------------------------------------------
1    78.9  93.6   4:56pm  63.2   6:29am    0   14  0.00   0  10   9:51am   N  1018   57
2    80.1  93.8   3:22pm  65.2   6:36am    0   15  0.00   0  13   4:01pm SSW  1018   62
3    79.9  92.5   3:52pm  68.4   6:57am    0   15  0.00   1  17   3:18pm SSW  1017   66
4    71.5  77.2   4:55pm  68.4   6:42am    0    6  0.91   1  14   6:53pm  SW  1013   90
5    73.1  83.6   3:50pm  66.6   4:42am    0    8  0.39   1  13   1:47am   N  1009   85
6    74.4  85.1   6:10pm  67.3   5:08am    0    9  0.00   1  11  10:06am   E  1014   80
7    76.2  88.4   5:32pm  66.0   6:34am    0   11  0.00   0  10   1:44pm   E  1017   72
8    77.5  90.1   4:51pm  64.5   6:09am    0   12  0.00   1  10   3:25pm   N  1016   69
9
10   79.0  88.8   3:08pm  72.1   6:55am    0   14  0.01   1  16   5:04pm   N  1014   73
11   78.9  91.0   2:50pm  70.8   5:44am    0   14  0.02   2  19   4:33pm NNW  1013   77
12   79.1  89.3   1:54pm  72.7   4:34am    0   14  0.03   2  27   3:50pm  SW  1012   77
13   78.6  87.4   3:42pm  69.8   7:03am    0   14  0.01   2  18   2:46pm   N  1014   75
14   79.0  88.0  12:54pm  70.9   6:50am    0   14  0.00   2  14   4:52pm   N  1015   74
15   80.3  92.9   5:02pm  69.1   6:38am    0   15  0.00   1  11   2:03pm NNW  1015   71
16   82.7  94.0   5:33pm  71.5   6:52am    0   18  0.00   1  16  12:46pm   N  1016   67
17   82.0  94.0   3:26pm  72.5   6:44am    0   17  0.00   0   8   2:17pm   E  1017   74
18   78.4  92.5   3:13pm  67.1   5:38am    0   13  0.34   1  25  12:21am   N  1015   77
19   83.7  95.4   5:32pm  71.1   6:03am    0   19  0.00   2  17  12:30pm   N  1014   68
20   86.1  97.1   4:19pm  76.8   6:37am    0   21  0.00   2  20   4:46pm NNW  1013   63
21   86.9  97.5   5:10pm  78.1   6:27am    0   22  0.00   3  20  10:49am   N  1011   61
22   81.9  93.4   3:49pm  76.3  11:21pm    0   17  0.02   3  18   6:10pm   N  1009   73
23   84.0  98.2   5:53pm  72.5   6:53am    0   19  0.00   1  12   9:59am   N  1009   60
24   84.5  95.9   7:27pm  73.2   4:41am    0   20  0.00   0   8   2:36pm   N  1011   59
25   83.3  96.3   2:35pm  73.3   6:37am    0   18  0.00   1  22   1:35pm SSW  1012   66
26   83.6  96.6   3:48pm  71.8   6:30am    0   19  0.00   2  17  12:33pm   N  1012   64
27   85.7  97.8   4:54pm  75.8   6:35am    0   21  0.00   3  21   5:26pm   N  1011   63
28   86.9  98.5   4:42pm  76.1   6:15am    0   22  0.00   1  17  11:28am   N  1010   59
29   84.8  93.6   3:03pm  76.3   6:54am    0   20  0.00   3  21   1:04pm   N  1007   51
30   80.4  92.7   4:54pm  65.5   6:30am    0   15  0.00   3  25   1:51pm   N  1007   46
---------------------------------------------------------------------------------------
TOT  80.7  98.5  6/28/09  63.2   6/1/09    0  457  1.73   1  27  6/12/09   N  1013   68

HEAT BASE: 65.0
COOL BASE: 65.0