NOAA-Style Climate Reports


Report for 2009 May
                  MONTHLY CLIMATOLOGICAL SUMMARY FOR 5/2009
                                        HEAT  COOL        
     MEAN                               DEG   DEG       WIND SPEED       DOM MEAN  MEAN
DAY  TEMP  HIGH   TIME     LOW   TIME   DAYS  DAYS RAIN AVG  HI  TIME    DIR BAROM HUM
---------------------------------------------------------------------------------------
1    72.2  80.9   3:08pm  64.2  11:55pm    0    7  0.06   2  21   3:13pm  SW  1021   67
2    67.8  77.7   1:18pm  61.5   7:09am    1    4  0.27   1  18   4:58pm  SW  1017   90
3    71.1  81.4   4:28pm  64.7  11:53pm    0    6  0.09   3  20  12:57pm SSW  1014   83
4    67.0  74.7   6:43pm  63.2   9:41am    0    2  0.27   2  16   6:33pm SSW  1015   90
5    72.7  83.6   5:06pm  65.0   2:40am    0    8  0.24   1  14   1:58pm SSW  1016   81
6    70.4  79.9   2:39pm  66.0  10:43pm    0    5  0.15   3  27   4:19pm SSW  1016   88
7    72.7  84.3   5:59pm  65.0   6:50am    0    8  0.43   2  18   3:57pm SSW  1015   82
8    73.1  83.4   5:12pm  65.6   6:10am    0    8  0.00   1  17   2:05pm SSW  1014   87
9    74.9  82.8   2:36pm  67.6   6:34am    0   10  0.00   3  19  11:43am SSW  1016   77
10   73.9  84.0   1:22pm  66.3  11:52pm    0    9  0.00   2  19   4:58pm   N  1018   68
11   66.1  74.7  12:15pm  59.6   7:51am    1    2  0.54   1  14   6:53am   N  1018   79
12
13   66.9  75.3   3:28pm  56.6   6:55am    2    4  0.00   0  10  11:00am   E  1024   71
14   72.7  84.9   6:17pm  64.0   6:04am    0    8  0.00   0  10   2:38pm   E  1023   77
15   75.4  88.6   4:26pm  64.3   6:37am    0   10  0.00   1  17   7:25pm ESE  1022   76
16   71.5  79.6   4:22pm  67.9  11:58pm    0    7  0.12   1  24   1:48pm SSW  1020   88
17   66.4  74.2   1:20pm  55.0  11:42pm    1    3  0.45   0  14   9:49pm   N  1017   92
18   59.3  69.3   4:40pm  52.8   6:24am    6    1  0.00   2  18   8:59am   E  1023   65
19   60.3  72.7   4:45pm  48.5   5:08am    6    2  0.00   2  24  10:31am  NE  1026   48
20   68.2  78.5   3:26pm  60.2   6:57am    1    5  0.00   2  20   9:53am   E  1025   52
21   68.7  74.7   5:36pm  63.1   4:53am    0    4  0.00   2  17  12:27am   E  1023   80
22   70.9  76.0   5:43pm  65.3   6:49am    0    6  0.09   0  11   9:30am   E  1021   82
23   71.1  79.8   4:33pm  65.8   6:55am    0    6  0.01   1  13   5:06pm   E  1019   85
24   72.2  83.2   4:35pm  67.6   6:45am    0    7  0.33   1  10   3:23pm ESE  1017   89
25   73.3  85.5   5:18pm  67.9   3:02am    0    8  0.00   0  10   4:08pm ESE  1015   86
26   73.2  84.0   2:08pm  66.6   5:37am    0    8  0.02   0  11   3:38pm ESE  1014   86
27   73.6  84.0   6:12pm  66.9   6:23am    0    9  0.00   1   7   5:06am SSW  1012   82
28   76.2  85.5   4:34pm  67.3   6:23am    0   11  0.00   2  19   3:58pm  SW  1011   79
29
30   74.9  88.2   3:57pm  61.6   6:52am    0   10  0.00   2  14   1:45pm   N  1013   60
31   79.0  90.3   2:57pm  65.5   6:14am    0   14  0.00   2  19   2:06pm   N  1014   59
---------------------------------------------------------------------------------------
TOT  70.9  90.3  5/31/09  48.5  5/19/09   21  192  3.07   1  27   5/6/09 SSW  1018   77

HEAT BASE: 65.0
COOL BASE: 65.0