NOAA-Style Climate Reports


Report for 2009 April
                  MONTHLY CLIMATOLOGICAL SUMMARY FOR 4/2009
                                        HEAT  COOL        
     MEAN                               DEG   DEG       WIND SPEED       DOM MEAN  MEAN
DAY  TEMP  HIGH   TIME     LOW   TIME   DAYS  DAYS RAIN AVG  HI  TIME    DIR BAROM HUM
---------------------------------------------------------------------------------------
1    59.5  64.0   5:01pm  55.7   3:06am    5    0  0.30   1  18   4:54am   E  1010   97
2    61.3  63.1  11:03am  59.5   3:16pm    4    0  1.05   0  13   3:52pm  SE  1005   99
3    59.5  66.3   2:06pm  52.2  11:54pm    5    0  0.02   5  29   1:31pm   N  1001   74
4    61.0  78.8   5:39pm  44.8   7:23am    8    4  0.00   2  16   5:06pm   N  1011   57
5    59.9  70.4   2:42pm  50.4   7:02am    6    1  0.01   1  17   3:44pm SSW  1009   77
6    53.1  62.9   5:36am  43.1  11:59pm   12    0  0.01   6  30   8:04am   N  1004   72
7    42.0  47.9   6:08pm  37.5   8:13am   22    0  0.00   5  29   4:36pm   N  1011   66
8    49.9  67.8   7:02pm  34.4   6:49am   15    0  0.00   3  24   8:06pm SSW  1012   53
9    63.2  77.4   6:11pm  48.8   8:57am    5    3  0.00   2  19   4:08pm SSW  1010   53
10   64.0  74.0   5:18pm  56.5   8:24am    3    2  0.43   4  30   4:07pm SSW  1010   78
11   60.3  69.6   5:32pm  51.1   7:21am    5    1  0.01   3  21  12:07pm   N  1012   75
12   59.9  73.9   5:17pm  47.9   4:53am    7    2  0.00   1  14   3:53pm   E  1018   63
13   57.7  63.4   4:44pm  51.3   8:46am    7    0  0.68   1  28  11:52am ESE  1014   91
14   62.0  71.3   2:41pm  52.9  11:57pm    4    1  0.53   2  22   5:36pm   N  1005   84
15   57.3  70.1   4:03pm  46.7   7:22am    8    1  0.00   3  17   5:44pm   N  1012   66
16   59.3  72.5   6:15pm  48.8   7:06am    7    2  0.00   1  16   9:56am   E  1020   65
17   60.3  74.7   5:38pm  45.2   7:37am    7    2  0.00   0  11   5:43pm   E  1024   53
18   60.4  74.9   2:55pm  43.2   7:21am    8    3  0.00   1  14   3:17pm  SW  1020   58
19   62.3  69.6   4:07pm  55.4   5:04am    4    1  0.08   1  18   5:06pm SSW  1013   77
20   64.2  71.1   4:08pm  58.3  11:57pm    2    1  0.10   3  20   3:54pm SSW  1007   78
21   61.0  71.8   2:15pm  56.5  12:54am    5    1  0.00   1  28   4:05pm   N  1009   59
22   59.5  70.4   5:21pm  46.0   7:07am    7    1  0.00   2  25   6:04pm   N  1016   39
23   67.7  85.7   4:31pm  50.1   6:14am    5    8  0.00   1  21   9:47pm  SW  1020   62
24   75.0  88.8   3:20pm  59.3   7:04am    1   11  0.00   1  17   4:46pm SSW  1024   58
25   75.4  89.9   4:42pm  60.4   7:06am    1   11  0.00   1  14   5:45pm  SW  1027   59
26   73.1  86.1   4:35pm  60.5   7:33am    1    9  0.00   1  14   3:33pm SSW  1028   62
27   71.1  85.1   3:59pm  58.6   6:56am    1    7  0.00   0  16   2:25pm ESE  1029   65
28   70.5  83.0   2:41pm  58.6   6:38am    1    7  0.00   1  10   9:58am  SW  1028   65
29   70.9  85.7   3:56pm  59.0   6:22am    2    7  0.00   1  13   4:44pm  SW  1026   66
30   70.9  82.8   3:49pm  60.9   7:08am    1    7  0.00   1  14   4:03pm SSW  1024   67
---------------------------------------------------------------------------------------
TOT  62.4  89.9  4/25/09  34.4   4/8/09  169   93  3.22   2  30   4/6/09 SSW  1015   68

HEAT BASE: 65.0
COOL BASE: 65.0