NOAA-Style Climate Reports


Report for 2009 March
                  MONTHLY CLIMATOLOGICAL SUMMARY FOR 3/2009
                                        HEAT  COOL        
     MEAN                               DEG   DEG       WIND SPEED       DOM MEAN  MEAN
DAY  TEMP  HIGH   TIME     LOW   TIME   DAYS  DAYS RAIN AVG  HI  TIME    DIR BAROM HUM
---------------------------------------------------------------------------------------
1    38.4  52.3  12:00am  32.8   4:24pm   25    0  1.16   3  25   9:00pm  NE  1006   98
2    35.0  46.1   5:00pm  27.9   8:00am   30    0  0.89   2  18   8:00pm   N  1017   62
3    33.2  44.1   5:06pm  22.4   6:55am   32    0  0.31   0   8  12:28pm   N  1027   61
4    39.7  55.3   4:51pm  29.0   3:54am   25    0  0.00   0  14   2:16pm SSW  1029   60
5    46.0  63.7   4:04pm  29.7   6:55am   19    0  0.00   0  13   3:24pm  SW  1028   66
6    55.5  69.9   3:55pm  39.6   5:14am   10    1  0.00   2  21  11:42am SSW  1024   74
7    60.1  72.8   4:30pm  53.1   7:07am    6    1  0.00   1  13   3:34pm  SW  1022   81
8    61.9  76.5   3:26pm  46.2   7:36am    6    3  0.00   3  29  12:24pm  SW  1018   74
9    70.2  82.4   3:07pm  60.1   7:18am    1    6  0.00   2  20   2:15pm WSW  1017   70
10   70.4  82.2   5:06pm  57.5   7:16am    1    6  0.00   1  13   2:35pm SSW  1017   69
11   69.6  80.7   4:13pm  59.5   8:25am    1    5  0.00   3  19   4:44pm   N  1018   66
12   61.3  69.6   4:58pm  53.1  11:51pm    4    1  0.00   1  17  10:08pm   N  1021   53
13   48.6  53.1  12:00am  42.1  11:54pm   16    0  0.00   2  14   1:40am   E  1023   67
14   42.1  44.1   6:05pm  40.1   5:05am   23    0  0.29   1  11  12:56am   E  1021   98
15   46.7  51.7   9:59pm  42.9   4:56am   18    0  1.10   1  10   6:51am   E  1019  100
16   52.9  55.7   3:38pm  50.2   6:58am   12    0  0.33   0   8   6:35pm   N  1020  100
17   60.2  73.3   4:54pm  51.4   6:00am    7    2  0.00   1  10   1:11pm   N  1020   76
18   57.0  71.3   5:06pm  48.2   5:28am    9    1  0.00   1  10   4:06pm SSW  1022   74
19   59.8  76.0   3:23pm  42.8   7:30am    8    3  0.00   2  19   9:12pm   N  1017   66
20   58.6  69.3   5:51pm  49.1   8:17am    7    0  0.00   2  16  11:14am   E  1020   45
21   52.5  65.0   4:51pm  41.9   8:04am   12    0  0.00   1  11   8:27am   E  1027   50
22
23   58.7  75.4   3:58pm  42.8   7:43am    8    2  0.00   1  13   5:00pm  SW  1022   55
24   60.2  71.6   4:23pm  46.4   8:07am    6    2  0.00   1  14   4:47pm  SE  1021   72
25   56.2  62.1  12:00am  49.1  11:50pm    9    0  0.09   1  12   1:32pm   E  1019   91
26   55.0  63.7   6:55pm  47.7   4:14am   10    0  0.48   1  19   1:45pm SSW  1013   98
27   59.5  62.0   5:32pm  56.3   4:21am    6    0  1.42   1  11   8:27pm SSW  1008  100
28   60.1  61.8   6:55pm  59.0   2:40pm    5    0  0.92   1  20   2:46pm SSW  1005  100
29   52.0  62.1   2:22am  46.1   7:56am   13    0  0.00   4  24   7:18pm   N  1005   76
30   55.2  72.5   4:39pm  40.9   7:00am   11    1  0.00   1  13   3:47pm   N  1014   57
31   56.2  64.2   4:07pm  49.6   6:05am    9    0  0.01   0  12   4:19pm   E  1014   76
---------------------------------------------------------------------------------------
TOT  54.5  82.4   3/9/09  22.5   3/3/09  351   35  7.00   1  27   3/8/09 SSW  1019   74

HEAT BASE: 65.0
COOL BASE: 65.0