NOAA-Style Climate Reports


Report for 2009 February
                  MONTHLY CLIMATOLOGICAL SUMMARY FOR 2/2009
                                        HEAT  COOL        
     MEAN                               DEG   DEG       WIND SPEED       DOM MEAN  MEAN
DAY  TEMP  HIGH   TIME     LOW   TIME   DAYS  DAYS RAIN AVG  HI  TIME    DIR BAROM HUM
---------------------------------------------------------------------------------------
1    44.3  62.0   2:37pm  28.7   7:34am   21    0  0.00   1  20  12:24pm SSW  1020   63
2    44.1  61.5   1:08pm  34.1   7:18am   21    0  0.15   2  18   1:10pm   N  1014   80
3    38.4  49.5   2:08pm  25.1  11:58pm   27    0  0.00   4  31   8:37pm   N  1014   50
4    24.8  34.1   3:52pm  17.7   6:42am   40    0  0.00   8  31  12:13am   N  1026   46
5    30.1  44.5   4:44pm  17.7   7:24am   35    0  0.00   1  13  12:00am   N  1032   45
6    43.5  62.9   4:31pm  26.7   6:41am   22    0  0.00   2  16   4:35pm  SW  1030   46
7    51.5  69.6   3:23pm  32.2   7:20am   14    1  0.00   2  21   2:57pm  SW  1029   54
8    58.7  71.5   3:09pm  47.6   5:28am    7    1  0.00   1  21   2:44pm  SW  1025   63
9    58.4  72.8   3:23pm  44.2   7:40am    8    2  0.00   1  14   3:34pm SSW  1024   74
10   57.8  70.8   2:44pm  45.8   7:44am    8    1  0.00   1  18  12:24pm SSW  1021   75
11   60.5  70.1   2:36pm  51.0   4:07am    6    1  0.00   6  35   4:05pm SSW  1014   75
12   59.0  69.1   4:02pm  51.0   7:43am    6    0  0.00   4  21  12:50pm   N  1016   41
13
14   54.2  59.6  12:00am  49.5   9:00am   11    0  0.40   2  18   6:00pm SSW  1012   82
15   50.5  62.6   4:40pm  41.5   6:59am   15    0  0.00   0  11  11:00am NNW  1015   77
16   46.9  56.5   1:55pm  37.8   7:26am   18    0  0.00   3  18   4:50pm   N  1020   49
17   43.1  52.9   3:47pm  32.1   7:42am   22    0  0.00   1  11   4:16pm SSW  1023   51
18   52.1  63.1   6:21pm  44.3   5:37am   13    0  0.60   1  20   9:36pm SSW  1008   90
19   48.7  59.3  12:00am  35.2  11:56pm   16    0  0.01   6  30   9:46am   N  1008   57
20   36.7  47.3   4:18pm  27.2   7:25am   28    0  0.00   3  22   1:56am   N  1020   36
21   43.2  58.7   3:33pm  28.5   7:01am   22    0  0.00   1  17   4:05pm SSW  1022   44
22   42.9  47.6   3:03pm  32.4  11:58pm   22    0  0.00   6  29  11:54am   N  1022   46
23   39.0  53.6   4:02pm  27.6   6:57am   26    0  0.00   3  16   7:56pm   N  1028   42
24   42.0  56.2   4:47pm  30.0   7:37am   23    0  0.00   1  12   4:03am   N  1027   42
25   50.7  62.7   3:07pm  40.8   6:56am   14    0  0.02   0  12   3:20pm SSW  1026   56
26   57.5  66.9   4:22pm  47.0   7:08am    7    0  0.01   1  14   3:01pm SSW  1023   75
27   56.4  60.1  12:40am  54.7  10:43pm    9    0  0.77   2  16  12:04am SSW  1016   89
28   56.0  59.6   5:22pm  52.2  11:57pm    9    0  1.27   1  13   5:30pm   N  1009   99
---------------------------------------------------------------------------------------
TOT  48.1  72.8   2/9/09  17.7   2/4/09  470    7  3.23   2  34  2/11/09   N  1020   61

HEAT BASE: 65.0
COOL BASE: 65.0