NOAA-Style Climate Reports


Report for 2009 January
                  MONTHLY CLIMATOLOGICAL SUMMARY FOR 1/2009
                                        HEAT  COOL        
     MEAN                               DEG   DEG       WIND SPEED       DOM MEAN  MEAN
DAY  TEMP  HIGH   TIME     LOW   TIME   DAYS  DAYS RAIN AVG  HI  TIME    DIR BAROM HUM
---------------------------------------------------------------------------------------
1    37.6  50.3   4:00pm  28.7   9:00am   27    0  0.00   0  11  10:00am   E  1024   47
2    39.6  42.3   8:00pm  35.8  12:00am   25    0  0.12   0  10  12:00pm   N  1018   81
3    49.4  55.9   5:00pm  41.5   1:00am   16    0  0.01   0   5   3:00pm   N  1017  100
4    56.2  62.5   5:00pm  52.3   8:00am    9    0  0.26   0   8   1:00am NNW  1018   98
5    60.2  66.7   5:00pm  54.1   1:00am    5    0  0.15   1  11  11:00pm SSW  1015   96
6    65.1  71.2   5:00pm  62.0   1:00am    1    1  0.58   6  27   3:00pm SSW  1005   90
7    55.3  67.0  12:00am  45.1  11:00pm   10    0  0.78   5  37   1:00pm  NW  1000   73
8    47.3  57.5   4:00pm  40.5   6:00am   18    0  0.00   4  29   2:00pm   N  1008   54
9    44.4  58.3   5:00pm  32.5   8:00am   21    0  0.00   1  12   5:00pm SSW  1019   45
10   46.2  58.1   5:00pm  34.7   6:00am   19    0  0.10   0  17   2:00pm SSW  1018   77
11   45.6  57.1   1:00am  35.1  11:00pm   19    0  0.34   4  18   6:00am  NW  1014   86
12   38.5  52.9   4:00pm  29.1   7:57am   22    0  0.00   2  14   1:00am SSE  1021   72
13   42.0  55.3   3:36pm  32.7   5:37am   22    0  0.00   3  27  10:23pm   N  1016   68
14   39.0  51.7   3:48pm  26.3   7:55am   25    0  0.00   3  18  12:00am   N  1020   48
15   36.7  43.8   1:26pm  25.0  11:58pm   28    0  0.00   3  24  10:53am   N  1025   41
16   26.6  37.2   3:10pm  16.2   7:35am   37    0  0.00   1  14  12:46am   N  1034   35
17   31.5  42.6   2:43pm  18.6   7:03am   33    0  0.00   1  14   3:15pm SSW  1029   43
18   42.0  51.1   3:36pm  38.5   6:59am   23    0  0.07   2  18   2:44pm SSW  1013   73
19   40.8  46.7   4:58pm  33.5  11:53pm   23    0  0.00   2  21  10:07pm  SW  1003   71
20   29.6  35.9   2:05pm  24.2  11:51pm   34    0  0.00   5  26   2:45pm   N  1008   55
21   30.1  43.8   3:41pm  19.2   6:41am   35    0  0.00   1  18  12:00am   N  1020   48
22   39.7  55.1   4:05pm  27.8   3:16am   25    0  0.00   2  16   1:50pm  SW  1021   50
23   48.4  65.3   3:12pm  30.4   6:10am   17    0  0.00   1  21   3:34pm  SW  1019   72
24   56.0  63.2   3:45pm  45.4  11:57pm    9    0  0.07   3  16   2:15pm   N  1016   76
25   46.4  52.6   3:21pm  38.2   5:39am   19    0  0.00   1  11   8:45am   N  1021   64
26   45.1  47.4   3:33pm  42.1   9:08am   20    0  0.01   0   6   9:05am SSW  1024   88
27   47.3  53.3   3:35pm  42.8   3:18am   18    0  0.01   0   7   9:36am   E  1024   98
28   51.0  62.6  12:04pm  41.5  11:55pm   14    0  0.13   4  28   8:48am  NW  1014   94
29   42.6  55.0   3:10pm  32.8   8:17am   22    0  0.00   3  17   9:15am   N  1015   67
30   39.4  47.3   2:25pm  32.8   7:45am   26    0  0.00   5  29   3:33pm   N  1018   50
31   39.9  52.9   4:07pm  29.5   7:29am   25    0  0.00   1  18  11:20am   N  1022   54
---------------------------------------------------------------------------------------
TOT  43.9  71.2   1/6/09  16.2  1/16/09  646    1  2.63   2  37   1/7/09   N  1017   68

HEAT BASE: 65.0
COOL BASE: 65.0