NOAA-Style Climate Reports


Report for 2008 December
                  MONTHLY CLIMATOLOGICAL SUMMARY FOR 12/2008
                                        HEAT  COOL        
     MEAN                               DEG   DEG       WIND SPEED       DOM MEAN  MEAN
DAY  TEMP  HIGH   TIME     LOW   TIME   DAYS  DAYS RAIN AVG  HI  TIME    DIR BAROM HUM
---------------------------------------------------------------------------------------
1    40.2  43.8  12:01am  34.6  11:49pm   25    0  0.01   3  28  11:24am  SW1009.1   77
2    37.3  47.0   2:11pm  30.4   7:16am   28    0  0.00   1  17   1:37pm  NW1022.2   76
3    38.8  54.1   4:00pm  26.1   7:17am   26    0  0.00   1  14   1:26pm SSW1025.1   75
4    42.5  54.1  12:24pm  34.3   6:20am   22    0  0.16   1  12   5:07pm   N1022.3   85
5    42.9  55.6   3:16pm  33.1   7:47am   22    0  0.00   2  13   2:25pm   N1022.4   71
6    38.4  47.6   1:22pm  28.4   7:45am   27    0  0.00   0  13  11:41pm   N1017.2   58
7    39.7  51.1   2:28pm  31.9   7:29am   25    0  0.00   2  20  11:24am   N1019.3   48
8    41.3  56.5   2:26pm  28.1   7:11am   24    0  0.00   0   6  12:00am   E1024.9   53
9    53.1  68.3   3:53pm  42.8  12:00am   12    0  0.00   1  11   2:48pm   E1019.5   74
10   61.4  63.7  12:29am  60.1   3:02pm    3    0  1.09   1  17  12:25am SSW1012.2   96
11   59.6  64.7  10:38am  48.0  11:57pm    5    0  1.51   3  21   2:07pm SSW1001.6   92
12   44.7  52.3   3:18pm  35.6  11:42pm   20    0  0.00   6  24   1:56am   N1013.9   63
13   39.1  50.7   2:57pm  29.0   7:11am   26    0  0.00   1  10  12:00am   N1026.6   62
14   41.0  46.1   2:21pm  34.1   2:00am   24    0  0.00   0   8   9:51am   E1028.6   69
15   50.5  58.3   3:10pm  44.1  12:00am   14    0  0.01   0   7  12:45pm   N1026.0   86
16   58.9  66.9   3:56pm  52.5   7:51am    6    0  0.00   1   7   2:18pm SSW1022.3   95
17   65.6  71.8   3:08pm  62.0   3:24am    1    2  0.00   2  16   2:10pm SSW1020.1   93
18   65.7  72.0   1:04pm  60.7  11:59pm    1    2  0.01   1  13  12:49pm  SW1021.7   90
19   62.4  68.6   4:15pm  56.5   3:58am    3    1  0.00   3  19  12:18pm SSW1017.2   90
20   64.4  68.1   1:19pm  62.1   3:06am    1    1  0.13   2  18   1:12pm SSW1011.2   92
21   49.9  64.7   1:47am  31.6  11:59pm   15    0  0.53   7  34   4:23pm   N1011.8   61
22   28.9  38.3   4:08pm  20.5   7:35am   36    0  0.00   4  27  12:00am   N1028.5   42
23   35.4  47.1   3:29pm  25.6   2:25am   30    0  0.00   1  13  11:05am   E1033.3   52
24   51.3  64.8  11:08pm  40.5   2:41am   14    0  0.27   2  19   9:57pm SSW1024.4   69
25   59.0  66.0   3:27pm  55.3  11:09pm    6    0  0.18   1  16  12:00am  SW1022.5   86
26   51.7  55.9  12:45am  47.7  10:21pm   13    0  0.04   1  12   9:40am  NE1026.8   94
27   51.2  56.5  11:38pm  47.0   3:59am   14    0  0.03   0   7   3:42am   E1024.9  100
28   59.1  65.2  12:01pm  55.9  11:49pm    5    0  0.11   1  18  12:09pm SSW1019.7   98
29   54.5  63.5   2:43pm  46.4  11:46pm   11    0  0.00   2  19  12:42pm   N1019.5   56
30   53.0  68.4   2:40pm  38.3   7:54am   12    0  0.00   1  13   1:26am  SW1017.1   46
31   48.5  54.7   1:24pm  35.6  11:57pm   17    0  0.00   5  24  10:11am   N1014.5   44
---------------------------------------------------------------------------------------
TOT  49.3  72.0 12/18/08  20.5 12/22/08  490    6  4.08   2  34 12/21/08   N1020.2   74

HEAT BASE: 65.0
COOL BASE: 65.0