NOAA-Style Climate Reports


Report for 2008 November
                  MONTHLY CLIMATOLOGICAL SUMMARY FOR 11/2008
                                        HEAT  COOL        
     MEAN                               DEG   DEG       WIND SPEED       DOM MEAN  MEAN
DAY  TEMP  HIGH   TIME     LOW   TIME   DAYS  DAYS RAIN AVG  HI  TIME    DIR BAROM HUM
---------------------------------------------------------------------------------------
1    54.0  77.2   3:17pm  37.2   6:40am   13    2  0.00   0   6  12:04pm   N1025.8   67
2    55.5  76.3   2:57pm  39.8   7:05am   12    2  0.00   0   7  12:06pm ENE1023.8   70
3    56.8  68.4   1:07pm  46.4   5:34am    8    0  0.00   1  13   8:54am   N1023.5   79
4    61.2  73.2   3:38pm  51.9   6:16am    5    2  0.00   1  17  12:19pm   E1019.4   76
5    59.8  76.8   3:07pm  48.0   7:16am    7    2  0.00   1   8  12:27pm   N1016.2   78
6    60.6  76.3   3:14pm  47.1   6:15am    7    3  0.00   1  14   2:44pm  SW1015.0   74
7    61.3  75.4   1:47pm  46.2   7:20am    7    3  0.05   2  19  11:14am SSW1011.9   78
8    56.5  66.4   3:12pm  47.1   7:14am    9    0  0.00   2  24   1:01pm SSW1008.9   62
9    50.8  60.4   2:59pm  41.6   7:36am   14    0  0.00   2  20   3:07pm NNW1012.2   61
10   49.0  65.2   3:43pm  35.3   7:29am   16    0  0.00   1  11   1:20am   N1018.6   68
11   49.2  64.0   2:58pm  37.3   3:40am   15    0  0.00   0  10  11:46am   E1022.8   68
12   51.4  55.9   2:50pm  45.5   2:20am   13    0  0.00   1  12  10:11am   E1021.3   65
13   55.0  59.9   3:09pm  50.5   9:04am   10    0  0.03   0  10   2:21am   E1014.4   86
14   58.9  63.2   3:23pm  55.7   5:00am    6    0  0.59   0   8   7:40am   E1009.5   99
15   57.2  66.3   1:52am  42.6  11:57pm    8    0  0.21   4  30   2:25pm  NW1006.0   81
16   42.9  50.5   3:30pm  37.5   7:29am   22    0  0.00   3  20   1:07pm  NW1017.6   67
17   46.8  61.0   2:39pm  35.8   5:44am   18    0  0.00   3  25   3:49pm NNW1020.4   62
18   38.3  45.1   1:34pm  31.3  11:53pm   26    0  0.00   5  19   2:42pm   N1024.8   47
19   39.0  51.6   3:38pm  25.1   6:49am   26    0  0.00   1  13  11:15am SSW1024.0   48
20   53.6  66.4   3:10pm  40.6   8:49am   12    0  0.00   3  16   2:10pm SSW1015.1   35
21   38.7  47.6  12:00am  29.4  11:44pm   26    0  0.00   6  25   4:44am   N1025.1   44
22   34.6  50.8   4:08pm  20.5   7:33am   30    0  0.00   0   8   2:53pm ENE1033.8   50
23   44.3  58.4   2:26pm  30.7   7:53am   21    0  0.00   0  13   3:33pm  SW1029.2   47
24   47.6  49.9  11:44pm  45.7  10:45am   17    0  0.14   0  11  11:26pm SSW1021.3   73
25   45.9  54.2   2:42pm  36.2   7:19am   19    0  0.00   3  28  12:36pm   N1017.2   58
26   44.3  60.4   3:44pm  31.6   6:37am   21    0  0.00   1  14   1:37pm NNW1018.7   55
27   49.5  66.0   3:51pm  33.8   5:57am   16    0  0.00   1  18   4:19pm  SW1016.9   65
28   54.5  67.1  12:37pm  43.8   3:55am   11    0  0.03   1  13  11:57am  SW1012.6   79
29   51.1  55.7  12:00am  43.5  11:56pm   14    0  1.16   1  12   6:36pm  NE1007.4   99
30   42.9  45.4   9:45pm  40.3   7:22am   22    0  0.60   1  11  11:37pm  SW 998.8  100
---------------------------------------------------------------------------------------
TOT  50.3  77.2  11/1/08  20.5 11/22/08  450   14  2.81   2  30 11/15/08   N1017.7   68

HEAT BASE: 65.0
COOL BASE: 65.0