NOAA-Style Climate Reports


Report for 2008 October
                  MONTHLY CLIMATOLOGICAL SUMMARY FOR 10/2008
                                        HEAT  COOL        
     MEAN                               DEG   DEG       WIND SPEED       DOM MEAN  MEAN
DAY  TEMP  HIGH   TIME     LOW   TIME   DAYS  DAYS RAIN AVG  HI  TIME    DIR BAROM HUM
---------------------------------------------------------------------------------------
1    67.7  77.6   3:51pm  60.5   7:47am    1    4  0.00   4  20   2:12pm   N1006.6   60
2    62.0  75.3   4:41pm  48.2   8:01am    6    3  0.00   1  13   1:07pm   N1010.8   56
3    64.3  80.5   4:40pm  49.4   7:38am    6    5  0.00   1  12   3:25pm   N1014.0   64
4    68.0  84.9   4:38pm  54.4   7:43am    3    6  0.00   0  11   1:08pm   N1018.2   69
5    69.0  85.5   3:51pm  55.3   7:43am    3    7  0.00   0   8   1:55pm   E1020.5   70
6    68.8  84.5   4:00pm  54.5   7:32am    3    7  0.00   0  11  11:47am   E1020.6   69
7    68.6  81.8   3:20pm  55.4   7:58am    2    6  0.00   2  13  12:50pm   E1020.2   68
8    64.3  66.9  12:24am  62.3   7:46pm    1    0  2.03   1  20   6:18pm ESE1014.5   95
9    67.2  77.4   4:18pm  62.1   4:19am    1    3  0.76   1  11   5:20pm ENE1012.2   92
10   70.5  81.4   4:27pm  65.2   2:10am    0    5  0.00   1  12   3:23am   E1015.4   85
11   70.1  75.3   3:51pm  65.2   7:13am    0    5  0.00   2  24  10:41am   E1019.8   79
12   68.4  77.9   3:41pm  61.3   4:06am    1    4  0.03   3  19   1:51pm   E1023.1   73
13   70.5  80.5   3:32pm  64.0  11:54pm    0    6  0.00   2  16   6:15am   E1025.0   72
14   68.4  84.5   3:37pm  57.0   8:15am    2    6  0.00   0   6  11:22am ENE1022.4   75
15   68.1  84.5   4:10pm  53.9   7:47am    3    6  0.01   0  11  12:07pm SSW1019.5   73
16   69.2  82.8   4:03pm  56.2   7:47am    3    7  0.00   1  14  12:00pm NNW1016.9   77
17   66.9  70.3  12:00am  60.4  11:55pm    0    2  0.94   1  12  11:37am  SW1013.9   93
18   60.5  68.1   4:03pm  55.9   6:01am    5    0  0.00   1  11   4:07am   E1015.4   79
19   56.0  67.1   4:54pm  46.0   8:05am    9    0  0.00   1  17  11:39am   E1022.7   63
20   53.2  71.1   5:05pm  40.2   8:00am   12    1  0.00   0   6   2:30pm   E1024.3   71
21   57.6  74.7   5:06pm  43.1   6:10am   10    2  0.01   0   8   2:42pm   N1020.0   74
22   58.2  69.6   4:58pm  50.4   8:15am    7    1  0.00   1  14   1:21pm   E1022.0   65
23   54.2  65.2   2:12pm  47.3   7:56am   11    0  0.00   2  20  12:25pm   E1027.2   60
24   53.0  57.0   9:51pm  48.3   5:58am   11    0  0.13   1  17  11:36am   E1018.8   91
25   58.9  68.4   3:18pm  53.8  11:50pm    6    0  0.03   3  21   1:19pm NNW1012.3   80
26   57.3  72.5   3:18pm  43.8   6:55am    9    1  0.00   1  11  11:30am   N1014.5   66
27   52.0  56.5  12:32am  41.5  11:46pm   13    0  0.00   4  27   8:15am   N1017.2   52
28   43.9  53.1   3:05pm  36.2   5:44am   21    0  0.00   5  22   4:09pm   N1022.5   57
29   46.6  60.4   3:32pm  34.6   6:17am   18    0  0.00   1  18   3:53pm NNW1022.2   56
30   51.4  69.3   3:44pm  37.2   6:44am   14    0  0.00   0  11   1:46am   E1028.9   59
31   51.3  72.7   3:12pm  35.8   7:01am   15    1  0.00   0   6   3:17pm NNE1031.5   65
---------------------------------------------------------------------------------------
TOT  61.5  85.5  10/5/08  34.6 10/29/08  196   88  3.94   1  27 10/27/08   N1019.1   71

HEAT BASE: 65.0
COOL BASE: 65.0