NOAA-Style Climate Reports


Report for 2008 September
                  MONTHLY CLIMATOLOGICAL SUMMARY FOR 9/2008
                                        HEAT  COOL        
     MEAN                               DEG   DEG       WIND SPEED       DOM MEAN  MEAN
DAY  TEMP  HIGH   TIME     LOW   TIME   DAYS  DAYS RAIN AVG  HI  TIME    DIR BAROM HUM
---------------------------------------------------------------------------------------
1    78.8  89.3   3:12pm  72.5   5:47am    0   14  0.00   1  14  11:48am   E1015.6   79
2    79.5  90.3   4:17pm  71.6   7:09am    0   14  0.00   1  10  12:51pm   E1015.1   68
3    77.0  89.7   5:27pm  65.6   7:12am    0   12  0.00   1  11   2:04pm ESE1012.8   65
4    75.5  90.1   5:19pm  62.0   7:16am    0   11  0.00   1  12   3:24pm ESE1011.2   71
5    77.1  89.3   3:56pm  66.6   6:55am    0   12  0.00   1  13   1:52pm   E1008.9   68
6    79.4  91.4   3:25pm  68.3   5:42am    0   14  0.00   2  18   3:09pm   N1008.1   69
7    82.1  94.9   6:10pm  71.1   7:39am    0   17  0.00   1  11  12:19pm   N1013.4   70
8    80.7  94.9   2:43pm  69.9   6:17am    0   16  0.00   1  12   2:35pm ESE1015.3   73
9    80.1  92.1   4:25pm  72.7   4:54am    0   15  0.00   1  13   1:44pm SSW1014.1   76
10   76.7  86.3   4:30pm  69.4   6:27am    0   12  0.48   0  10   4:08am   E1015.5   84
11   74.3  81.2   5:55pm  69.8   8:59am    0    9  0.02   1  11  12:29am   E1018.6   90
12   77.5  89.0   5:43pm  71.8   7:14am    0   12  0.02   0   7   1:35am   E1017.3   88
13   78.4  89.7   4:54pm  71.8   6:49am    0   13  0.00   1  10  12:38pm SSW1014.3   83
14   79.4  89.5   4:34pm  70.4   7:27am    0   14  0.00   4  24   1:07pm SSW1011.2   75
15   79.2  86.7   2:15pm  73.2  11:59pm    0   14  0.00   3  14   5:11pm NNW1010.6   73
16   69.0  73.2  12:00am  65.6  11:47pm    0    4  0.00   1  13   9:29am   E1014.6   82
17   65.8  69.9   3:55pm  62.6   6:46am    1    1  0.00   1  11   1:34pm   E1017.6   90
18   72.8  86.5   4:25pm  63.2   7:25am    0    8  0.00   0  11   4:53pm   E1018.3   70
19   70.8  83.0   4:20pm  60.9   7:21am    1    7  0.00   1  15   1:03pm   E1020.3   68
20   68.9  80.7   4:32pm  59.3   8:01am    1    5  0.00   1  13  12:23pm   E1020.4   68
21   67.3  78.3  12:56pm  59.6   6:06am    1    4  0.00   0   8   9:10am   E1020.9   78
22   71.6  87.2   4:16pm  59.3   7:36am    1    8  0.01   1  10  12:13pm ENE1021.3   73
23   70.8  82.6   3:03pm  62.4   7:43am    0    6  0.00   1  18  10:21am  NE1022.2   65
24   67.4  79.2   4:20pm  57.8   7:27am    2    4  0.00   2  21  11:00am ENE1021.1   59
25   65.8  77.7   2:21pm  52.5   7:31am    3    4  0.00   2  20  10:29am   N1015.9   59
26   68.8  75.1  12:31pm  65.5   3:29am    0    4  0.01   1  13   3:26pm   N1007.7   72
27   68.9  78.6   2:49pm  61.8   6:10am    1    5  0.00   0   8   2:50pm   N1009.4   85
28   74.3  90.3   4:55pm  62.3   7:32am    0   10  0.00   0   9   4:11pm NNE1011.9   72
29   75.5  88.2   3:49pm  66.8  11:32pm    0   11  0.97   1  14   9:02pm   E1012.8   70
30   72.4  86.5   5:09pm  61.8   7:45am    0    8  0.01   1  13   5:09pm   N1009.5   74
---------------------------------------------------------------------------------------
TOT  74.2  94.9   9/7/08  52.5  9/25/08   13  289  1.52   1  24  9/14/08   E1014.9   74

HEAT BASE: 65.0
COOL BASE: 65.0