NOAA-Style Climate Reports


Report for 2008 August
                  MONTHLY CLIMATOLOGICAL SUMMARY FOR 8/2008
                                        HEAT  COOL        
     MEAN                               DEG   DEG       WIND SPEED       DOM MEAN  MEAN
DAY  TEMP  HIGH   TIME     LOW   TIME   DAYS  DAYS RAIN AVG  HI  TIME    DIR BAROM HUM
---------------------------------------------------------------------------------------
1    83.7  95.6   5:11pm  73.3   6:47am    0   19  0.00   1  13  10:05am   N1008.1   67
2    84.0  96.8   4:30pm  72.8   7:27am    0   19  0.00   2  17   3:53pm   N1007.6   67
3    83.7  96.8   4:14pm  71.6   6:47am    0   19  0.00   1  14   3:19pm SSW1009.4   64
4    84.4  97.1   4:09pm  71.3   7:34am    0   19  0.00   1  12   2:37pm   N1012.7   61
5    86.6  97.1   4:54pm  75.8   6:40am    0   22  0.00   1  17  12:49pm NNW1013.6   62
6    88.3  99.4   2:45pm  76.8   7:06am    0   23  0.00   2  16   1:57pm   N1012.4   57
7    83.1  95.6   2:32pm  74.9  11:57pm    0   18  0.03   1  31   4:14pm   N1009.2   65
8    80.8  93.2   4:22pm  71.8   6:15am    0   16  0.00   1  13   4:49pm   N1007.2   61
9    80.4  94.0   4:33pm  71.8   4:42am    0   15  0.00   1  12   1:56pm   E1008.8   50
10   79.5  92.5   5:04pm  66.0   7:05am    0   15  0.00   2  14   5:26pm   N1008.3   57
11   80.8  94.7   4:41pm  65.6   7:01am    0   16  0.00   1  14   4:57pm   N1008.1   48
12   77.0  88.8   3:10pm  69.6  11:53pm    0   12  0.00   1  12   9:36am   N1007.8   52
13   72.9  84.0   5:35pm  66.9   7:03am    0    8  0.37   1  12   5:47pm   E1005.2   83
14   75.5  91.0   4:25pm  67.9   6:29am    0   10  0.00   1  10   2:58pm SSW1008.8   76
15   78.9  92.3   4:43pm  67.1   7:28am    0   14  0.00   1  13   4:51pm   N1011.7   65
16   79.2  92.5   3:28pm  69.1   7:53am    0   14  0.00   1  10   4:08pm   N1013.1   62
17   79.7  91.8   3:35pm  71.3   6:00am    0   15  0.00   1  10   7:42am   E1012.7   63
18   79.5  93.4   4:00pm  68.9   6:25am    0   14  0.00   1  13   3:17pm SSW1012.5   69
19   82.0  98.0   4:05pm  68.1   7:18am    0   17  0.00   0  10   3:02pm ESE1012.2   61
20   82.2  96.3   5:12pm  68.8   6:35am    0   17  0.00   1  17  11:44am   E1013.1   58
21   79.5  92.1   4:14pm  71.8   7:15am    0   15  0.00   2  17   3:57pm   E1015.1   67
22   75.0  78.8  10:16am  71.5  11:49pm    0   10  0.02   3  21   7:38pm ENE1016.1   77
23   74.8  84.1   3:36pm  69.3   7:53am    0   10  0.10   2  19  12:00pm   E1015.5   84
24   77.7  88.2   5:05pm  73.0   5:57am    0   13  0.03   1  14   1:33am ESE1012.4   81
25   76.4  84.9   1:16pm  72.5  11:54pm    0   11  0.63   1  15   4:07pm ESE1009.9   90
26   74.5  78.5   3:41pm  71.5   1:14am    0    9  0.70   1  17   1:54pm SSW1006.5   97
27   75.4  81.2   3:56pm  71.8   6:26am    0   10  0.03   2  14   3:00pm SSW1006.9   88
28   77.7  88.2   5:53pm  68.6   7:04am    0   13  0.00   1  13  10:09am   N1008.1   75
29   79.8  92.9   4:28pm  69.8   7:20am    0   15  0.00   1   8   3:27am   N1010.1   71
30   80.4  93.4   4:27pm  70.1   6:21am    0   15  0.00   0  13   8:06pm ESE1012.5   74
31   80.1  91.8   4:02pm  70.8   7:13am    0   15  0.00   1  11  12:06pm   E1014.4   75
---------------------------------------------------------------------------------------
TOT  79.8  99.4   8/6/08  65.6  8/11/08    0  458  1.91   1  31   8/7/08   N1010.7   69

HEAT BASE: 65.0
COOL BASE: 65.0