NOAA-Style Climate Reports


Report for 2008 July
                  MONTHLY CLIMATOLOGICAL SUMMARY FOR 7/2008
                                        HEAT  COOL        
     MEAN                               DEG   DEG       WIND SPEED       DOM MEAN  MEAN
DAY  TEMP  HIGH   TIME     LOW   TIME   DAYS  DAYS RAIN AVG  HI  TIME    DIR BAROM HUM
---------------------------------------------------------------------------------------
1    75.1  88.0   5:37pm  60.5   6:57am    0   11  0.00   2  13   1:23pm   N1014.5   51
2    76.9  93.8   3:28pm  60.9   6:56am    1   13  0.00   1  11   4:07pm SSW1015.9   52
3    79.9  95.9   6:30pm  64.5   7:11am    0   15  0.00   1  12   1:49pm SSW1015.1   54
4    77.8  91.2  12:22pm  68.4   4:33pm    0   13  1.59   1  31   4:02pm SSW1014.2   74
5    77.6  88.8   2:13pm  71.5   6:38am    0   13  0.00   1  22   3:05pm  SW1012.7   74
6    74.4  83.2   1:46pm  68.8  11:58pm    0    9  0.05   1  12   7:10pm SSW1013.9   85
7    76.7  91.8   5:01pm  68.3   6:28am    0   12  0.08   1  12  12:50pm SSW1016.3   81
8    81.0  92.1   2:51pm  71.5   7:12am    0   15  0.01   2  17   3:30pm SSW1015.7   73
9    78.1  91.0   3:41pm  71.3   6:37am    0   13  1.14   1  19   5:09pm  SW1015.2   85
10   77.2  89.9   3:24pm  71.1   6:12am    0   12  0.01   2  19   3:43pm  SW1015.4   84
11   80.2  90.5   3:28pm  73.0   5:32am    0   15  0.01   2  13  10:30am   N1015.3   79
12   83.8  96.6   3:34pm  71.3   6:58am    0   19  0.00   1  12  12:49pm SSW1014.8   68
13   76.5  89.3  12:14pm  71.6   1:58pm    0   11  1.44   1  22   1:10pm SSW1010.3   86
14   80.4  93.6   4:49pm  70.4   6:50am    0   15  0.00   0  11   5:56pm   N1008.6   75
15   82.4  93.2   5:46pm  72.1   6:28am    0   17  0.00   0  12  12:46pm   E1013.1   66
16   81.6  93.4   5:17pm  70.6   7:19am    0   16  0.00   1  11   4:22pm   E1016.7   57
17   80.0  91.6   4:09pm  66.9   6:50am    0   15  0.00   1  12   1:05pm  NE1016.6   57
18   80.9  93.8   3:50pm  66.9   6:55am    0   16  0.00   1  10  12:31pm   N1014.2   58
19   82.1  94.7   4:06pm  70.4   7:12am    0   17  0.00   1  13   4:41pm   N1013.9   64
20   85.0  97.1   2:39pm  74.6   7:04am    0   20  0.00   1  14   3:19pm   N1013.5   56
21   86.0 101.0   4:59pm  73.7  11:29pm    0   21  0.03   1  18   8:44pm   N1011.9   60
22   81.1  99.7   4:17pm  70.9   3:15am    0   16  0.00   3  28   7:58pm   N1012.1   67
23   79.8  91.2   4:57pm  71.1   6:49am    0   14  0.00   2  14   6:34pm   N1011.7   71
24   81.3  93.2   5:07pm  69.4   6:42am    0   16  0.00   1  14   1:25pm   N1013.7   54
25   78.3  92.7   5:18pm  68.6   6:11am    0   13  0.00   0   7   1:32pm   N1016.3   63
26   79.5  92.1   4:27pm  73.3   5:58am    0   15  0.01   0  14   5:48pm SSW1013.3   78
27   82.8  99.7   5:07pm  72.5   5:17am    0   18  0.00   1  12   5:57pm   N1009.6   70
28   84.6 100.2   3:10pm  72.3   6:45am    0   19  0.00   1  14   8:01pm SSW1009.2   63
29   79.5  94.9   2:09pm  73.5   7:34pm    0   13  1.31   1  18   6:40pm SSW1010.8   81
30   81.1  93.4   5:57pm  72.0   4:11am    0   15  0.01   1  14   2:44pm SSW1009.7   80
31   80.8  91.4   2:13pm  75.6   7:00am    0   15  0.00   2  16   2:53pm SSW1007.3   80
---------------------------------------------------------------------------------------
TOT  80.1 101.0  7/21/08  60.5   7/1/08    1  461  5.69   1  31   7/4/08   N1013.3   69

HEAT BASE: 65.0
COOL BASE: 65.0