NOAA-Style Climate Reports


Report for 2008 June
                  MONTHLY CLIMATOLOGICAL SUMMARY FOR 6/2008
                                        HEAT  COOL        
     MEAN                               DEG   DEG       WIND SPEED       DOM MEAN  MEAN
DAY  TEMP  HIGH   TIME     LOW   TIME   DAYS  DAYS RAIN AVG  HI  TIME    DIR BAROM HUM
---------------------------------------------------------------------------------------
1    77.9  88.8   4:46pm  70.6   6:42am    0   13  0.00   2  20   3:29pm   N1012.6   65
2    81.2  94.9   5:18pm  70.4   7:41am    0   16  0.00   1   8  12:50am   N1011.6   61
3    81.3  93.8   4:50pm  69.4   6:38am    0   16  0.00   1  14   2:34pm SSW1010.8   68
4    84.1  95.9   4:04pm  72.8   6:28am    0   19  0.00   2  21   1:28pm  SW1009.1   62
5    85.4  99.0   4:35pm  73.5   7:00am    0   20  0.00   2  14  12:57pm SSW1013.4   59
6    86.6 102.0   3:50pm  73.9   6:37am    0   22  0.00   2  12   1:20pm  SW1016.9   59
7    86.8 100.2   2:58pm  73.2   6:32am    0   22  0.00   1  12   1:57pm SSW1017.7   57
8    88.4 102.3   1:32pm  73.7   6:16am    0   23  0.00   0   0  12:00am   N1015.1   54
9    88.3 102.8   2:37pm  73.9   6:45am    0   23  0.00   0   0  12:00am   N1012.2   52
10   82.6  96.3   2:54pm  74.0   6:25am    0   18  0.02   0  17   5:20pm   N1011.9   60
11   84.4 101.2   3:26pm  70.9   6:43am    0   19  0.03   1  16   8:01pm   E1012.8   63
12   80.0  94.7   4:17pm  70.3   6:04am    0   15  0.00   1  13   8:24pm ESE1016.9   71
13   81.1  95.4   5:13pm  69.4   5:55am    0   16  0.00   0  14   3:32pm ESE1017.9   68
14   78.4  92.7   3:35pm  70.8  11:47pm    0   13  0.04   1  14   1:25pm  SW1014.1   72
15   80.5  94.9   6:38pm  69.1   6:33am    0   16  0.00   1  11  11:23pm   N1010.2   70
16   79.8  93.6   3:23pm  67.6   6:46am    0   15  0.31   1  13   4:11pm  SW1009.3   73
17   80.9  92.5   4:20pm  69.1   6:21am    0   16  0.00   2  24   5:04pm   N1008.5   54
18   75.5  87.2   4:29pm  60.7   6:54am    1   11  0.00   2  14   6:11pm   N1008.9   47
19   75.6  89.0   6:47pm  59.9   7:00am    1   11  0.00   2  13   1:01pm   N1010.4   47
20   76.5  89.7   3:17pm  61.0   6:36am    0   12  0.00   1  11   2:38pm   N1013.0   54
21   77.0  88.6   4:38pm  68.1   6:35am    0   12  0.04   1  13  11:02am   N1014.2   68
22   78.0  90.3   4:50pm  69.3   8:16am    0   13  0.54   2  28  10:33pm  SW1011.4   71
23   77.6  91.0   4:33pm  67.8   6:34am    0   13  0.01   1  13   1:45pm   N1012.5   70
24   80.7  95.4   4:27pm  64.8   7:07am    0   16  0.00   1  12   2:36pm   N1018.1   49
25   82.1  96.6   4:54pm  66.6   6:23am    0   16  0.00   1  14   3:39pm   N1018.8   48
26   80.8  94.0   3:48pm  71.8   6:02am    0   14  0.00   1  22   4:33pm  SW1015.6   60
27   80.8  91.8   4:14pm  71.1   7:04am    0   15  0.05   2  24   4:18pm SSW1014.1   67
28   79.3  93.8   4:40pm  70.8   4:41am    0   14  0.01   2  20   6:19pm  SW1014.2   73
29   77.8  88.2   3:59pm  69.3   8:51pm    0   13  0.57   3  27   8:02pm  SW1012.9   74
30   76.3  87.4   4:47pm  67.6   6:24am    0   11  0.00   3  22   1:15pm NNW1011.8   68
---------------------------------------------------------------------------------------
TOT  80.9 102.8   6/9/08  59.9  6/19/08    2  474  1.62   1  28  6/22/08   N1013.2   62

HEAT BASE: 65.0
COOL BASE: 65.0