NOAA-Style Climate Reports


Report for 2008 May
                  MONTHLY CLIMATOLOGICAL SUMMARY FOR 5/2008
                                        HEAT  COOL        
     MEAN                               DEG   DEG       WIND SPEED       DOM MEAN  MEAN
DAY  TEMP  HIGH   TIME     LOW   TIME   DAYS  DAYS RAIN AVG  HI  TIME    DIR BAROM HUM
---------------------------------------------------------------------------------------
1    66.0  80.7   4:32pm  49.2   7:02am    4    5  0.00   1  19   2:10pm SSW1016.3   57
2    70.8  83.8   5:13pm  59.0   7:03am    1    7  0.00   2  20   3:03pm  SW1014.9   62
3    67.2  72.5  12:42pm  60.7   7:02am    1    3  0.00   1  21  12:27pm SSW1012.5   74
4    69.5  81.6   5:10pm  58.7   5:49am    2    6  0.00   2  19   4:26pm  SW1012.6   71
5    69.4  83.6   3:48pm  52.9   7:04am    3    7  0.00   1  13   9:56pm   N1012.7   53
6    70.5  86.5   4:59pm  54.4   7:13am    3    8  0.00   1  11  12:00am   N1014.6   43
7    71.6  85.3   3:35pm  58.7   4:49am    2    8  0.00   1  16  11:44am SSW1012.5   60
8    74.9  85.3   3:41pm  66.1   6:59am    0    9  0.02   3  25   4:23pm SSW1006.7   63
9    72.6  82.2   5:41pm  64.3   6:59am    0    8  0.15   2  21   3:15pm  SW1004.2   75
10   73.9  82.4   5:20pm  65.6   7:01am    0    9  0.18   1  14   4:53pm NNW1006.0   69
11   68.2  78.5   4:04pm  59.8  11:56pm    1    4  0.87   4  33   1:11pm   N1001.0   71
12   64.2  74.2   3:33pm  55.6   6:16am    3    3  0.00   6  28  12:43am   N1006.5   48
13   64.8  80.5   4:14pm  48.8   7:00am    5    5  0.00   0   8  11:09am ESE1016.2   57
14   65.4  75.3   3:58pm  55.9   6:31am    2    3  0.00   1  15  11:17am  SW1017.2   69
15   67.2  73.2  12:37pm  63.2   6:44am    0    3  0.42   1  12  10:37pm SSW1012.5   85
16   69.6  79.9   2:29pm  57.8  11:56pm    0    5  0.01   3  24   4:22pm  SW1007.7   81
17   63.8  76.3   4:30pm  49.8   6:48am    5    4  0.00   2  16   4:41pm   N1010.0   60
18   68.4  78.1   4:51pm  59.3   6:37am    2    5  0.16   2  24   1:41pm  SW1004.1   62
19   70.4  83.6   6:02pm  58.1   6:43am    2    7  0.01   1  18   2:06pm   N1005.6   67
20   74.3  86.3   4:55pm  65.8  11:59pm    0    9  0.04   3  22  11:05am SSW1001.0   68
21   68.8  78.5   4:19pm  59.2   6:44am    1    5  0.00   3  19   4:24pm   N1003.1   64
22   70.2  85.1   5:26pm  53.6   6:41am    3    8  0.00   2  18   3:12pm  SW1008.0   57
23   73.7  87.8   4:25pm  64.7   7:26am    0    9  0.06   1  18   5:40pm   N1010.8   73
24   74.7  88.4   5:01pm  64.8   6:27am    0   10  0.01   1  10   3:23pm   N1011.7   77
25   73.7  85.5   4:32pm  63.5   7:02am    0    9  0.00   0  10   2:30pm SSW1015.9   63
26   73.1  85.3   4:16pm  60.1   6:47am    1    9  0.00   1  13  12:14pm SSW1016.2   64
27   76.5  88.0   3:18pm  64.2   6:46am    0   11  0.00   2  14  11:02am SSW1014.2   64
28   76.8  85.5   1:47pm  63.1  11:58pm    0   12  0.00   2  19   3:06pm   N1014.7   73
29   66.3  80.5   5:29pm  57.8   4:59am    3    4  0.00   1  17  12:52am   E1019.6   78
30   73.6  86.3   5:02pm  65.0   4:36am    0    9  0.01   1  10   6:33pm SSW1017.5   82
31   81.0  92.3   4:48pm  70.6   6:37am    0   16  0.00   3  22   4:04pm  SW1013.9   66
---------------------------------------------------------------------------------------
TOT  70.7  92.3  5/31/08  48.8  5/13/08   43  219  1.94   2  33  5/11/08  SW1011.0   66

HEAT BASE: 65.0
COOL BASE: 65.0