NOAA-Style Climate Reports


Report for 2008 April
                  MONTHLY CLIMATOLOGICAL SUMMARY FOR 4/2008
                                        HEAT  COOL        
     MEAN                               DEG   DEG       WIND SPEED       DOM MEAN  MEAN
DAY  TEMP  HIGH   TIME     LOW   TIME   DAYS  DAYS RAIN AVG  HI  TIME    DIR BAROM HUM
---------------------------------------------------------------------------------------
1    63.7  77.4   4:36pm  54.1   7:30am    5    4  0.01   1  17  11:46am SSW1018.3   82
2    70.0  82.4   3:54pm  58.4   6:06am    2    7  0.00   1  16   3:24pm   N1018.9   68
3    54.5  68.4  12:00am  46.4  11:56pm   11    0  0.03   1  14   3:13am   E1022.0   86
4    53.0  70.8   5:09pm  44.8   4:53am   12    0  0.51   0  21   6:34pm ENE1014.4   96
5    60.2  62.6   5:56pm  58.0   9:36am    5    0  0.44   0  12   6:39am SSW1010.2   99
6    60.5  67.4   6:16pm  55.3  10:22am    4    0  0.00   1   7   5:48am NNW1012.6   92
7    59.4  68.4   5:09pm  52.9   9:39am    6    0  0.00   1  14   7:00am   E1016.4   82
8    59.6  67.6   7:11pm  51.9   8:49am    6    0  0.00   1  11  10:15am   E1019.4   76
9    63.1  80.3   6:42pm  48.5   6:59am    6    4  0.00   0  11   1:01pm   E1019.4   69
10   66.5  81.2   5:17pm  52.0   8:51am    4    5  0.00   1  13   4:25pm  SW1016.2   67
11   72.3  83.2   4:52pm  63.4   8:38am    0    7  0.05   2  26   2:41pm SSW1011.1   69
12   64.6  69.4  12:00am  58.6  11:56pm    1    1  0.78   2  19   4:26pm  SW1007.5   78
13   54.7  62.3   4:31pm  46.5   8:45am   10    0  0.00   4  28   8:16pm NNW1011.6   48
14   46.5  51.7   4:53pm  38.8   8:17am   18    0  0.00   2  16   7:56pm   N1014.5   60
15   52.8  66.4   6:02pm  42.3   7:06am   12    0  0.00   2  12  10:51am   N1019.3   53
16   55.9  74.0   4:40pm  38.0   7:40am   11    2  0.00   1  12   6:40pm SSW1021.8   52
17   61.4  79.9   5:19pm  42.9   8:19am    8    5  0.00   1  14   3:22pm SSW1019.7   53
18   64.6  80.3   5:04pm  47.7   8:20am    5    5  0.00   1  17   4:00pm SSW1016.7   54
19   64.7  76.3   6:47pm  56.0   8:21am    3    3  0.04   3  20   3:36pm SSW1011.1   66
20   63.0  72.8   5:17pm  52.5   8:17am    4    2  0.00   3  20   3:13pm NNW1010.4   51
21   64.0  80.7   6:21pm  47.4   8:05am    6    5  0.00   1  11   2:02pm   N1012.1   52
22   66.4  79.6   6:37pm  52.0   8:20am    3    5  0.00   1  13   4:59pm   E1013.9   61
23   69.6  80.9   6:16pm  59.6   6:48am    1    6  0.00   1  13  11:43am   E1017.0   63
24   70.2  84.9   6:37pm  57.2   7:04am    2    7  0.00   0   9   3:26pm ESE1018.8   66
25   71.6  83.4   4:35pm  59.8   7:53am    1    7  0.00   1  14   3:26pm  SW1016.9   67
26   71.3  82.8   3:05pm  63.1   6:41am    0    7  0.16   1  14   2:02pm SSW1014.8   73
27   66.9  74.6   1:37pm  62.7   5:45am    0    2  0.28   1  10   2:29pm   N1014.8   89
28   65.9  72.0   4:17pm  58.0  11:56pm    1    2  0.26   2  20   5:30pm SSW1009.2   78
29   55.8  66.8   4:59pm  45.4   8:31am    9    0  0.00   4  18   9:13am   N1014.4   48
30   59.3  77.7   5:53pm  41.6   6:56am    9    3  0.00   0  11   6:03pm SSW1016.9   54
---------------------------------------------------------------------------------------
TOT  62.4  84.9  4/24/08  38.0  4/16/08  166   88  2.56   1  28  4/13/08   N1015.3   68

HEAT BASE: 65.0
COOL BASE: 65.0