NOAA-Style Climate Reports


Report for 2008 March
                  MONTHLY CLIMATOLOGICAL SUMMARY FOR 3/2008
                                        HEAT  COOL        
     MEAN                               DEG   DEG       WIND SPEED       DOM MEAN  MEAN
DAY  TEMP  HIGH   TIME     LOW   TIME   DAYS  DAYS RAIN AVG  HI  TIME    DIR BAROM HUM
---------------------------------------------------------------------------------------
1    55.3  66.0   3:59pm  44.3   6:48am   10    0  0.00   3  20   1:00pm   N1022.2   59
2    54.6  73.7   4:36pm  35.9   7:35am   12    1  0.00   1  11   2:27pm ESE1021.6   51
3    59.8  75.6   3:41pm  43.2   7:20am    8    3  0.00   1  20   1:12pm   S1018.3   63
4    62.3  70.9   4:06pm  48.2  11:49pm    3    0  0.85   5  30   4:02pm   S1005.5   84
5    49.1  63.2   4:07pm  37.2   7:21am   16    0  0.00   3  27   4:35am  NW1011.7   61
6    53.8  72.3   3:34pm  35.6   7:17am   12    1  0.00   1   8   2:38pm   E1015.0   58
7    59.9  68.9   4:05pm  50.7   6:53am    6    1  0.59   2  16   9:44am SSW1004.4   83
8    44.0  62.7  12:49am  33.5  11:58pm   21    0  0.02   7  36   8:02am  SW1009.8   65
9    43.4  59.6   4:42pm  30.4   6:52am   22    0  0.00   1  16   1:01pm   N1025.9   50
10   49.8  67.3   3:47pm  33.5   6:46am   14    0  0.00   1  13   3:49pm SSW1025.5   56
11   51.2  61.2   3:36pm  42.6   5:56am   14    0  0.00   0  11   4:36pm   N1017.8   61
12   54.7  70.9   5:28pm  40.1   6:07am   11    1  0.00   2  17   4:39pm   N1012.5   48
13   60.1  76.3   3:35pm  43.5   7:04am    8    3  0.00   3  19   4:04pm SSW1012.1   49
14   57.8  62.7  11:33am  51.0   8:25am    7    0  0.08   2  17  12:08pm SSW1006.7   72
15   60.9  73.3   4:09pm  52.9   4:34am    5    1  0.52   3  32   5:13pm SSW1002.7   89
16   59.5  71.1   5:15pm  48.6   8:07am    7    1  0.00   3  17  12:00am   N1014.9   58
17   55.3  66.0   4:16pm  45.5   7:53am   10    0  0.00   2  12  11:33am   E1026.5   54
18   59.1  73.3   5:14pm  50.1   6:09am    7    1  0.00   1  19   4:11pm   E1021.2   63
19   63.8  68.1   2:20pm  60.5   2:56am    2    1  0.69   4  30   7:27pm SSW1007.8   87
20   54.0  64.3   3:21pm  43.9   7:46am   11    0  0.00   7  28   1:33am   N1016.3   47
21   54.9  70.8   4:35pm  37.8   7:30am   11    1  0.00   1  13   3:47pm SSW1021.5   48
22   62.4  76.1   5:00pm  49.1   7:39am    6    3  0.00   4  22   3:06pm   N1013.3   40
23   54.0  64.7   2:36pm  43.5   7:36am   11    0  0.00   4  22  10:47pm   N1016.8   42
24   43.5  49.9   4:49pm  36.3   7:46am   22    0  0.00   7  21   2:03pm   N1022.2   43
25   45.9  59.8   4:19pm  30.7   7:46am   19    0  0.00   1  16   6:26pm SSW1026.4   47
26   55.5  71.3   5:00pm  38.2   7:14am   11    1  0.00   2  19   2:40pm SSW1023.2   41
27   62.5  75.4   5:08pm  50.7   8:16am    5    3  0.00   2  19  11:51am SSW1016.5   46
28   65.1  75.1   3:33pm  55.1   7:02am    3    3  0.00   2  19   3:07pm  SW1014.4   67
29   60.3  73.5  11:25am  47.9  11:58pm    5    0  0.17   1  18  11:35am  NE1019.3   84
30   45.7  48.6   6:53pm  42.5   5:57am   19    0  0.29   2  16   1:11pm   E1027.9   86
31   51.2  63.4   4:44pm  42.9   5:01am   14    0  0.00   1  12  12:49am   E1024.9   84
---------------------------------------------------------------------------------------
TOT  55.2  76.3  3/13/08  30.4   3/9/08  331   26  3.21   3  36   3/8/08   N1016.9   61

HEAT BASE: 65.0
COOL BASE: 65.0