NOAA-Style Climate Reports


Report for 2008 February
                  MONTHLY CLIMATOLOGICAL SUMMARY FOR 2/2008
                                        HEAT  COOL        
     MEAN                               DEG   DEG       WIND SPEED       DOM MEAN  MEAN
DAY  TEMP  HIGH   TIME     LOW   TIME   DAYS  DAYS RAIN AVG  HI  TIME    DIR BAROM HUM
---------------------------------------------------------------------------------------
1    42.6  51.6   3:29pm  37.0   2:50am   22    0  0.89   3  25   1:15am  NW1017.2   81
2    45.0  63.4   4:15pm  31.6   7:02am   20    0  0.00   0  10   5:11pm SSW1022.2   64
3    51.3  66.4  12:45pm  35.0   7:41am   14    0  0.00   0  10   7:30pm   N1021.3   63
4    56.2  70.4   4:35pm  48.2   7:36am    9    0  0.01   0   8   7:09pm   N1020.4   76
5    59.4  70.9   4:30pm  49.1   4:29am    7    1  0.00   1  17   4:43pm SSW1017.7   89
6    61.7  67.4   4:45pm  51.9  11:57pm    4    0  0.25   3  27   5:15pm SSW1008.4   83
7    48.6  60.7   3:05pm  37.2   7:44am   16    0  0.00   2  21   2:36am  NW1011.8   56
8    49.7  62.6   3:42pm  37.5   7:59am   15    0  0.00   2  20   3:06pm SSW1012.8   60
9    51.1  65.8   2:10pm  36.3   7:45am   14    0  0.00   2  28   4:18pm  NW1014.5   55
10   52.1  64.0   3:37pm  40.3   7:31am   13    0  0.00   4  32   4:53pm NNW1021.0   37
11   51.6  67.8   4:14pm  36.6   7:36am   14    0  0.00   2  14   1:38pm NNW1022.3   40
12   55.6  68.1   4:24pm  45.7   8:27am   10    0  0.00   1  17   3:48pm SSW1014.7   64
13   45.8  59.6  12:00am  28.8  11:47pm   19    0  0.16   5  25  12:37pm  NW1005.0   83
14   39.9  59.0   3:32pm  25.2   8:00am   24    0  0.00   1  17  12:00am SSW1021.3   57
15   48.4  63.7   3:54pm  32.4   5:25am   17    0  0.00   2  14  11:41am  SW1023.0   63
16   60.9  72.3   1:49pm  52.0   8:16am    6    2  0.00   1  10  11:03pm   N1018.9   62
17   59.4  71.3   2:42pm  50.4   6:16am    6    1  0.42   2  21   8:09pm SSW1010.9   80
18   54.2  61.2  12:00am  44.1  11:53pm   11    0  0.00   3  27  11:27am  NW1008.6   68
19   46.6  58.9   4:00pm  35.6   7:34am   18    0  0.00   3  31   4:39pm  NW1019.0   44
20   50.8  66.6   4:18pm  33.7   6:58am   14    0  0.00   2  27  11:33am  SW1019.4   44
21   44.1  49.8  12:00am  40.9  10:50pm   21    0  0.88   1  13   9:32am   E1020.1   81
22   41.4  45.1  11:33pm  37.9   6:32am   24    0  0.43   1  10  12:55am ENE1013.0   99
23   49.2  59.3   3:23pm  38.8  11:51pm   16    0  0.00   3  22  12:41pm  NW1012.4   84
24   47.0  60.7   4:11pm  33.8   6:00am   18    0  0.00   1   8   3:03am   N1016.9   77
25   55.0  68.9   4:15pm  41.3   7:53am   10    0  0.00   1  13   3:24pm SSW1012.6   67
26   53.0  62.6   1:33pm  40.3  11:57pm   12    0  0.51   4  33   3:24pm SSW1003.4   80
27   34.7  40.3  12:00am  28.7  11:58pm   30    0  0.00   7  29   3:06am   N1013.8   54
28   36.1  48.6   4:09pm  25.3   6:38am   29    0  0.00   1  18   2:43pm   N1024.2   52
29   48.5  60.5   3:16pm  36.2   7:37am   17    0  0.00   2  22   3:29pm SSW1026.7   49
---------------------------------------------------------------------------------------
TOT  49.7  72.3  2/16/08  25.2  2/14/08  449    5  3.55   2  33  2/26/08   N1016.3   66

HEAT BASE: 65.0
COOL BASE: 65.0