NOAA-Style Climate Reports


Report for 2008 January
                  MONTHLY CLIMATOLOGICAL SUMMARY FOR 1/2008
                                        HEAT  COOL        
     MEAN                               DEG   DEG       WIND SPEED       DOM MEAN  MEAN
DAY  TEMP  HIGH   TIME     LOW   TIME   DAYS  DAYS RAIN AVG  HI  TIME    DIR BAROM HUM
---------------------------------------------------------------------------------------
1    41.1  46.4   3:48pm  32.4  11:59pm   24    0  0.00   5  31   1:37pm  NW1019.7   59
2    28.2  33.8   3:39pm  22.9   8:09am   37    0  0.00   8  27   1:07am   N1029.7   45
3    29.3  43.3   3:46pm  18.6   7:38am   36    0  0.00   1  13  12:44am   N1038.9   51
4    33.0  47.9   4:05pm  20.3   8:07am   32    0  0.00   0  10   2:17pm SSW1037.2   56
5    40.5  55.0   3:21pm  28.2   1:59am   24    0  0.00   0  12   1:00pm SSW1029.3   62
6    51.3  68.8   3:48pm  36.8   7:49am   14    0  0.00   1  13  12:54pm SSW1025.1   75
7    55.3  71.5   4:10pm  41.1   7:56am   11    1  0.00   0  12   4:13pm SSW1025.1   83
8    58.9  71.3   4:25pm  49.2   5:21am    7    1  0.00   1  16  12:02pm SSW1021.3   90
9    61.7  66.3   2:17pm  59.2  12:30am    3    0  0.08   1  13   5:43am SSW1016.6   90
10   56.1  62.7  11:57pm  53.5  12:50pm    9    0  0.04   0  10  11:25pm   E1014.0   99
11   56.8  63.9  12:39am  44.6  11:56pm    8    0  0.43   2  16   1:44am SSW1008.4   74
12   48.6  62.7   3:20pm  36.3   7:53am   16    0  0.00   1  12  12:48am   N1013.1   70
13   48.3  56.7   3:03pm  40.5   6:43am   17    0  0.00   1  14   8:48pm   N1013.6   73
14   42.7  51.1   3:29pm  34.7   8:01am   22    0  0.00   3  20   3:07pm  NW1018.1   55
15   39.6  48.6   3:15pm  32.8   7:31am   25    0  0.00   2  20  11:54am   N1018.3   49
16   35.7  41.5   3:41pm  31.9   2:24am   29    0  0.29   1  14   9:05pm   E1022.9   60
17   36.3  39.3   4:47pm  33.1  12:00am   29    0  0.49   1  18   1:42am  NE1016.3   97
18   47.0  58.0   2:12pm  38.8  12:03am   18    0  0.00   2  16   3:00pm  SW1017.6   73
19   39.1  46.4  12:00am  33.7  11:59pm   26    0  0.37   2  16  11:50pm   N1017.0   81
20   28.6  35.5   3:46pm  20.6   8:12am   36    0  0.00   4  19   2:05pm  NW1029.1   52
21   32.0  43.6   3:53pm  21.9   7:22am   33    0  0.00   1  16   1:27pm   E1037.3   40
22   36.5  41.9   3:05pm  33.7   6:00am   29    0  0.13   0  10  12:00am   E1026.4   64
23   44.8  56.2   4:32pm  37.2  12:00am   19    0  0.01   1  13   1:47pm  NW1017.3   82
24   40.7  47.4   1:52pm  29.4  11:58pm   24    0  0.00   4  27   3:17pm   N1018.2   61
25   33.0  41.8   2:38pm  24.4   7:16am   31    0  0.00   0  11  12:00am   N1029.5   44
26   40.6  49.1   2:45pm  34.4   8:42am   24    0  0.00   2  19   8:40pm SSW1022.5   59
27   44.4  57.6   3:20pm  34.9   7:51am   21    0  0.00   4  24   4:11pm   N1019.1   63
28   45.9  61.0   2:49pm  29.5   7:26am   19    0  0.00   0  12   3:18pm SSW1019.9   52
29   51.8  64.5   4:12pm  38.5   7:35am   13    0  0.09   4  24  12:21pm SSW1011.2   66
30   44.9  57.5   1:38am  33.5   8:11am   20    0  0.05   4  33   4:21am   N1014.2   45
31   39.5  51.0   2:26pm  29.4   3:24am   26    0  0.45   2  17  11:45am   E1023.0   55
---------------------------------------------------------------------------------------
TOT  43.0  71.5   1/7/08  18.6   1/3/08  683    2  2.43   2  33  1/30/08   N1021.6   65

HEAT BASE: 65.0
COOL BASE: 65.0