NOAA-Style Climate Reports


Report for 2007 December
                  MONTHLY CLIMATOLOGICAL SUMMARY FOR 12/2007
                                        HEAT  COOL        
     MEAN                               DEG   DEG       WIND SPEED       DOM MEAN  MEAN
DAY  TEMP  HIGH   TIME     LOW   TIME   DAYS  DAYS RAIN AVG  HI  TIME    DIR BAROM HUM
---------------------------------------------------------------------------------------
1    49.9  66.8   2:13pm  36.3   7:23am   15    0  0.00   0   7  11:41am ESE1026.3   60
2    53.8  66.3  11:57pm  45.8   3:12am   11    0  0.00   0  20  11:37pm SSW1022.4   62
3    54.2  67.3  12:31am  38.9  11:57pm   11    0  0.19   6  24   8:35am   N1016.8   62
4    44.6  57.0   3:13pm  33.8   8:05am   20    0  0.00   2  21   2:01pm NNW1014.2   41
5    49.4  62.7   4:00pm  37.2   4:35am   16    0  0.00   2  26   9:36pm  SW1006.3   46
6    42.5  52.5   3:30pm  34.1   7:16am   22    0  0.00   1  16  12:00am   N1020.2   59
7    45.4  59.9   4:13pm  36.9   1:54am   20    0  0.00   0   7  12:31am ENE1025.0   68
8    56.9  72.5   3:07pm  47.0   8:00am    9    1  0.00   0  10   3:22pm SSW1024.3   79
9    62.5  76.8   2:29pm  51.7   7:28am    5    3  0.00   1  13   2:03pm SSW1024.8   84
10   64.6  79.0   2:44pm  53.1   7:27am    4    4  0.00   1  13  12:38pm  SW1024.0   80
11   63.3  77.9   3:13pm  52.0   7:47am    5    3  0.00   1  13   3:36pm SSW1023.3   81
12   66.1  77.6   1:38pm  55.4   1:56am    3    4  0.00   1  20  11:25am SSW1020.0   76
13   63.8  74.9   2:07pm  54.1   7:41am    4    3  0.00   2  27  11:57am  SW1017.1   83
14   59.2  71.3   3:04pm  49.4   7:52am    7    1  0.00   1  16  12:56pm NNW1018.6   63
15   47.5  54.4  11:52am  39.3  11:52pm   18    0  0.97   2  18   7:17pm  NE1014.5   83
16   39.4  43.1  11:56am  31.8  11:53pm   26    0  0.05   4  30  12:41pm  NW1010.9   76
17   37.3  49.8   2:44pm  28.8   7:44am   29    0  0.00   2  17   3:58pm  NW1023.7   54
18   37.6  50.5   4:20pm  25.8   7:39am   26    0  0.00   0  12  12:13pm SSW1026.6   61
19   42.3  48.2   4:26pm  34.1  12:00am   23    0  0.00   0   7   1:03pm   N1022.7   76
20   47.5  53.1  11:54am  42.1   5:22am   18    0  0.01   0   8   3:15pm  NE1017.7   86
21   46.7  48.5  12:28am  45.8   1:52pm   18    0  0.32   1  16   1:08pm  NE1015.9   94
22   48.0  53.5   3:25pm  44.6   5:33am   17    0  0.20   1  13   3:14am ENE1021.4   84
23   49.6  61.0   1:35pm  37.8  11:59pm   15    0  0.27   3  22   1:13pm  NW1016.7   84
24   44.0  56.3   2:20pm  33.8   7:34am   21    0  0.00   2  13  10:06am  NW1020.1   49
25   44.4  52.0   2:02pm  37.8   7:26am   21    0  0.65   1  13  10:00pm   N1019.9   62
26   44.7  56.7   3:49pm  38.9   7:54am   20    0  0.05   0  11  12:00am   N1015.7   89
27   48.7  54.7   2:36pm  43.1   2:07am   16    0  0.00   0   8   3:56pm SSW1016.9   89
28   55.1  62.9  11:58pm  50.5   4:30am   10    0  0.85   0  13   5:40pm ENE1017.4   97
29   60.3  65.3   3:45am  50.8  10:39pm    5    0  0.01   1  18   1:49am  SW1015.0   82
30   48.5  52.2   5:09am  43.5  11:59pm   17    0  1.25   0  18   8:50am   N1013.0   93
31   44.3  58.1   3:21pm  37.2   7:06am   21    0  0.01   1  10   4:19pm SSW1017.2   86
---------------------------------------------------------------------------------------
TOT  50.4  79.0 12/10/07  25.8 12/18/07  472   19  4.83   1  30 12/16/07   N1019.0   74

HEAT BASE: 65.0
COOL BASE: 65.0