NOAA-Style Climate Reports


Report for 2007 November
                  MONTHLY CLIMATOLOGICAL SUMMARY FOR 11/2007
                                        HEAT  COOL        
     MEAN                               DEG   DEG       WIND SPEED       DOM MEAN  MEAN
DAY  TEMP  HIGH   TIME     LOW   TIME   DAYS  DAYS RAIN AVG  HI  TIME    DIR BAROM HUM
---------------------------------------------------------------------------------------
1    63.1  77.6   3:18pm  53.5   6:50am    5    3  0.00   1  13  11:59am   N1016.7   73
2    60.3  71.6   3:23pm  51.4  11:58pm    6    1  0.00   1  17   8:37am  NE1016.9   60
3    56.2  72.0   3:31pm  41.8   7:22am   10    1  0.00   2  16   4:05pm NNW1016.0   56
4    55.8  68.1   2:29pm  42.5   7:18am   10    0  0.00   2  25   2:54pm NNW1016.0   53
5    58.6  74.7   2:27pm  41.1   6:40am    9    2  0.00   1  16   1:18pm  SW1016.3   52
6    55.5  61.2   2:00pm  41.2  11:59pm    9    0  0.00   6  22   9:48am   N1015.4   47
7    43.7  58.1   4:04pm  32.1   7:24am   21    0  0.00   0  11   1:26pm   N1022.0   52
8    43.3  57.8   2:06pm  30.7   7:03am   22    0  0.00   0  12   2:42pm SSW1020.7   61
9    50.2  66.4   2:25pm  32.7   7:01am   15    0  0.00   1  14   1:22pm  SW1016.6   61
10   54.6  64.7   1:58pm  44.2  10:44pm   10    0  0.00   2  16   9:09am   N1016.6   58
11   49.6  63.4   3:04pm  36.6   7:23am   15    0  0.00   0   8   9:14am  NE1024.3   59
12   51.6  68.1   3:57pm  36.5   6:40am   14    0  0.00   1  12   1:27pm   N1024.9   69
13   60.2  75.3   3:44pm  45.2   7:34am    7    3  0.00   1  17   1:21pm NNW1018.0   71
14   67.2  78.5   3:25pm  58.3   7:10am    2    4  0.00   2  17   2:54pm SSW1012.0   74
15   53.1  68.1  12:08am  39.2  11:51pm   12    0  0.50   7  32   4:06pm   N1011.8   61
16   42.9  55.4   3:27pm  32.7   6:22am   22    0  0.00   1  14  12:00am NNW1018.5   54
17   48.0  62.9   2:54pm  32.1   7:27am   17    0  0.00   1  17   1:43pm  SW1017.9   57
18   59.1  73.2   1:46pm  46.0   7:22am    7    1  0.00   1  13   4:41pm SSW1019.8   70
19   62.6  75.4   3:31pm  52.2   7:35am    5    2  0.00   1  12   1:45pm  SW1022.0   76
20   59.2  76.0   3:41pm  45.7   7:53am    8    3  0.00   1  17   1:24pm SSW1021.0   72
21   60.0  72.8   3:05pm  45.8   7:06am    7    2  0.00   2  17  11:47pm SSW1017.8   78
22   59.1  65.8  12:14am  43.1  11:55pm    6    0  0.84   4  21   2:18pm SSW1014.0   85
23   45.9  57.0   2:31pm  38.8   5:59am   19    0  0.00   1  12   9:32am   N1021.4   63
24   42.1  51.7   1:51pm  32.9   7:20am   23    0  0.00   1  13   9:41am  NE1027.2   55
25   45.8  49.1  12:56pm  44.3  11:48pm   19    0  0.09   1  13  12:03pm  NE1023.4   73
26   48.8  58.6   9:55pm  43.8   3:38am   16    0  0.50   1  17  11:45pm NNW1016.5  100
27   50.7  58.3  12:35pm  41.9  11:58pm   14    0  0.00   2  17  12:00am  NW1021.4   73
28   46.6  64.0   3:24pm  31.9   7:29am   18    0  0.00   0   8   2:29pm NNW1025.8   64
29   52.3  67.1   2:14pm  41.6   2:04am   13    0  0.00   1  12  12:25pm   N1021.4   61
30   48.8  61.8   4:03pm  38.5   7:19am   16    0  0.00   0   8   9:20am   N1023.7   67
---------------------------------------------------------------------------------------
TOT  53.2  78.5 11/14/07  30.7  11/8/07  379   24  1.93   2  32 11/15/07   N1019.2   65

HEAT BASE: 65.0
COOL BASE: 65.0