NOAA-Style Climate Reports


Report for 2007 October
                  MONTHLY CLIMATOLOGICAL SUMMARY FOR 10/2007
                                        HEAT  COOL        
     MEAN                               DEG   DEG       WIND SPEED       DOM MEAN  MEAN
DAY  TEMP  HIGH   TIME     LOW   TIME   DAYS  DAYS RAIN AVG  HI  TIME    DIR BAROM HUM
---------------------------------------------------------------------------------------
1    69.5  85.2   4:11pm  56.2   7:48am    3    7  0.00   1  14  12:25pm  NE1023.2   56
2    72.0  86.3   3:48pm  58.3   6:37am    1    8  0.00   2  17   3:15pm   E1018.6   62
3    74.6  78.6   3:36pm  71.5   8:58am    0   10  0.00   1  13   1:28pm ENE1014.9   75
4    74.9  84.0   4:05pm  70.4   5:36am    0   10  0.51   1   9   6:10pm ENE1015.8   88
5    75.6  86.3   3:56pm  70.8   8:56am    0   11  0.04   1  11   3:14pm ENE1018.4   86
6    75.8  85.7   4:20pm  70.4   6:19am    0   11  0.00   1  16   3:36pm ENE1017.8   79
7    75.3  88.8   3:53pm  65.8   7:29am    0   10  0.00   1  11   5:41pm   N1015.8   76
8    77.4  92.5   3:28pm  65.6   7:36am    0   12  0.00   0   7   5:06pm SSW1014.6   72
9    73.5  89.3   2:51pm  65.5   7:34am    0    9  0.51   1  18   5:02pm NNW1012.4   84
10   72.5  84.0   4:40pm  64.0   8:06am    0    8  0.00   2  20   5:19pm NNW1007.9   66
11   62.1  71.3   4:00pm  53.2   8:01am    4    1  0.00   2  18   5:01pm NNW1007.2   51
12   59.3  76.7   5:03pm  45.1   6:46am    8    2  0.00   0  11  12:48pm   N1011.3   62
13   60.7  77.6   3:15pm  46.2   7:49am    7    3  0.00   1   7   3:20pm   N1014.3   66
14   64.5  84.1   4:48pm  49.4   7:44am    6    5  0.00   0   6  11:29am   N1016.6   66
15   68.2  84.7   3:26pm  53.2   7:58am    4    7  0.00   1  12   1:38pm ESE1017.4   67
16   68.6  77.7   4:41pm  60.2   7:23am    1    5  0.00   0   6   1:46pm ENE1016.3   82
17   70.6  83.6   4:57pm  62.6   7:07am    0    6  0.00   0  10   2:51pm   E1015.0   79
18   71.4  78.6   3:51pm  65.2   6:25am    0    6  0.00   1  10  11:18pm SSW1009.7   88
19   70.4  74.7   4:42pm  63.2  11:51pm    0    5  0.77   3  24   7:15am SSW1005.5   91
20   64.0  78.1   4:36pm  53.3   8:23am    4    3  0.00   1  12  11:16am   N1012.7   64
21   63.7  83.6   3:59pm  47.0   7:44am    7    5  0.00   0  10   1:13pm ESE1019.5   66
22   65.8  70.6   4:05pm  60.9  12:00am    1    2  0.17   0   7   4:54am ENE1018.2   95
23   73.2  83.0   4:18pm  60.7  11:21pm    0    8  0.24   2  20   7:58pm SSW1009.3   87
24   59.7  62.0   1:34pm  56.9  10:02pm    5    0  0.22   0   8   4:40pm ESE1007.7   97
25   58.2  70.4   4:43pm  48.0   7:58am    7    1  0.01   0  14   1:40pm SSW1012.0   81
26   62.8  73.9   2:56pm  53.8  12:27am    4    2  0.00   0  11   8:54am   E1017.1   86
27   60.7  73.0   4:58pm  50.4   8:11am    6    2  0.00   2  11   8:26am   N1019.8   72
28   58.3  72.0   2:19pm  46.0   7:43am    8    1  0.00   1  11   9:45am   N1025.1   73
29   54.0  64.7   2:43pm  46.4   7:06am   11    0  0.00   1  17  10:49am ENE1029.2   58
30   52.4  70.6   2:58pm  37.0   5:40am   13    1  0.00   1  11  10:13am   E1027.5   67
31   58.6  76.5   3:23pm  43.6   7:07am    9    2  0.00   1  11  10:05am   E1022.6   69
---------------------------------------------------------------------------------------
TOT  66.7  92.5  10/8/07  37.0 10/30/07  110  163  2.47   1  24 10/19/07   N1015.9   75

HEAT BASE: 65.0
COOL BASE: 65.0